{"id":19538,"date":"2026-02-10T09:28:38","date_gmt":"2026-02-10T09:28:38","guid":{"rendered":"https:\/\/meber2026.graphoservice.it\/product\/16150-002\/"},"modified":"2026-02-10T09:28:38","modified_gmt":"2026-02-10T09:28:38","slug":"16150-002","status":"publish","type":"product","link":"https:\/\/meber2026.graphoservice.it\/fr\/product\/16150-002\/","title":{"rendered":"16150-002"},"content":{"rendered":"<div style=\"\"><span style=\"font-size: small;\">De seulement 9 cm d\u2019\u00e9paisseur, le sac de rangement abrite Ergon et ses accessoires. Il est con\u00e7u \u00e0 la fois pour \u00eatre utilis\u00e9 dans les d\u00e9p\u00f4ts ou pour \u00eatre utilis\u00e9 \u00e0 bord des v\u00e9hicules de secours. Une fois ouvert, le sac devient un isolant du sol et une surface de travail lavable utile pour la pr\u00e9paration de m\u00e9dicaments, ou pour op\u00e9rer en toute s\u00e9curit\u00e9 avec des appareils \u00e9lectro-m\u00e9dicaux. <strong>cm 122x47x8<\/strong><\/span><\/div>\n","protected":false},"excerpt":{"rendered":"<p>De seulement 9 cm d\u2019\u00e9paisseur, le sac de rangement abrite Ergon et ses accessoires. Il est con\u00e7u \u00e0 la fois pour \u00eatre utilis\u00e9 dans les d\u00e9p\u00f4ts ou pour \u00eatre utilis\u00e9 \u00e0 bord des v\u00e9hicules de secours. Une fois ouvert, le sac devient un isolant du sol et une surface de travail lavable utile pour la [&hellip;]<\/p>\n","protected":false},"author":1,"featured_media":16399,"parent":0,"menu_order":40005400,"template":"","meta":{"_acf_changed":false,"footnotes":""},"application-tag":[92],"class_list":["post-19538","product","type-product","status-publish","has-post-thumbnail","hentry","application-tag-accessoires"],"acf":[],"dsm_author":{"name":"admeb26","avatar_url":"https:\/\/meber2026.graphoservice.it\/wp-content\/plugins\/ultimate-member\/assets\/img\/default_avatar.jpg","archive_link":"https:\/\/meber2026.graphoservice.it\/fr\/author\/admeb26\/","biodata":""},"dsm_categories":[],"dsm_attachment_categories":[],"dsm_featured_image":{"thumbnail":"https:\/\/meber2026.graphoservice.it\/wp-content\/uploads\/2026\/02\/16150-002_sacca-piccola_angolo-150x150.jpg","medium":"https:\/\/meber2026.graphoservice.it\/wp-content\/uploads\/2026\/02\/16150-002_sacca-piccola_angolo-300x227.jpg","medium_large":"https:\/\/meber2026.graphoservice.it\/wp-content\/uploads\/2026\/02\/16150-002_sacca-piccola_angolo-768x581.jpg","large":"https:\/\/meber2026.graphoservice.it\/wp-content\/uploads\/2026\/02\/16150-002_sacca-piccola_angolo.jpg","1536x1536":"https:\/\/meber2026.graphoservice.it\/wp-content\/uploads\/2026\/02\/16150-002_sacca-piccola_angolo.jpg","2048x2048":"https:\/\/meber2026.graphoservice.it\/wp-content\/uploads\/2026\/02\/16150-002_sacca-piccola_angolo.jpg","et-pb-post-main-image":"https:\/\/meber2026.graphoservice.it\/wp-content\/uploads\/2026\/02\/16150-002_sacca-piccola_angolo-400x250.jpg","et-pb-post-main-image-fullwidth":"https:\/\/meber2026.graphoservice.it\/wp-content\/uploads\/2026\/02\/16150-002_sacca-piccola_angolo.jpg","et-pb-portfolio-image":"https:\/\/meber2026.graphoservice.it\/wp-content\/uploads\/2026\/02\/16150-002_sacca-piccola_angolo-400x284.jpg","et-pb-portfolio-module-image":"https:\/\/meber2026.graphoservice.it\/wp-content\/uploads\/2026\/02\/16150-002_sacca-piccola_angolo-510x382.jpg","et-pb-portfolio-image-single":"https:\/\/meber2026.graphoservice.it\/wp-content\/uploads\/2026\/02\/16150-002_sacca-piccola_angolo.jpg","et-pb-gallery-module-image-portrait":"https:\/\/meber2026.graphoservice.it\/wp-content\/uploads\/2026\/02\/16150-002_sacca-piccola_angolo-400x516.jpg","et-pb-post-main-image-fullwidth-large":"https:\/\/meber2026.graphoservice.it\/wp-content\/uploads\/2026\/02\/16150-002_sacca-piccola_angolo.jpg","et-pb-image--responsive--desktop":"https:\/\/meber2026.graphoservice.it\/wp-content\/uploads\/2026\/02\/16150-002_sacca-piccola_angolo.jpg","et-pb-image--responsive--tablet":"https:\/\/meber2026.graphoservice.it\/wp-content\/uploads\/2026\/02\/16150-002_sacca-piccola_angolo.jpg","et-pb-image--responsive--phone":"https:\/\/meber2026.graphoservice.it\/wp-content\/uploads\/2026\/02\/16150-002_sacca-piccola_angolo-480x363.jpg","full":"https:\/\/meber2026.graphoservice.it\/wp-content\/uploads\/2026\/02\/16150-002_sacca-piccola_angolo.jpg"},"yoast_head":"<!-- This site is optimized with the Yoast SEO plugin v27.4 - https:\/\/yoast.com\/product\/yoast-seo-wordpress\/ -->\n<title>16150-002<\/title>\n<meta name=\"description\" content=\"Ce sac est con\u00e7u pour le rangement du brancard Ergon et de ses accessoires. Il est utilis\u00e9 dans les entrep\u00f4ts ou \u00e0 bord des v\u00e9hicules d\u2019urgence.\" \/>\n<meta name=\"robots\" content=\"noindex, follow, max-snippet:-1, max-image-preview:large, max-video-preview:-1\" \/>\n<meta property=\"og:locale\" content=\"fr_FR\" \/>\n<meta property=\"og:type\" content=\"article\" \/>\n<meta property=\"og:title\" content=\"16150-002\" \/>\n<meta property=\"og:description\" content=\"Ce sac est con\u00e7u pour le rangement du brancard Ergon et de ses accessoires. Il est utilis\u00e9 dans les entrep\u00f4ts ou \u00e0 bord des v\u00e9hicules d\u2019urgence.\" \/>\n<meta property=\"og:url\" content=\"https:\/\/meber2026.graphoservice.it\/fr\/product\/16150-002\/\" \/>\n<meta property=\"og:site_name\" content=\"Me.Ber.\" \/>\n<meta name=\"twitter:card\" content=\"summary_large_image\" \/>\n<script type=\"application\/ld+json\" class=\"yoast-schema-graph\">{\"@context\":\"https:\\\/\\\/schema.org\",\"@graph\":[{\"@type\":\"WebPage\",\"@id\":\"https:\\\/\\\/meber2026.graphoservice.it\\\/fr\\\/product\\\/16150-002\\\/\",\"url\":\"https:\\\/\\\/meber2026.graphoservice.it\\\/fr\\\/product\\\/16150-002\\\/\",\"name\":\"16150-002\",\"isPartOf\":{\"@id\":\"https:\\\/\\\/meber2026.graphoservice.it\\\/fr\\\/#website\"},\"primaryImageOfPage\":{\"@id\":\"https:\\\/\\\/meber2026.graphoservice.it\\\/fr\\\/product\\\/16150-002\\\/#primaryimage\"},\"image\":{\"@id\":\"https:\\\/\\\/meber2026.graphoservice.it\\\/fr\\\/product\\\/16150-002\\\/#primaryimage\"},\"thumbnailUrl\":\"https:\\\/\\\/meber2026.graphoservice.it\\\/wp-content\\\/uploads\\\/2026\\\/02\\\/16150-002_sacca-piccola_angolo.jpg\",\"datePublished\":\"2026-02-10T09:28:38+00:00\",\"description\":\"Ce sac est con\u00e7u pour le rangement du brancard Ergon et de ses accessoires. Il est utilis\u00e9 dans les entrep\u00f4ts ou \u00e0 bord des v\u00e9hicules d\u2019urgence.\",\"breadcrumb\":{\"@id\":\"https:\\\/\\\/meber2026.graphoservice.it\\\/fr\\\/product\\\/16150-002\\\/#breadcrumb\"},\"inLanguage\":\"fr-FR\",\"potentialAction\":[{\"@type\":\"ReadAction\",\"target\":[\"https:\\\/\\\/meber2026.graphoservice.it\\\/fr\\\/product\\\/16150-002\\\/\"]}]},{\"@type\":\"ImageObject\",\"inLanguage\":\"fr-FR\",\"@id\":\"https:\\\/\\\/meber2026.graphoservice.it\\\/fr\\\/product\\\/16150-002\\\/#primaryimage\",\"url\":\"https:\\\/\\\/meber2026.graphoservice.it\\\/wp-content\\\/uploads\\\/2026\\\/02\\\/16150-002_sacca-piccola_angolo.jpg\",\"contentUrl\":\"https:\\\/\\\/meber2026.graphoservice.it\\\/wp-content\\\/uploads\\\/2026\\\/02\\\/16150-002_sacca-piccola_angolo.jpg\",\"width\":780,\"height\":590},{\"@type\":\"BreadcrumbList\",\"@id\":\"https:\\\/\\\/meber2026.graphoservice.it\\\/fr\\\/product\\\/16150-002\\\/#breadcrumb\",\"itemListElement\":[{\"@type\":\"ListItem\",\"position\":1,\"name\":\"Home\",\"item\":\"https:\\\/\\\/meber2026.graphoservice.it\\\/fr\\\/\"},{\"@type\":\"ListItem\",\"position\":2,\"name\":\"16150-002\"}]},{\"@type\":\"WebSite\",\"@id\":\"https:\\\/\\\/meber2026.graphoservice.it\\\/fr\\\/#website\",\"url\":\"https:\\\/\\\/meber2026.graphoservice.it\\\/fr\\\/\",\"name\":\"Me.Ber.\",\"description\":\"In Case of Emergerncy\",\"potentialAction\":[{\"@type\":\"SearchAction\",\"target\":{\"@type\":\"EntryPoint\",\"urlTemplate\":\"https:\\\/\\\/meber2026.graphoservice.it\\\/fr\\\/?s={search_term_string}\"},\"query-input\":{\"@type\":\"PropertyValueSpecification\",\"valueRequired\":true,\"valueName\":\"search_term_string\"}}],\"inLanguage\":\"fr-FR\"}]}<\/script>\n<!-- \/ Yoast SEO plugin. -->","yoast_head_json":{"title":"16150-002","description":"Ce sac est con\u00e7u pour le rangement du brancard Ergon et de ses accessoires. Il est utilis\u00e9 dans les entrep\u00f4ts ou \u00e0 bord des v\u00e9hicules d\u2019urgence.","robots":{"index":"noindex","follow":"follow","max-snippet":"max-snippet:-1","max-image-preview":"max-image-preview:large","max-video-preview":"max-video-preview:-1"},"og_locale":"fr_FR","og_type":"article","og_title":"16150-002","og_description":"Ce sac est con\u00e7u pour le rangement du brancard Ergon et de ses accessoires. Il est utilis\u00e9 dans les entrep\u00f4ts ou \u00e0 bord des v\u00e9hicules d\u2019urgence.","og_url":"https:\/\/meber2026.graphoservice.it\/fr\/product\/16150-002\/","og_site_name":"Me.Ber.","twitter_card":"summary_large_image","schema":{"@context":"https:\/\/schema.org","@graph":[{"@type":"WebPage","@id":"https:\/\/meber2026.graphoservice.it\/fr\/product\/16150-002\/","url":"https:\/\/meber2026.graphoservice.it\/fr\/product\/16150-002\/","name":"16150-002","isPartOf":{"@id":"https:\/\/meber2026.graphoservice.it\/fr\/#website"},"primaryImageOfPage":{"@id":"https:\/\/meber2026.graphoservice.it\/fr\/product\/16150-002\/#primaryimage"},"image":{"@id":"https:\/\/meber2026.graphoservice.it\/fr\/product\/16150-002\/#primaryimage"},"thumbnailUrl":"https:\/\/meber2026.graphoservice.it\/wp-content\/uploads\/2026\/02\/16150-002_sacca-piccola_angolo.jpg","datePublished":"2026-02-10T09:28:38+00:00","description":"Ce sac est con\u00e7u pour le rangement du brancard Ergon et de ses accessoires. Il est utilis\u00e9 dans les entrep\u00f4ts ou \u00e0 bord des v\u00e9hicules d\u2019urgence.","breadcrumb":{"@id":"https:\/\/meber2026.graphoservice.it\/fr\/product\/16150-002\/#breadcrumb"},"inLanguage":"fr-FR","potentialAction":[{"@type":"ReadAction","target":["https:\/\/meber2026.graphoservice.it\/fr\/product\/16150-002\/"]}]},{"@type":"ImageObject","inLanguage":"fr-FR","@id":"https:\/\/meber2026.graphoservice.it\/fr\/product\/16150-002\/#primaryimage","url":"https:\/\/meber2026.graphoservice.it\/wp-content\/uploads\/2026\/02\/16150-002_sacca-piccola_angolo.jpg","contentUrl":"https:\/\/meber2026.graphoservice.it\/wp-content\/uploads\/2026\/02\/16150-002_sacca-piccola_angolo.jpg","width":780,"height":590},{"@type":"BreadcrumbList","@id":"https:\/\/meber2026.graphoservice.it\/fr\/product\/16150-002\/#breadcrumb","itemListElement":[{"@type":"ListItem","position":1,"name":"Home","item":"https:\/\/meber2026.graphoservice.it\/fr\/"},{"@type":"ListItem","position":2,"name":"16150-002"}]},{"@type":"WebSite","@id":"https:\/\/meber2026.graphoservice.it\/fr\/#website","url":"https:\/\/meber2026.graphoservice.it\/fr\/","name":"Me.Ber.","description":"In Case of Emergerncy","potentialAction":[{"@type":"SearchAction","target":{"@type":"EntryPoint","urlTemplate":"https:\/\/meber2026.graphoservice.it\/fr\/?s={search_term_string}"},"query-input":{"@type":"PropertyValueSpecification","valueRequired":true,"valueName":"search_term_string"}}],"inLanguage":"fr-FR"}]}},"_links":{"self":[{"href":"https:\/\/meber2026.graphoservice.it\/fr\/wp-json\/wp\/v2\/product\/19538","targetHints":{"allow":["GET"]}}],"collection":[{"href":"https:\/\/meber2026.graphoservice.it\/fr\/wp-json\/wp\/v2\/product"}],"about":[{"href":"https:\/\/meber2026.graphoservice.it\/fr\/wp-json\/wp\/v2\/types\/product"}],"author":[{"embeddable":true,"href":"https:\/\/meber2026.graphoservice.it\/fr\/wp-json\/wp\/v2\/users\/1"}],"version-history":[{"count":0,"href":"https:\/\/meber2026.graphoservice.it\/fr\/wp-json\/wp\/v2\/product\/19538\/revisions"}],"wp:featuredmedia":[{"embeddable":true,"href":"https:\/\/meber2026.graphoservice.it\/fr\/wp-json\/wp\/v2\/media\/16399"}],"wp:attachment":[{"href":"https:\/\/meber2026.graphoservice.it\/fr\/wp-json\/wp\/v2\/media?parent=19538"}],"wp:term":[{"taxonomy":"application-tag","embeddable":true,"href":"https:\/\/meber2026.graphoservice.it\/fr\/wp-json\/wp\/v2\/application-tag?post=19538"}],"curies":[{"name":"wp","href":"https:\/\/api.w.org\/{rel}","templated":true}]}}

<div style=""><span style="font-size: small;">De seulement 9 cm d’épaisseur, le sac de rangement abrite Ergon et ses accessoires. Il est conçu à la fois pour être utilisé dans les dépôts ou pour être utilisé à bord des véhicules de secours. Une fois ouvert, le sac devient un isolant du sol et une surface de travail lavable utile pour la préparation de médicaments, ou pour opérer en toute sécurité avec des appareils électro-médicaux. <strong>cm 122x47x8</strong></span></div>

<p>De seulement 9 cm d’épaisseur, le sac de rangement abrite Ergon et ses accessoires. Il est conçu à la fois pour être utilisé dans les dépôts ou pour être utilisé à bord des véhicules de secours. Une fois ouvert, le sac devient un isolant du sol et une surface de travail lavable utile pour la [&hellip;]</p>

<!-- This site is optimized with the Yoast SEO plugin v27.4 - https://yoast.com/product/yoast-seo-wordpress/ -->
<title>16150-002</title>
<meta name="description" content="Ce sac est conçu pour le rangement du brancard Ergon et de ses accessoires. Il est utilisé dans les entrepôts ou à bord des véhicules d’urgence." />
<meta name="robots" content="noindex, follow, max-snippet:-1, max-image-preview:large, max-video-preview:-1" />
<meta property="og:locale" content="fr_FR" />
<meta property="og:type" content="article" />
<meta property="og:title" content="16150-002" />
<meta property="og:description" content="Ce sac est conçu pour le rangement du brancard Ergon et de ses accessoires. Il est utilisé dans les entrepôts ou à bord des véhicules d’urgence." />
<meta property="og:url" content="https://meber2026.graphoservice.it/fr/product/16150-002/" />
<meta property="og:site_name" content="Me.Ber." />
<meta name="twitter:card" content="summary_large_image" />
<script type="application/ld+json" class="yoast-schema-graph">{"@context":"https:\/\/schema.org","@graph":[{"@type":"WebPage","@id":"https:\/\/meber2026.graphoservice.it\/fr\/product\/16150-002\/","url":"https:\/\/meber2026.graphoservice.it\/fr\/product\/16150-002\/","name":"16150-002","isPartOf":{"@id":"https:\/\/meber2026.graphoservice.it\/fr\/#website"},"primaryImageOfPage":{"@id":"https:\/\/meber2026.graphoservice.it\/fr\/product\/16150-002\/#primaryimage"},"image":{"@id":"https:\/\/meber2026.graphoservice.it\/fr\/product\/16150-002\/#primaryimage"},"thumbnailUrl":"https:\/\/meber2026.graphoservice.it\/wp-content\/uploads\/2026\/02\/16150-002_sacca-piccola_angolo.jpg","datePublished":"2026-02-10T09:28:38+00:00","description":"Ce sac est conçu pour le rangement du brancard Ergon et de ses accessoires. Il est utilisé dans les entrepôts ou à bord des véhicules d’urgence.","breadcrumb":{"@id":"https:\/\/meber2026.graphoservice.it\/fr\/product\/16150-002\/#breadcrumb"},"inLanguage":"fr-FR","potentialAction":[{"@type":"ReadAction","target":["https:\/\/meber2026.graphoservice.it\/fr\/product\/16150-002\/"]}]},{"@type":"ImageObject","inLanguage":"fr-FR","@id":"https:\/\/meber2026.graphoservice.it\/fr\/product\/16150-002\/#primaryimage","url":"https:\/\/meber2026.graphoservice.it\/wp-content\/uploads\/2026\/02\/16150-002_sacca-piccola_angolo.jpg","contentUrl":"https:\/\/meber2026.graphoservice.it\/wp-content\/uploads\/2026\/02\/16150-002_sacca-piccola_angolo.jpg","width":780,"height":590},{"@type":"BreadcrumbList","@id":"https:\/\/meber2026.graphoservice.it\/fr\/product\/16150-002\/#breadcrumb","itemListElement":[{"@type":"ListItem","position":1,"name":"Home","item":"https:\/\/meber2026.graphoservice.it\/fr\/"},{"@type":"ListItem","position":2,"name":"16150-002"}]},{"@type":"WebSite","@id":"https:\/\/meber2026.graphoservice.it\/fr\/#website","url":"https:\/\/meber2026.graphoservice.it\/fr\/","name":"Me.Ber.","description":"In Case of Emergerncy","potentialAction":[{"@type":"SearchAction","target":{"@type":"EntryPoint","urlTemplate":"https:\/\/meber2026.graphoservice.it\/fr\/?s={search_term_string}"},"query-input":{"@type":"PropertyValueSpecification","valueRequired":true,"valueName":"search_term_string"}}],"inLanguage":"fr-FR"}]}</script>
<!-- / Yoast SEO plugin. -->

Ce sac est conçu pour le rangement du brancard Ergon et de ses accessoires. Il est utilisé dans les entrepôts ou à bord des véhicules d’urgence.
