{"id":19223,"date":"2026-02-10T09:28:03","date_gmt":"2026-02-10T09:28:03","guid":{"rendered":"https:\/\/meber2026.graphoservice.it\/product\/1322-2\/"},"modified":"2026-04-28T16:16:35","modified_gmt":"2026-04-28T16:16:35","slug":"1322-2","status":"publish","type":"product","link":"https:\/\/meber2026.graphoservice.it\/fr\/product\/1322-2\/","title":{"rendered":"1322"},"content":{"rendered":"<p>Atene est le sac \u00e0 dos qui r\u00e9pond aux besoins du secouriste : compact, fonctionnel et l\u00e9ger. Le compartiment central a des attaches Velcro internes pour fixer six sacs de couleur standard. Muni d\u2019une poche frontale et de deux petites poches lat\u00e9rales \u00e0 double zip.\u00a0<br \/> Le sac \u00e0 dos est compl\u00e9t\u00e9 par trois bandes r\u00e9fl\u00e9chissantes haute visibilit\u00e9 (1 frontale et 2 lat\u00e9rales), et des bandes \u00e9lastiques frontales et lat\u00e9rales pour accueillir diff\u00e9rents types de mat\u00e9riel m\u00e9dical.<\/p>\n<p> <strong>Dimensions: 40x50x24 cm (LxHxP)<\/strong><\/p>\n","protected":false},"excerpt":{"rendered":"<p>Atene est le sac \u00e0 dos qui r\u00e9pond aux besoins du secouriste : compact, fonctionnel et l\u00e9ger. Le compartiment central a des attaches Velcro internes pour fixer six sacs de couleur standard. Muni d\u2019une poche frontale et de deux petites poches lat\u00e9rales \u00e0 double zip.\u00a0 Le sac \u00e0 dos est compl\u00e9t\u00e9 par trois bandes r\u00e9fl\u00e9chissantes [&hellip;]<\/p>\n","protected":false},"author":1,"featured_media":15941,"parent":0,"menu_order":80000600,"template":"","meta":{"_acf_changed":false,"footnotes":""},"application-tag":[95],"class_list":["post-19223","product","type-product","status-publish","has-post-thumbnail","hentry","application-tag-materiel-de-premiers-secours"],"acf":[],"dsm_author":{"name":"admeb26","avatar_url":"https:\/\/meber2026.graphoservice.it\/wp-content\/plugins\/ultimate-member\/assets\/img\/default_avatar.jpg","archive_link":"https:\/\/meber2026.graphoservice.it\/fr\/author\/admeb26\/","biodata":""},"dsm_categories":[],"dsm_attachment_categories":[],"dsm_featured_image":{"thumbnail":"https:\/\/meber2026.graphoservice.it\/wp-content\/uploads\/2026\/02\/Atene_zaino_di_soccorso-150x150.jpg","medium":"https:\/\/meber2026.graphoservice.it\/wp-content\/uploads\/2026\/02\/Atene_zaino_di_soccorso-257x300.jpg","medium_large":"https:\/\/meber2026.graphoservice.it\/wp-content\/uploads\/2026\/02\/Atene_zaino_di_soccorso.jpg","large":"https:\/\/meber2026.graphoservice.it\/wp-content\/uploads\/2026\/02\/Atene_zaino_di_soccorso.jpg","1536x1536":"https:\/\/meber2026.graphoservice.it\/wp-content\/uploads\/2026\/02\/Atene_zaino_di_soccorso.jpg","2048x2048":"https:\/\/meber2026.graphoservice.it\/wp-content\/uploads\/2026\/02\/Atene_zaino_di_soccorso.jpg","et-pb-post-main-image":"https:\/\/meber2026.graphoservice.it\/wp-content\/uploads\/2026\/02\/Atene_zaino_di_soccorso-400x250.jpg","et-pb-post-main-image-fullwidth":"https:\/\/meber2026.graphoservice.it\/wp-content\/uploads\/2026\/02\/Atene_zaino_di_soccorso-669x675.jpg","et-pb-portfolio-image":"https:\/\/meber2026.graphoservice.it\/wp-content\/uploads\/2026\/02\/Atene_zaino_di_soccorso-400x284.jpg","et-pb-portfolio-module-image":"https:\/\/meber2026.graphoservice.it\/wp-content\/uploads\/2026\/02\/Atene_zaino_di_soccorso-510x382.jpg","et-pb-portfolio-image-single":"https:\/\/meber2026.graphoservice.it\/wp-content\/uploads\/2026\/02\/Atene_zaino_di_soccorso.jpg","et-pb-gallery-module-image-portrait":"https:\/\/meber2026.graphoservice.it\/wp-content\/uploads\/2026\/02\/Atene_zaino_di_soccorso-400x516.jpg","et-pb-post-main-image-fullwidth-large":"https:\/\/meber2026.graphoservice.it\/wp-content\/uploads\/2026\/02\/Atene_zaino_di_soccorso.jpg","et-pb-image--responsive--desktop":"https:\/\/meber2026.graphoservice.it\/wp-content\/uploads\/2026\/02\/Atene_zaino_di_soccorso.jpg","et-pb-image--responsive--tablet":"https:\/\/meber2026.graphoservice.it\/wp-content\/uploads\/2026\/02\/Atene_zaino_di_soccorso.jpg","et-pb-image--responsive--phone":"https:\/\/meber2026.graphoservice.it\/wp-content\/uploads\/2026\/02\/Atene_zaino_di_soccorso-480x560.jpg","full":"https:\/\/meber2026.graphoservice.it\/wp-content\/uploads\/2026\/02\/Atene_zaino_di_soccorso.jpg"},"yoast_head":"<!-- This site is optimized with the Yoast SEO plugin v27.4 - https:\/\/yoast.com\/product\/yoast-seo-wordpress\/ -->\n<title>1322<\/title>\n<meta name=\"robots\" content=\"noindex, follow, max-snippet:-1, max-image-preview:large, max-video-preview:-1\" \/>\n<meta property=\"og:locale\" content=\"fr_FR\" \/>\n<meta property=\"og:type\" content=\"article\" \/>\n<meta property=\"og:title\" content=\"1322\" \/>\n<meta property=\"og:description\" content=\"Atene est le sac \u00e0 dos qui r\u00e9pond aux besoins du secouriste : compact, fonctionnel et l\u00e9ger. Le compartiment central a des attaches Velcro internes pour fixer six sacs de couleur standard. Muni d\u2019une poche frontale et de deux petites poches lat\u00e9rales \u00e0 double zip.\u00a0 Le sac \u00e0 dos est compl\u00e9t\u00e9 par trois bandes r\u00e9fl\u00e9chissantes [&hellip;]\" \/>\n<meta property=\"og:url\" content=\"https:\/\/meber2026.graphoservice.it\/fr\/product\/1322-2\/\" \/>\n<meta property=\"og:site_name\" content=\"Me.Ber.\" \/>\n<meta property=\"article:modified_time\" content=\"2026-04-28T16:16:35+00:00\" \/>\n<meta property=\"og:image\" content=\"https:\/\/meber2026.graphoservice.it\/wp-content\/uploads\/2026\/02\/Atene_zaino_di_soccorso.jpg\" \/>\n\t<meta property=\"og:image:width\" content=\"669\" \/>\n\t<meta property=\"og:image:height\" content=\"780\" \/>\n\t<meta property=\"og:image:type\" content=\"image\/jpeg\" \/>\n<meta name=\"twitter:card\" content=\"summary_large_image\" \/>\n<script type=\"application\/ld+json\" class=\"yoast-schema-graph\">{\"@context\":\"https:\\\/\\\/schema.org\",\"@graph\":[{\"@type\":\"WebPage\",\"@id\":\"https:\\\/\\\/meber2026.graphoservice.it\\\/fr\\\/product\\\/1322-2\\\/\",\"url\":\"https:\\\/\\\/meber2026.graphoservice.it\\\/fr\\\/product\\\/1322-2\\\/\",\"name\":\"1322\",\"isPartOf\":{\"@id\":\"https:\\\/\\\/meber2026.graphoservice.it\\\/fr\\\/#website\"},\"primaryImageOfPage\":{\"@id\":\"https:\\\/\\\/meber2026.graphoservice.it\\\/fr\\\/product\\\/1322-2\\\/#primaryimage\"},\"image\":{\"@id\":\"https:\\\/\\\/meber2026.graphoservice.it\\\/fr\\\/product\\\/1322-2\\\/#primaryimage\"},\"thumbnailUrl\":\"https:\\\/\\\/meber2026.graphoservice.it\\\/wp-content\\\/uploads\\\/2026\\\/02\\\/Atene_zaino_di_soccorso.jpg\",\"datePublished\":\"2026-02-10T09:28:03+00:00\",\"dateModified\":\"2026-04-28T16:16:35+00:00\",\"breadcrumb\":{\"@id\":\"https:\\\/\\\/meber2026.graphoservice.it\\\/fr\\\/product\\\/1322-2\\\/#breadcrumb\"},\"inLanguage\":\"fr-FR\",\"potentialAction\":[{\"@type\":\"ReadAction\",\"target\":[\"https:\\\/\\\/meber2026.graphoservice.it\\\/fr\\\/product\\\/1322-2\\\/\"]}]},{\"@type\":\"ImageObject\",\"inLanguage\":\"fr-FR\",\"@id\":\"https:\\\/\\\/meber2026.graphoservice.it\\\/fr\\\/product\\\/1322-2\\\/#primaryimage\",\"url\":\"https:\\\/\\\/meber2026.graphoservice.it\\\/wp-content\\\/uploads\\\/2026\\\/02\\\/Atene_zaino_di_soccorso.jpg\",\"contentUrl\":\"https:\\\/\\\/meber2026.graphoservice.it\\\/wp-content\\\/uploads\\\/2026\\\/02\\\/Atene_zaino_di_soccorso.jpg\",\"width\":669,\"height\":780},{\"@type\":\"BreadcrumbList\",\"@id\":\"https:\\\/\\\/meber2026.graphoservice.it\\\/fr\\\/product\\\/1322-2\\\/#breadcrumb\",\"itemListElement\":[{\"@type\":\"ListItem\",\"position\":1,\"name\":\"Home\",\"item\":\"https:\\\/\\\/meber2026.graphoservice.it\\\/fr\\\/\"},{\"@type\":\"ListItem\",\"position\":2,\"name\":\"1322\"}]},{\"@type\":\"WebSite\",\"@id\":\"https:\\\/\\\/meber2026.graphoservice.it\\\/fr\\\/#website\",\"url\":\"https:\\\/\\\/meber2026.graphoservice.it\\\/fr\\\/\",\"name\":\"Me.Ber.\",\"description\":\"In Case of Emergerncy\",\"potentialAction\":[{\"@type\":\"SearchAction\",\"target\":{\"@type\":\"EntryPoint\",\"urlTemplate\":\"https:\\\/\\\/meber2026.graphoservice.it\\\/fr\\\/?s={search_term_string}\"},\"query-input\":{\"@type\":\"PropertyValueSpecification\",\"valueRequired\":true,\"valueName\":\"search_term_string\"}}],\"inLanguage\":\"fr-FR\"}]}<\/script>\n<!-- \/ Yoast SEO plugin. -->","yoast_head_json":{"title":"1322","robots":{"index":"noindex","follow":"follow","max-snippet":"max-snippet:-1","max-image-preview":"max-image-preview:large","max-video-preview":"max-video-preview:-1"},"og_locale":"fr_FR","og_type":"article","og_title":"1322","og_description":"Atene est le sac \u00e0 dos qui r\u00e9pond aux besoins du secouriste : compact, fonctionnel et l\u00e9ger. Le compartiment central a des attaches Velcro internes pour fixer six sacs de couleur standard. Muni d\u2019une poche frontale et de deux petites poches lat\u00e9rales \u00e0 double zip.\u00a0 Le sac \u00e0 dos est compl\u00e9t\u00e9 par trois bandes r\u00e9fl\u00e9chissantes [&hellip;]","og_url":"https:\/\/meber2026.graphoservice.it\/fr\/product\/1322-2\/","og_site_name":"Me.Ber.","article_modified_time":"2026-04-28T16:16:35+00:00","og_image":[{"width":669,"height":780,"url":"https:\/\/meber2026.graphoservice.it\/wp-content\/uploads\/2026\/02\/Atene_zaino_di_soccorso.jpg","type":"image\/jpeg"}],"twitter_card":"summary_large_image","schema":{"@context":"https:\/\/schema.org","@graph":[{"@type":"WebPage","@id":"https:\/\/meber2026.graphoservice.it\/fr\/product\/1322-2\/","url":"https:\/\/meber2026.graphoservice.it\/fr\/product\/1322-2\/","name":"1322","isPartOf":{"@id":"https:\/\/meber2026.graphoservice.it\/fr\/#website"},"primaryImageOfPage":{"@id":"https:\/\/meber2026.graphoservice.it\/fr\/product\/1322-2\/#primaryimage"},"image":{"@id":"https:\/\/meber2026.graphoservice.it\/fr\/product\/1322-2\/#primaryimage"},"thumbnailUrl":"https:\/\/meber2026.graphoservice.it\/wp-content\/uploads\/2026\/02\/Atene_zaino_di_soccorso.jpg","datePublished":"2026-02-10T09:28:03+00:00","dateModified":"2026-04-28T16:16:35+00:00","breadcrumb":{"@id":"https:\/\/meber2026.graphoservice.it\/fr\/product\/1322-2\/#breadcrumb"},"inLanguage":"fr-FR","potentialAction":[{"@type":"ReadAction","target":["https:\/\/meber2026.graphoservice.it\/fr\/product\/1322-2\/"]}]},{"@type":"ImageObject","inLanguage":"fr-FR","@id":"https:\/\/meber2026.graphoservice.it\/fr\/product\/1322-2\/#primaryimage","url":"https:\/\/meber2026.graphoservice.it\/wp-content\/uploads\/2026\/02\/Atene_zaino_di_soccorso.jpg","contentUrl":"https:\/\/meber2026.graphoservice.it\/wp-content\/uploads\/2026\/02\/Atene_zaino_di_soccorso.jpg","width":669,"height":780},{"@type":"BreadcrumbList","@id":"https:\/\/meber2026.graphoservice.it\/fr\/product\/1322-2\/#breadcrumb","itemListElement":[{"@type":"ListItem","position":1,"name":"Home","item":"https:\/\/meber2026.graphoservice.it\/fr\/"},{"@type":"ListItem","position":2,"name":"1322"}]},{"@type":"WebSite","@id":"https:\/\/meber2026.graphoservice.it\/fr\/#website","url":"https:\/\/meber2026.graphoservice.it\/fr\/","name":"Me.Ber.","description":"In Case of Emergerncy","potentialAction":[{"@type":"SearchAction","target":{"@type":"EntryPoint","urlTemplate":"https:\/\/meber2026.graphoservice.it\/fr\/?s={search_term_string}"},"query-input":{"@type":"PropertyValueSpecification","valueRequired":true,"valueName":"search_term_string"}}],"inLanguage":"fr-FR"}]}},"_links":{"self":[{"href":"https:\/\/meber2026.graphoservice.it\/fr\/wp-json\/wp\/v2\/product\/19223","targetHints":{"allow":["GET"]}}],"collection":[{"href":"https:\/\/meber2026.graphoservice.it\/fr\/wp-json\/wp\/v2\/product"}],"about":[{"href":"https:\/\/meber2026.graphoservice.it\/fr\/wp-json\/wp\/v2\/types\/product"}],"author":[{"embeddable":true,"href":"https:\/\/meber2026.graphoservice.it\/fr\/wp-json\/wp\/v2\/users\/1"}],"version-history":[{"count":1,"href":"https:\/\/meber2026.graphoservice.it\/fr\/wp-json\/wp\/v2\/product\/19223\/revisions"}],"predecessor-version":[{"id":31252,"href":"https:\/\/meber2026.graphoservice.it\/fr\/wp-json\/wp\/v2\/product\/19223\/revisions\/31252"}],"wp:featuredmedia":[{"embeddable":true,"href":"https:\/\/meber2026.graphoservice.it\/fr\/wp-json\/wp\/v2\/media\/15941"}],"wp:attachment":[{"href":"https:\/\/meber2026.graphoservice.it\/fr\/wp-json\/wp\/v2\/media?parent=19223"}],"wp:term":[{"taxonomy":"application-tag","embeddable":true,"href":"https:\/\/meber2026.graphoservice.it\/fr\/wp-json\/wp\/v2\/application-tag?post=19223"}],"curies":[{"name":"wp","href":"https:\/\/api.w.org\/{rel}","templated":true}]}}

<p>Atene est le sac à dos qui répond aux besoins du secouriste : compact, fonctionnel et léger. Le compartiment central a des attaches Velcro internes pour fixer six sacs de couleur standard. Muni d’une poche frontale et de deux petites poches latérales à double zip. <br /> Le sac à dos est complété par trois bandes réfléchissantes haute visibilité (1 frontale et 2 latérales), et des bandes élastiques frontales et latérales pour accueillir différents types de matériel médical.</p>
<p> <strong>Dimensions: 40x50x24 cm (LxHxP)</strong></p>

<p>Atene est le sac à dos qui répond aux besoins du secouriste : compact, fonctionnel et léger. Le compartiment central a des attaches Velcro internes pour fixer six sacs de couleur standard. Muni d’une poche frontale et de deux petites poches latérales à double zip.  Le sac à dos est complété par trois bandes réfléchissantes [&hellip;]</p>

<!-- This site is optimized with the Yoast SEO plugin v27.4 - https://yoast.com/product/yoast-seo-wordpress/ -->
<title>1322</title>
<meta name="robots" content="noindex, follow, max-snippet:-1, max-image-preview:large, max-video-preview:-1" />
<meta property="og:locale" content="fr_FR" />
<meta property="og:type" content="article" />
<meta property="og:title" content="1322" />
<meta property="og:description" content="Atene est le sac à dos qui répond aux besoins du secouriste : compact, fonctionnel et léger. Le compartiment central a des attaches Velcro internes pour fixer six sacs de couleur standard. Muni d’une poche frontale et de deux petites poches latérales à double zip.  Le sac à dos est complété par trois bandes réfléchissantes [&hellip;]" />
<meta property="og:url" content="https://meber2026.graphoservice.it/fr/product/1322-2/" />
<meta property="og:site_name" content="Me.Ber." />
<meta property="article:modified_time" content="2026-04-28T16:16:35+00:00" />
<meta property="og:image" content="https://meber2026.graphoservice.it/wp-content/uploads/2026/02/Atene_zaino_di_soccorso.jpg" />
	<meta property="og:image:width" content="669" />
	<meta property="og:image:height" content="780" />
	<meta property="og:image:type" content="image/jpeg" />
<meta name="twitter:card" content="summary_large_image" />
<script type="application/ld+json" class="yoast-schema-graph">{"@context":"https:\/\/schema.org","@graph":[{"@type":"WebPage","@id":"https:\/\/meber2026.graphoservice.it\/fr\/product\/1322-2\/","url":"https:\/\/meber2026.graphoservice.it\/fr\/product\/1322-2\/","name":"1322","isPartOf":{"@id":"https:\/\/meber2026.graphoservice.it\/fr\/#website"},"primaryImageOfPage":{"@id":"https:\/\/meber2026.graphoservice.it\/fr\/product\/1322-2\/#primaryimage"},"image":{"@id":"https:\/\/meber2026.graphoservice.it\/fr\/product\/1322-2\/#primaryimage"},"thumbnailUrl":"https:\/\/meber2026.graphoservice.it\/wp-content\/uploads\/2026\/02\/Atene_zaino_di_soccorso.jpg","datePublished":"2026-02-10T09:28:03+00:00","dateModified":"2026-04-28T16:16:35+00:00","breadcrumb":{"@id":"https:\/\/meber2026.graphoservice.it\/fr\/product\/1322-2\/#breadcrumb"},"inLanguage":"fr-FR","potentialAction":[{"@type":"ReadAction","target":["https:\/\/meber2026.graphoservice.it\/fr\/product\/1322-2\/"]}]},{"@type":"ImageObject","inLanguage":"fr-FR","@id":"https:\/\/meber2026.graphoservice.it\/fr\/product\/1322-2\/#primaryimage","url":"https:\/\/meber2026.graphoservice.it\/wp-content\/uploads\/2026\/02\/Atene_zaino_di_soccorso.jpg","contentUrl":"https:\/\/meber2026.graphoservice.it\/wp-content\/uploads\/2026\/02\/Atene_zaino_di_soccorso.jpg","width":669,"height":780},{"@type":"BreadcrumbList","@id":"https:\/\/meber2026.graphoservice.it\/fr\/product\/1322-2\/#breadcrumb","itemListElement":[{"@type":"ListItem","position":1,"name":"Home","item":"https:\/\/meber2026.graphoservice.it\/fr\/"},{"@type":"ListItem","position":2,"name":"1322"}]},{"@type":"WebSite","@id":"https:\/\/meber2026.graphoservice.it\/fr\/#website","url":"https:\/\/meber2026.graphoservice.it\/fr\/","name":"Me.Ber.","description":"In Case of Emergerncy","potentialAction":[{"@type":"SearchAction","target":{"@type":"EntryPoint","urlTemplate":"https:\/\/meber2026.graphoservice.it\/fr\/?s={search_term_string}"},"query-input":{"@type":"PropertyValueSpecification","valueRequired":true,"valueName":"search_term_string"}}],"inLanguage":"fr-FR"}]}</script>
<!-- / Yoast SEO plugin. -->

Atene est le sac à dos qui répond aux besoins du secouriste : compact, fonctionnel et léger. Le compartiment central a des attaches Velcro internes pour fixer six sacs de couleur standard. Muni d’une poche frontale et de deux petites poches latérales à double zip.  Le sac à dos est complété par trois bandes réfléchissantes [&hellip;]
