{"id":19118,"date":"2026-02-10T09:27:51","date_gmt":"2026-02-10T09:27:51","guid":{"rendered":"https:\/\/meber2026.graphoservice.it\/product\/extra-lite-standard-676\/"},"modified":"2026-02-10T09:27:52","modified_gmt":"2026-02-10T09:27:52","slug":"extra-lite-standard-676","status":"publish","type":"product","link":"https:\/\/meber2026.graphoservice.it\/fr\/product\/extra-lite-standard-676\/","title":{"rendered":"Extra Lite Standard 676"},"content":{"rendered":"<div style=\"\">EXTRA LITE Standard est la chaise portoir Me.Ber. enti\u00e8rement r\u00e9alis\u00e9e avec des alliages d\u2019aluminium sp\u00e9ciaux : elle est actuellement parmi les plus l\u00e9g\u00e8res du march\u00e9. Les poign\u00e9es arri\u00e8re et la configuration particuli\u00e8re des leviers avant assurent une r\u00e9partition parfaite du poids, soulageant les efforts des op\u00e9rateurs. La structure et l\u2019ergonomie de l\u2019assise et du dossier assurent un grand confort au patient. En conduite \u00e0 plat, les roues arri\u00e8re de 200 mm et les roues avant de 125 mm garantissent \u00e9galement une excellente maniabilit\u00e9.<\/div>\n<div>\n<div style=\"\">Le repose-pieds rabattable avec verrouillage magn\u00e9tique et les accoudoirs compl\u00e8tent les caract\u00e9ristiques de cet article de sauvetage.<\/div>\n<\/p><\/div>\n<p style=\"\"> <img decoding=\"async\" akzidenz=\"\" alt=\"\" be=\"\" grotesk=\"\" height:=\"\" src=\"\/adm\/Images\/contents\/10G Logo 2019_def.png\" style=\"color: rgb(98, 98, 98); height: 74px; width: 80px;\" text-align:=\"\" width:=\"\" \/><br \/> <strong>Appareil certifi\u00e9 selon les normes harmonis\u00e9es UNI EN 1865 &#8211; UNI EN 1789<\/strong><\/p>\n","protected":false},"excerpt":{"rendered":"<p>EXTRA LITE Standard est la chaise portoir Me.Ber. enti\u00e8rement r\u00e9alis\u00e9e avec des alliages d\u2019aluminium sp\u00e9ciaux : elle est actuellement parmi les plus l\u00e9g\u00e8res du march\u00e9. Les poign\u00e9es arri\u00e8re et la configuration particuli\u00e8re des leviers avant assurent une r\u00e9partition parfaite du poids, soulageant les efforts des op\u00e9rateurs. La structure et l\u2019ergonomie de l\u2019assise et du dossier [&hellip;]<\/p>\n","protected":false},"author":1,"featured_media":15772,"parent":0,"menu_order":30000300,"template":"","meta":{"_acf_changed":false,"footnotes":""},"application-tag":[65,80],"class_list":["post-19118","product","type-product","status-publish","has-post-thumbnail","hentry","application-tag-certifie-10g","application-tag-chaises-devacuation"],"acf":[],"dsm_author":{"name":"admeb26","avatar_url":"https:\/\/meber2026.graphoservice.it\/wp-content\/plugins\/ultimate-member\/assets\/img\/default_avatar.jpg","archive_link":"https:\/\/meber2026.graphoservice.it\/fr\/author\/admeb26\/","biodata":""},"dsm_categories":[],"dsm_attachment_categories":[],"dsm_featured_image":{"thumbnail":"https:\/\/meber2026.graphoservice.it\/wp-content\/uploads\/2026\/02\/Extra_676_23-150x150.jpg","medium":"https:\/\/meber2026.graphoservice.it\/wp-content\/uploads\/2026\/02\/Extra_676_23-224x300.jpg","medium_large":"https:\/\/meber2026.graphoservice.it\/wp-content\/uploads\/2026\/02\/Extra_676_23.jpg","large":"https:\/\/meber2026.graphoservice.it\/wp-content\/uploads\/2026\/02\/Extra_676_23.jpg","1536x1536":"https:\/\/meber2026.graphoservice.it\/wp-content\/uploads\/2026\/02\/Extra_676_23.jpg","2048x2048":"https:\/\/meber2026.graphoservice.it\/wp-content\/uploads\/2026\/02\/Extra_676_23.jpg","et-pb-post-main-image":"https:\/\/meber2026.graphoservice.it\/wp-content\/uploads\/2026\/02\/Extra_676_23-400x250.jpg","et-pb-post-main-image-fullwidth":"https:\/\/meber2026.graphoservice.it\/wp-content\/uploads\/2026\/02\/Extra_676_23-582x675.jpg","et-pb-portfolio-image":"https:\/\/meber2026.graphoservice.it\/wp-content\/uploads\/2026\/02\/Extra_676_23-400x284.jpg","et-pb-portfolio-module-image":"https:\/\/meber2026.graphoservice.it\/wp-content\/uploads\/2026\/02\/Extra_676_23-510x382.jpg","et-pb-portfolio-image-single":"https:\/\/meber2026.graphoservice.it\/wp-content\/uploads\/2026\/02\/Extra_676_23.jpg","et-pb-gallery-module-image-portrait":"https:\/\/meber2026.graphoservice.it\/wp-content\/uploads\/2026\/02\/Extra_676_23-400x516.jpg","et-pb-post-main-image-fullwidth-large":"https:\/\/meber2026.graphoservice.it\/wp-content\/uploads\/2026\/02\/Extra_676_23.jpg","et-pb-image--responsive--desktop":"https:\/\/meber2026.graphoservice.it\/wp-content\/uploads\/2026\/02\/Extra_676_23.jpg","et-pb-image--responsive--tablet":"https:\/\/meber2026.graphoservice.it\/wp-content\/uploads\/2026\/02\/Extra_676_23.jpg","et-pb-image--responsive--phone":"https:\/\/meber2026.graphoservice.it\/wp-content\/uploads\/2026\/02\/Extra_676_23-480x643.jpg","full":"https:\/\/meber2026.graphoservice.it\/wp-content\/uploads\/2026\/02\/Extra_676_23.jpg"},"yoast_head":"<!-- This site is optimized with the Yoast SEO plugin v27.4 - https:\/\/yoast.com\/product\/yoast-seo-wordpress\/ -->\n<title>Chaise Extra Lite Standard 676<\/title>\n<meta name=\"description\" content=\"Chaise portoir \u00e0 4 roues pliante avec repose-pieds et accoudoirs\" \/>\n<meta name=\"robots\" content=\"noindex, follow, max-snippet:-1, max-image-preview:large, max-video-preview:-1\" \/>\n<meta property=\"og:locale\" content=\"fr_FR\" \/>\n<meta property=\"og:type\" content=\"article\" \/>\n<meta property=\"og:title\" content=\"Chaise Extra Lite Standard 676\" \/>\n<meta property=\"og:description\" content=\"Chaise portoir \u00e0 4 roues pliante avec repose-pieds et accoudoirs\" \/>\n<meta property=\"og:url\" content=\"https:\/\/meber2026.graphoservice.it\/fr\/product\/extra-lite-standard-676\/\" \/>\n<meta property=\"og:site_name\" content=\"Me.Ber.\" \/>\n<meta property=\"article:modified_time\" content=\"2026-02-10T09:27:52+00:00\" \/>\n<meta name=\"twitter:card\" content=\"summary_large_image\" \/>\n<meta name=\"twitter:label1\" content=\"Dur\u00e9e de lecture estim\u00e9e\" \/>\n\t<meta name=\"twitter:data1\" content=\"1 minute\" \/>\n<script type=\"application\/ld+json\" class=\"yoast-schema-graph\">{\"@context\":\"https:\\\/\\\/schema.org\",\"@graph\":[{\"@type\":\"WebPage\",\"@id\":\"https:\\\/\\\/meber2026.graphoservice.it\\\/fr\\\/product\\\/extra-lite-standard-676\\\/\",\"url\":\"https:\\\/\\\/meber2026.graphoservice.it\\\/fr\\\/product\\\/extra-lite-standard-676\\\/\",\"name\":\"Chaise Extra Lite Standard 676\",\"isPartOf\":{\"@id\":\"https:\\\/\\\/meber2026.graphoservice.it\\\/fr\\\/#website\"},\"primaryImageOfPage\":{\"@id\":\"https:\\\/\\\/meber2026.graphoservice.it\\\/fr\\\/product\\\/extra-lite-standard-676\\\/#primaryimage\"},\"image\":{\"@id\":\"https:\\\/\\\/meber2026.graphoservice.it\\\/fr\\\/product\\\/extra-lite-standard-676\\\/#primaryimage\"},\"thumbnailUrl\":\"https:\\\/\\\/meber2026.graphoservice.it\\\/wp-content\\\/uploads\\\/2026\\\/02\\\/Extra_676_23.jpg\",\"datePublished\":\"2026-02-10T09:27:51+00:00\",\"dateModified\":\"2026-02-10T09:27:52+00:00\",\"description\":\"Chaise portoir \u00e0 4 roues pliante avec repose-pieds et accoudoirs\",\"breadcrumb\":{\"@id\":\"https:\\\/\\\/meber2026.graphoservice.it\\\/fr\\\/product\\\/extra-lite-standard-676\\\/#breadcrumb\"},\"inLanguage\":\"fr-FR\",\"potentialAction\":[{\"@type\":\"ReadAction\",\"target\":[\"https:\\\/\\\/meber2026.graphoservice.it\\\/fr\\\/product\\\/extra-lite-standard-676\\\/\"]}]},{\"@type\":\"ImageObject\",\"inLanguage\":\"fr-FR\",\"@id\":\"https:\\\/\\\/meber2026.graphoservice.it\\\/fr\\\/product\\\/extra-lite-standard-676\\\/#primaryimage\",\"url\":\"https:\\\/\\\/meber2026.graphoservice.it\\\/wp-content\\\/uploads\\\/2026\\\/02\\\/Extra_676_23.jpg\",\"contentUrl\":\"https:\\\/\\\/meber2026.graphoservice.it\\\/wp-content\\\/uploads\\\/2026\\\/02\\\/Extra_676_23.jpg\",\"width\":582,\"height\":780},{\"@type\":\"BreadcrumbList\",\"@id\":\"https:\\\/\\\/meber2026.graphoservice.it\\\/fr\\\/product\\\/extra-lite-standard-676\\\/#breadcrumb\",\"itemListElement\":[{\"@type\":\"ListItem\",\"position\":1,\"name\":\"Home\",\"item\":\"https:\\\/\\\/meber2026.graphoservice.it\\\/fr\\\/\"},{\"@type\":\"ListItem\",\"position\":2,\"name\":\"Extra Lite Standard 676\"}]},{\"@type\":\"WebSite\",\"@id\":\"https:\\\/\\\/meber2026.graphoservice.it\\\/fr\\\/#website\",\"url\":\"https:\\\/\\\/meber2026.graphoservice.it\\\/fr\\\/\",\"name\":\"Me.Ber.\",\"description\":\"In Case of Emergerncy\",\"potentialAction\":[{\"@type\":\"SearchAction\",\"target\":{\"@type\":\"EntryPoint\",\"urlTemplate\":\"https:\\\/\\\/meber2026.graphoservice.it\\\/fr\\\/?s={search_term_string}\"},\"query-input\":{\"@type\":\"PropertyValueSpecification\",\"valueRequired\":true,\"valueName\":\"search_term_string\"}}],\"inLanguage\":\"fr-FR\"}]}<\/script>\n<!-- \/ Yoast SEO plugin. -->","yoast_head_json":{"title":"Chaise Extra Lite Standard 676","description":"Chaise portoir \u00e0 4 roues pliante avec repose-pieds et accoudoirs","robots":{"index":"noindex","follow":"follow","max-snippet":"max-snippet:-1","max-image-preview":"max-image-preview:large","max-video-preview":"max-video-preview:-1"},"og_locale":"fr_FR","og_type":"article","og_title":"Chaise Extra Lite Standard 676","og_description":"Chaise portoir \u00e0 4 roues pliante avec repose-pieds et accoudoirs","og_url":"https:\/\/meber2026.graphoservice.it\/fr\/product\/extra-lite-standard-676\/","og_site_name":"Me.Ber.","article_modified_time":"2026-02-10T09:27:52+00:00","twitter_card":"summary_large_image","twitter_misc":{"Dur\u00e9e de lecture estim\u00e9e":"1 minute"},"schema":{"@context":"https:\/\/schema.org","@graph":[{"@type":"WebPage","@id":"https:\/\/meber2026.graphoservice.it\/fr\/product\/extra-lite-standard-676\/","url":"https:\/\/meber2026.graphoservice.it\/fr\/product\/extra-lite-standard-676\/","name":"Chaise Extra Lite Standard 676","isPartOf":{"@id":"https:\/\/meber2026.graphoservice.it\/fr\/#website"},"primaryImageOfPage":{"@id":"https:\/\/meber2026.graphoservice.it\/fr\/product\/extra-lite-standard-676\/#primaryimage"},"image":{"@id":"https:\/\/meber2026.graphoservice.it\/fr\/product\/extra-lite-standard-676\/#primaryimage"},"thumbnailUrl":"https:\/\/meber2026.graphoservice.it\/wp-content\/uploads\/2026\/02\/Extra_676_23.jpg","datePublished":"2026-02-10T09:27:51+00:00","dateModified":"2026-02-10T09:27:52+00:00","description":"Chaise portoir \u00e0 4 roues pliante avec repose-pieds et accoudoirs","breadcrumb":{"@id":"https:\/\/meber2026.graphoservice.it\/fr\/product\/extra-lite-standard-676\/#breadcrumb"},"inLanguage":"fr-FR","potentialAction":[{"@type":"ReadAction","target":["https:\/\/meber2026.graphoservice.it\/fr\/product\/extra-lite-standard-676\/"]}]},{"@type":"ImageObject","inLanguage":"fr-FR","@id":"https:\/\/meber2026.graphoservice.it\/fr\/product\/extra-lite-standard-676\/#primaryimage","url":"https:\/\/meber2026.graphoservice.it\/wp-content\/uploads\/2026\/02\/Extra_676_23.jpg","contentUrl":"https:\/\/meber2026.graphoservice.it\/wp-content\/uploads\/2026\/02\/Extra_676_23.jpg","width":582,"height":780},{"@type":"BreadcrumbList","@id":"https:\/\/meber2026.graphoservice.it\/fr\/product\/extra-lite-standard-676\/#breadcrumb","itemListElement":[{"@type":"ListItem","position":1,"name":"Home","item":"https:\/\/meber2026.graphoservice.it\/fr\/"},{"@type":"ListItem","position":2,"name":"Extra Lite Standard 676"}]},{"@type":"WebSite","@id":"https:\/\/meber2026.graphoservice.it\/fr\/#website","url":"https:\/\/meber2026.graphoservice.it\/fr\/","name":"Me.Ber.","description":"In Case of Emergerncy","potentialAction":[{"@type":"SearchAction","target":{"@type":"EntryPoint","urlTemplate":"https:\/\/meber2026.graphoservice.it\/fr\/?s={search_term_string}"},"query-input":{"@type":"PropertyValueSpecification","valueRequired":true,"valueName":"search_term_string"}}],"inLanguage":"fr-FR"}]}},"_links":{"self":[{"href":"https:\/\/meber2026.graphoservice.it\/fr\/wp-json\/wp\/v2\/product\/19118","targetHints":{"allow":["GET"]}}],"collection":[{"href":"https:\/\/meber2026.graphoservice.it\/fr\/wp-json\/wp\/v2\/product"}],"about":[{"href":"https:\/\/meber2026.graphoservice.it\/fr\/wp-json\/wp\/v2\/types\/product"}],"author":[{"embeddable":true,"href":"https:\/\/meber2026.graphoservice.it\/fr\/wp-json\/wp\/v2\/users\/1"}],"version-history":[{"count":0,"href":"https:\/\/meber2026.graphoservice.it\/fr\/wp-json\/wp\/v2\/product\/19118\/revisions"}],"wp:featuredmedia":[{"embeddable":true,"href":"https:\/\/meber2026.graphoservice.it\/fr\/wp-json\/wp\/v2\/media\/15772"}],"wp:attachment":[{"href":"https:\/\/meber2026.graphoservice.it\/fr\/wp-json\/wp\/v2\/media?parent=19118"}],"wp:term":[{"taxonomy":"application-tag","embeddable":true,"href":"https:\/\/meber2026.graphoservice.it\/fr\/wp-json\/wp\/v2\/application-tag?post=19118"}],"curies":[{"name":"wp","href":"https:\/\/api.w.org\/{rel}","templated":true}]}}

<div style="">EXTRA LITE Standard est la chaise portoir Me.Ber. entièrement réalisée avec des alliages d’aluminium spéciaux : elle est actuellement parmi les plus légères du marché. Les poignées arrière et la configuration particulière des leviers avant assurent une répartition parfaite du poids, soulageant les efforts des opérateurs. La structure et l’ergonomie de l’assise et du dossier assurent un grand confort au patient. En conduite à plat, les roues arrière de 200 mm et les roues avant de 125 mm garantissent également une excellente maniabilité.</div>
<div>
<div style="">Le repose-pieds rabattable avec verrouillage magnétique et les accoudoirs complètent les caractéristiques de cet article de sauvetage.</div>
</p></div>
<p style=""> <img decoding="async" akzidenz="" alt="" be="" grotesk="" height:="" src="/adm/Images/contents/10G Logo 2019_def.png" style="color: rgb(98, 98, 98); height: 74px; width: 80px;" text-align:="" width:="" /><br /> <strong>Appareil certifié selon les normes harmonisées UNI EN 1865 &#8211; UNI EN 1789</strong></p>

<p>EXTRA LITE Standard est la chaise portoir Me.Ber. entièrement réalisée avec des alliages d’aluminium spéciaux : elle est actuellement parmi les plus légères du marché. Les poignées arrière et la configuration particulière des leviers avant assurent une répartition parfaite du poids, soulageant les efforts des opérateurs. La structure et l’ergonomie de l’assise et du dossier [&hellip;]</p>

<!-- This site is optimized with the Yoast SEO plugin v27.4 - https://yoast.com/product/yoast-seo-wordpress/ -->
<title>Chaise Extra Lite Standard 676</title>
<meta name="description" content="Chaise portoir à 4 roues pliante avec repose-pieds et accoudoirs" />
<meta name="robots" content="noindex, follow, max-snippet:-1, max-image-preview:large, max-video-preview:-1" />
<meta property="og:locale" content="fr_FR" />
<meta property="og:type" content="article" />
<meta property="og:title" content="Chaise Extra Lite Standard 676" />
<meta property="og:description" content="Chaise portoir à 4 roues pliante avec repose-pieds et accoudoirs" />
<meta property="og:url" content="https://meber2026.graphoservice.it/fr/product/extra-lite-standard-676/" />
<meta property="og:site_name" content="Me.Ber." />
<meta property="article:modified_time" content="2026-02-10T09:27:52+00:00" />
<meta name="twitter:card" content="summary_large_image" />
<meta name="twitter:label1" content="Durée de lecture estimée" />
	<meta name="twitter:data1" content="1 minute" />
<script type="application/ld+json" class="yoast-schema-graph">{"@context":"https:\/\/schema.org","@graph":[{"@type":"WebPage","@id":"https:\/\/meber2026.graphoservice.it\/fr\/product\/extra-lite-standard-676\/","url":"https:\/\/meber2026.graphoservice.it\/fr\/product\/extra-lite-standard-676\/","name":"Chaise Extra Lite Standard 676","isPartOf":{"@id":"https:\/\/meber2026.graphoservice.it\/fr\/#website"},"primaryImageOfPage":{"@id":"https:\/\/meber2026.graphoservice.it\/fr\/product\/extra-lite-standard-676\/#primaryimage"},"image":{"@id":"https:\/\/meber2026.graphoservice.it\/fr\/product\/extra-lite-standard-676\/#primaryimage"},"thumbnailUrl":"https:\/\/meber2026.graphoservice.it\/wp-content\/uploads\/2026\/02\/Extra_676_23.jpg","datePublished":"2026-02-10T09:27:51+00:00","dateModified":"2026-02-10T09:27:52+00:00","description":"Chaise portoir à 4 roues pliante avec repose-pieds et accoudoirs","breadcrumb":{"@id":"https:\/\/meber2026.graphoservice.it\/fr\/product\/extra-lite-standard-676\/#breadcrumb"},"inLanguage":"fr-FR","potentialAction":[{"@type":"ReadAction","target":["https:\/\/meber2026.graphoservice.it\/fr\/product\/extra-lite-standard-676\/"]}]},{"@type":"ImageObject","inLanguage":"fr-FR","@id":"https:\/\/meber2026.graphoservice.it\/fr\/product\/extra-lite-standard-676\/#primaryimage","url":"https:\/\/meber2026.graphoservice.it\/wp-content\/uploads\/2026\/02\/Extra_676_23.jpg","contentUrl":"https:\/\/meber2026.graphoservice.it\/wp-content\/uploads\/2026\/02\/Extra_676_23.jpg","width":582,"height":780},{"@type":"BreadcrumbList","@id":"https:\/\/meber2026.graphoservice.it\/fr\/product\/extra-lite-standard-676\/#breadcrumb","itemListElement":[{"@type":"ListItem","position":1,"name":"Home","item":"https:\/\/meber2026.graphoservice.it\/fr\/"},{"@type":"ListItem","position":2,"name":"Extra Lite Standard 676"}]},{"@type":"WebSite","@id":"https:\/\/meber2026.graphoservice.it\/fr\/#website","url":"https:\/\/meber2026.graphoservice.it\/fr\/","name":"Me.Ber.","description":"In Case of Emergerncy","potentialAction":[{"@type":"SearchAction","target":{"@type":"EntryPoint","urlTemplate":"https:\/\/meber2026.graphoservice.it\/fr\/?s={search_term_string}"},"query-input":{"@type":"PropertyValueSpecification","valueRequired":true,"valueName":"search_term_string"}}],"inLanguage":"fr-FR"}]}</script>
<!-- / Yoast SEO plugin. -->

Chaise portoir à 4 roues pliante avec repose-pieds et accoudoirs
