{"id":18848,"date":"2026-02-10T09:27:23","date_gmt":"2026-02-10T09:27:23","guid":{"rendered":"https:\/\/meber2026.graphoservice.it\/product\/quick-659-y\/"},"modified":"2026-04-28T16:10:10","modified_gmt":"2026-04-28T16:10:10","slug":"quick-659-y","status":"publish","type":"product","link":"https:\/\/meber2026.graphoservice.it\/fr\/product\/quick-659-y\/","title":{"rendered":"Quick 659\/Y"},"content":{"rendered":"<p>C\u2019est un dispositif d\u2019une importance fondamentale pour le secouriste. \u00c9quip\u00e9e de 4 roues (2 arri\u00e8re fixes \u00d8 125 mm et 2 avant pivotantes avec frein \u00d8 100 mm), d\u2019accoudoirs rabattables, d\u2019un repose-pieds rabattable, de 4 poign\u00e9es arri\u00e8re et de 2 poign\u00e9es avant amovibles, elle garantit confort et s\u00e9curit\u00e9 au patient. Le dossier et l\u2019assise en mat\u00e9riau thermoplastique peuvent \u00eatre facilement d\u00e9sinfect\u00e9s. Livr\u00e9e avec un sac noir avec 3 ceintures (Art. 590\/N).<\/p>\n<p><b><img loading=\"lazy\" decoding=\"async\" alt=\"\" height=\"88\" src=\"https:\/\/www.meber.it\/adm\/Images\/contents\/10G Logo 2019_def.png\" width=\"80\" \/><br \/>\nAppareil certifi\u00e9 selon les normes de s\u00e9curit\u00e9 harmonis\u00e9es UNI EN 1865 \u2013 UNI EN 1789<\/b><\/p>\n","protected":false},"excerpt":{"rendered":"<p>C\u2019est un dispositif d\u2019une importance fondamentale pour le secouriste. \u00c9quip\u00e9e de 4 roues (2 arri\u00e8re fixes \u00d8 125 mm et 2 avant pivotantes avec frein \u00d8 100 mm), d\u2019accoudoirs rabattables, d\u2019un repose-pieds rabattable, de 4 poign\u00e9es arri\u00e8re et de 2 poign\u00e9es avant amovibles, elle garantit confort et s\u00e9curit\u00e9 au patient. Le dossier et l\u2019assise en [&hellip;]<\/p>\n","protected":false},"author":1,"featured_media":26105,"parent":0,"menu_order":30000700,"template":"","meta":{"_acf_changed":false,"footnotes":""},"application-tag":[65,80],"class_list":["post-18848","product","type-product","status-publish","has-post-thumbnail","hentry","application-tag-certifie-10g","application-tag-chaises-devacuation"],"acf":[],"dsm_author":{"name":"admeb26","avatar_url":"https:\/\/meber2026.graphoservice.it\/wp-content\/plugins\/ultimate-member\/assets\/img\/default_avatar.jpg","archive_link":"https:\/\/meber2026.graphoservice.it\/fr\/author\/admeb26\/","biodata":""},"dsm_categories":[],"dsm_attachment_categories":[],"dsm_featured_image":{"thumbnail":"https:\/\/meber2026.graphoservice.it\/wp-content\/uploads\/2026\/02\/659Y_sedia_leve_chiuse_ruote-nuove-copia-150x150.webp","medium":"https:\/\/meber2026.graphoservice.it\/wp-content\/uploads\/2026\/02\/659Y_sedia_leve_chiuse_ruote-nuove-copia-300x300.webp","medium_large":"https:\/\/meber2026.graphoservice.it\/wp-content\/uploads\/2026\/02\/659Y_sedia_leve_chiuse_ruote-nuove-copia-768x768.webp","large":"https:\/\/meber2026.graphoservice.it\/wp-content\/uploads\/2026\/02\/659Y_sedia_leve_chiuse_ruote-nuove-copia-1024x1024.webp","1536x1536":"https:\/\/meber2026.graphoservice.it\/wp-content\/uploads\/2026\/02\/659Y_sedia_leve_chiuse_ruote-nuove-copia-1536x1536.webp","2048x2048":"https:\/\/meber2026.graphoservice.it\/wp-content\/uploads\/2026\/02\/659Y_sedia_leve_chiuse_ruote-nuove-copia.webp","et-pb-post-main-image":"https:\/\/meber2026.graphoservice.it\/wp-content\/uploads\/2026\/02\/659Y_sedia_leve_chiuse_ruote-nuove-copia-400x250.webp","et-pb-post-main-image-fullwidth":"https:\/\/meber2026.graphoservice.it\/wp-content\/uploads\/2026\/02\/659Y_sedia_leve_chiuse_ruote-nuove-copia-1080x675.webp","et-pb-portfolio-image":"https:\/\/meber2026.graphoservice.it\/wp-content\/uploads\/2026\/02\/659Y_sedia_leve_chiuse_ruote-nuove-copia-400x284.webp","et-pb-portfolio-module-image":"https:\/\/meber2026.graphoservice.it\/wp-content\/uploads\/2026\/02\/659Y_sedia_leve_chiuse_ruote-nuove-copia-510x382.webp","et-pb-portfolio-image-single":"https:\/\/meber2026.graphoservice.it\/wp-content\/uploads\/2026\/02\/659Y_sedia_leve_chiuse_ruote-nuove-copia-1080x1080.webp","et-pb-gallery-module-image-portrait":"https:\/\/meber2026.graphoservice.it\/wp-content\/uploads\/2026\/02\/659Y_sedia_leve_chiuse_ruote-nuove-copia-400x516.webp","et-pb-post-main-image-fullwidth-large":"https:\/\/meber2026.graphoservice.it\/wp-content\/uploads\/2026\/02\/659Y_sedia_leve_chiuse_ruote-nuove-copia-2000x1800.webp","et-pb-image--responsive--desktop":"https:\/\/meber2026.graphoservice.it\/wp-content\/uploads\/2026\/02\/659Y_sedia_leve_chiuse_ruote-nuove-copia-1280x1280.webp","et-pb-image--responsive--tablet":"https:\/\/meber2026.graphoservice.it\/wp-content\/uploads\/2026\/02\/659Y_sedia_leve_chiuse_ruote-nuove-copia-980x980.webp","et-pb-image--responsive--phone":"https:\/\/meber2026.graphoservice.it\/wp-content\/uploads\/2026\/02\/659Y_sedia_leve_chiuse_ruote-nuove-copia-480x480.webp","full":"https:\/\/meber2026.graphoservice.it\/wp-content\/uploads\/2026\/02\/659Y_sedia_leve_chiuse_ruote-nuove-copia.webp"},"yoast_head":"<!-- This site is optimized with the Yoast SEO plugin v27.4 - https:\/\/yoast.com\/product\/yoast-seo-wordpress\/ -->\n<title>Chaise portoir 659\/Y<\/title>\n<meta name=\"description\" content=\"Chaise portoir pliante \u00e0 4 roues avec repose-pieds et accoudoirs\u00a0; couleur jaune\/noir.\" \/>\n<meta name=\"robots\" content=\"noindex, follow, max-snippet:-1, max-image-preview:large, max-video-preview:-1\" \/>\n<meta property=\"og:locale\" content=\"fr_FR\" \/>\n<meta property=\"og:type\" content=\"article\" \/>\n<meta property=\"og:title\" content=\"Chaise portoir 659\/Y\" \/>\n<meta property=\"og:description\" content=\"Chaise portoir pliante \u00e0 4 roues avec repose-pieds et accoudoirs\u00a0; couleur jaune\/noir.\" \/>\n<meta property=\"og:url\" content=\"https:\/\/meber2026.graphoservice.it\/fr\/product\/quick-659-y\/\" \/>\n<meta property=\"og:site_name\" content=\"Me.Ber.\" \/>\n<meta property=\"article:modified_time\" content=\"2026-04-28T16:10:10+00:00\" \/>\n<meta property=\"og:image\" content=\"https:\/\/meber2026.graphoservice.it\/wp-content\/uploads\/2026\/02\/659Y_sedia_leve_chiuse_ruote-nuove-copia.webp\" \/>\n\t<meta property=\"og:image:width\" content=\"2000\" \/>\n\t<meta property=\"og:image:height\" content=\"2000\" \/>\n\t<meta property=\"og:image:type\" content=\"image\/webp\" \/>\n<meta name=\"twitter:card\" content=\"summary_large_image\" \/>\n<script type=\"application\/ld+json\" class=\"yoast-schema-graph\">{\"@context\":\"https:\\\/\\\/schema.org\",\"@graph\":[{\"@type\":\"WebPage\",\"@id\":\"https:\\\/\\\/meber2026.graphoservice.it\\\/fr\\\/product\\\/quick-659-y\\\/\",\"url\":\"https:\\\/\\\/meber2026.graphoservice.it\\\/fr\\\/product\\\/quick-659-y\\\/\",\"name\":\"Chaise portoir 659\\\/Y\",\"isPartOf\":{\"@id\":\"https:\\\/\\\/meber2026.graphoservice.it\\\/fr\\\/#website\"},\"primaryImageOfPage\":{\"@id\":\"https:\\\/\\\/meber2026.graphoservice.it\\\/fr\\\/product\\\/quick-659-y\\\/#primaryimage\"},\"image\":{\"@id\":\"https:\\\/\\\/meber2026.graphoservice.it\\\/fr\\\/product\\\/quick-659-y\\\/#primaryimage\"},\"thumbnailUrl\":\"https:\\\/\\\/meber2026.graphoservice.it\\\/wp-content\\\/uploads\\\/2026\\\/02\\\/659Y_sedia_leve_chiuse_ruote-nuove-copia.webp\",\"datePublished\":\"2026-02-10T09:27:23+00:00\",\"dateModified\":\"2026-04-28T16:10:10+00:00\",\"description\":\"Chaise portoir pliante \u00e0 4 roues avec repose-pieds et accoudoirs\u00a0; couleur jaune\\\/noir.\",\"breadcrumb\":{\"@id\":\"https:\\\/\\\/meber2026.graphoservice.it\\\/fr\\\/product\\\/quick-659-y\\\/#breadcrumb\"},\"inLanguage\":\"fr-FR\",\"potentialAction\":[{\"@type\":\"ReadAction\",\"target\":[\"https:\\\/\\\/meber2026.graphoservice.it\\\/fr\\\/product\\\/quick-659-y\\\/\"]}]},{\"@type\":\"ImageObject\",\"inLanguage\":\"fr-FR\",\"@id\":\"https:\\\/\\\/meber2026.graphoservice.it\\\/fr\\\/product\\\/quick-659-y\\\/#primaryimage\",\"url\":\"https:\\\/\\\/meber2026.graphoservice.it\\\/wp-content\\\/uploads\\\/2026\\\/02\\\/659Y_sedia_leve_chiuse_ruote-nuove-copia.webp\",\"contentUrl\":\"https:\\\/\\\/meber2026.graphoservice.it\\\/wp-content\\\/uploads\\\/2026\\\/02\\\/659Y_sedia_leve_chiuse_ruote-nuove-copia.webp\",\"width\":2000,\"height\":2000},{\"@type\":\"BreadcrumbList\",\"@id\":\"https:\\\/\\\/meber2026.graphoservice.it\\\/fr\\\/product\\\/quick-659-y\\\/#breadcrumb\",\"itemListElement\":[{\"@type\":\"ListItem\",\"position\":1,\"name\":\"Home\",\"item\":\"https:\\\/\\\/meber2026.graphoservice.it\\\/fr\\\/\"},{\"@type\":\"ListItem\",\"position\":2,\"name\":\"Quick 659\\\/Y\"}]},{\"@type\":\"WebSite\",\"@id\":\"https:\\\/\\\/meber2026.graphoservice.it\\\/fr\\\/#website\",\"url\":\"https:\\\/\\\/meber2026.graphoservice.it\\\/fr\\\/\",\"name\":\"Me.Ber.\",\"description\":\"In Case of Emergerncy\",\"potentialAction\":[{\"@type\":\"SearchAction\",\"target\":{\"@type\":\"EntryPoint\",\"urlTemplate\":\"https:\\\/\\\/meber2026.graphoservice.it\\\/fr\\\/?s={search_term_string}\"},\"query-input\":{\"@type\":\"PropertyValueSpecification\",\"valueRequired\":true,\"valueName\":\"search_term_string\"}}],\"inLanguage\":\"fr-FR\"}]}<\/script>\n<!-- \/ Yoast SEO plugin. -->","yoast_head_json":{"title":"Chaise portoir 659\/Y","description":"Chaise portoir pliante \u00e0 4 roues avec repose-pieds et accoudoirs\u00a0; couleur jaune\/noir.","robots":{"index":"noindex","follow":"follow","max-snippet":"max-snippet:-1","max-image-preview":"max-image-preview:large","max-video-preview":"max-video-preview:-1"},"og_locale":"fr_FR","og_type":"article","og_title":"Chaise portoir 659\/Y","og_description":"Chaise portoir pliante \u00e0 4 roues avec repose-pieds et accoudoirs\u00a0; couleur jaune\/noir.","og_url":"https:\/\/meber2026.graphoservice.it\/fr\/product\/quick-659-y\/","og_site_name":"Me.Ber.","article_modified_time":"2026-04-28T16:10:10+00:00","og_image":[{"width":2000,"height":2000,"url":"https:\/\/meber2026.graphoservice.it\/wp-content\/uploads\/2026\/02\/659Y_sedia_leve_chiuse_ruote-nuove-copia.webp","type":"image\/webp"}],"twitter_card":"summary_large_image","schema":{"@context":"https:\/\/schema.org","@graph":[{"@type":"WebPage","@id":"https:\/\/meber2026.graphoservice.it\/fr\/product\/quick-659-y\/","url":"https:\/\/meber2026.graphoservice.it\/fr\/product\/quick-659-y\/","name":"Chaise portoir 659\/Y","isPartOf":{"@id":"https:\/\/meber2026.graphoservice.it\/fr\/#website"},"primaryImageOfPage":{"@id":"https:\/\/meber2026.graphoservice.it\/fr\/product\/quick-659-y\/#primaryimage"},"image":{"@id":"https:\/\/meber2026.graphoservice.it\/fr\/product\/quick-659-y\/#primaryimage"},"thumbnailUrl":"https:\/\/meber2026.graphoservice.it\/wp-content\/uploads\/2026\/02\/659Y_sedia_leve_chiuse_ruote-nuove-copia.webp","datePublished":"2026-02-10T09:27:23+00:00","dateModified":"2026-04-28T16:10:10+00:00","description":"Chaise portoir pliante \u00e0 4 roues avec repose-pieds et accoudoirs\u00a0; couleur jaune\/noir.","breadcrumb":{"@id":"https:\/\/meber2026.graphoservice.it\/fr\/product\/quick-659-y\/#breadcrumb"},"inLanguage":"fr-FR","potentialAction":[{"@type":"ReadAction","target":["https:\/\/meber2026.graphoservice.it\/fr\/product\/quick-659-y\/"]}]},{"@type":"ImageObject","inLanguage":"fr-FR","@id":"https:\/\/meber2026.graphoservice.it\/fr\/product\/quick-659-y\/#primaryimage","url":"https:\/\/meber2026.graphoservice.it\/wp-content\/uploads\/2026\/02\/659Y_sedia_leve_chiuse_ruote-nuove-copia.webp","contentUrl":"https:\/\/meber2026.graphoservice.it\/wp-content\/uploads\/2026\/02\/659Y_sedia_leve_chiuse_ruote-nuove-copia.webp","width":2000,"height":2000},{"@type":"BreadcrumbList","@id":"https:\/\/meber2026.graphoservice.it\/fr\/product\/quick-659-y\/#breadcrumb","itemListElement":[{"@type":"ListItem","position":1,"name":"Home","item":"https:\/\/meber2026.graphoservice.it\/fr\/"},{"@type":"ListItem","position":2,"name":"Quick 659\/Y"}]},{"@type":"WebSite","@id":"https:\/\/meber2026.graphoservice.it\/fr\/#website","url":"https:\/\/meber2026.graphoservice.it\/fr\/","name":"Me.Ber.","description":"In Case of Emergerncy","potentialAction":[{"@type":"SearchAction","target":{"@type":"EntryPoint","urlTemplate":"https:\/\/meber2026.graphoservice.it\/fr\/?s={search_term_string}"},"query-input":{"@type":"PropertyValueSpecification","valueRequired":true,"valueName":"search_term_string"}}],"inLanguage":"fr-FR"}]}},"_links":{"self":[{"href":"https:\/\/meber2026.graphoservice.it\/fr\/wp-json\/wp\/v2\/product\/18848","targetHints":{"allow":["GET"]}}],"collection":[{"href":"https:\/\/meber2026.graphoservice.it\/fr\/wp-json\/wp\/v2\/product"}],"about":[{"href":"https:\/\/meber2026.graphoservice.it\/fr\/wp-json\/wp\/v2\/types\/product"}],"author":[{"embeddable":true,"href":"https:\/\/meber2026.graphoservice.it\/fr\/wp-json\/wp\/v2\/users\/1"}],"version-history":[{"count":1,"href":"https:\/\/meber2026.graphoservice.it\/fr\/wp-json\/wp\/v2\/product\/18848\/revisions"}],"predecessor-version":[{"id":30894,"href":"https:\/\/meber2026.graphoservice.it\/fr\/wp-json\/wp\/v2\/product\/18848\/revisions\/30894"}],"wp:featuredmedia":[{"embeddable":true,"href":"https:\/\/meber2026.graphoservice.it\/fr\/wp-json\/wp\/v2\/media\/26105"}],"wp:attachment":[{"href":"https:\/\/meber2026.graphoservice.it\/fr\/wp-json\/wp\/v2\/media?parent=18848"}],"wp:term":[{"taxonomy":"application-tag","embeddable":true,"href":"https:\/\/meber2026.graphoservice.it\/fr\/wp-json\/wp\/v2\/application-tag?post=18848"}],"curies":[{"name":"wp","href":"https:\/\/api.w.org\/{rel}","templated":true}]}}

<p>C’est un dispositif d’une importance fondamentale pour le secouriste. Équipée de 4 roues (2 arrière fixes Ø 125 mm et 2 avant pivotantes avec frein Ø 100 mm), d’accoudoirs rabattables, d’un repose-pieds rabattable, de 4 poignées arrière et de 2 poignées avant amovibles, elle garantit confort et sécurité au patient. Le dossier et l’assise en matériau thermoplastique peuvent être facilement désinfectés. Livrée avec un sac noir avec 3 ceintures (Art. 590/N).</p>
<p><b><img loading="lazy" decoding="async" alt="" height="88" src="https://www.meber.it/adm/Images/contents/10G Logo 2019_def.png" width="80" /><br />
Appareil certifié selon les normes de sécurité harmonisées UNI EN 1865 – UNI EN 1789</b></p>

<p>C’est un dispositif d’une importance fondamentale pour le secouriste. Équipée de 4 roues (2 arrière fixes Ø 125 mm et 2 avant pivotantes avec frein Ø 100 mm), d’accoudoirs rabattables, d’un repose-pieds rabattable, de 4 poignées arrière et de 2 poignées avant amovibles, elle garantit confort et sécurité au patient. Le dossier et l’assise en [&hellip;]</p>

<!-- This site is optimized with the Yoast SEO plugin v27.4 - https://yoast.com/product/yoast-seo-wordpress/ -->
<title>Chaise portoir 659/Y</title>
<meta name="description" content="Chaise portoir pliante à 4 roues avec repose-pieds et accoudoirs ; couleur jaune/noir." />
<meta name="robots" content="noindex, follow, max-snippet:-1, max-image-preview:large, max-video-preview:-1" />
<meta property="og:locale" content="fr_FR" />
<meta property="og:type" content="article" />
<meta property="og:title" content="Chaise portoir 659/Y" />
<meta property="og:description" content="Chaise portoir pliante à 4 roues avec repose-pieds et accoudoirs ; couleur jaune/noir." />
<meta property="og:url" content="https://meber2026.graphoservice.it/fr/product/quick-659-y/" />
<meta property="og:site_name" content="Me.Ber." />
<meta property="article:modified_time" content="2026-04-28T16:10:10+00:00" />
<meta property="og:image" content="https://meber2026.graphoservice.it/wp-content/uploads/2026/02/659Y_sedia_leve_chiuse_ruote-nuove-copia.webp" />
	<meta property="og:image:width" content="2000" />
	<meta property="og:image:height" content="2000" />
	<meta property="og:image:type" content="image/webp" />
<meta name="twitter:card" content="summary_large_image" />
<script type="application/ld+json" class="yoast-schema-graph">{"@context":"https:\/\/schema.org","@graph":[{"@type":"WebPage","@id":"https:\/\/meber2026.graphoservice.it\/fr\/product\/quick-659-y\/","url":"https:\/\/meber2026.graphoservice.it\/fr\/product\/quick-659-y\/","name":"Chaise portoir 659\/Y","isPartOf":{"@id":"https:\/\/meber2026.graphoservice.it\/fr\/#website"},"primaryImageOfPage":{"@id":"https:\/\/meber2026.graphoservice.it\/fr\/product\/quick-659-y\/#primaryimage"},"image":{"@id":"https:\/\/meber2026.graphoservice.it\/fr\/product\/quick-659-y\/#primaryimage"},"thumbnailUrl":"https:\/\/meber2026.graphoservice.it\/wp-content\/uploads\/2026\/02\/659Y_sedia_leve_chiuse_ruote-nuove-copia.webp","datePublished":"2026-02-10T09:27:23+00:00","dateModified":"2026-04-28T16:10:10+00:00","description":"Chaise portoir pliante à 4 roues avec repose-pieds et accoudoirs ; couleur jaune\/noir.","breadcrumb":{"@id":"https:\/\/meber2026.graphoservice.it\/fr\/product\/quick-659-y\/#breadcrumb"},"inLanguage":"fr-FR","potentialAction":[{"@type":"ReadAction","target":["https:\/\/meber2026.graphoservice.it\/fr\/product\/quick-659-y\/"]}]},{"@type":"ImageObject","inLanguage":"fr-FR","@id":"https:\/\/meber2026.graphoservice.it\/fr\/product\/quick-659-y\/#primaryimage","url":"https:\/\/meber2026.graphoservice.it\/wp-content\/uploads\/2026\/02\/659Y_sedia_leve_chiuse_ruote-nuove-copia.webp","contentUrl":"https:\/\/meber2026.graphoservice.it\/wp-content\/uploads\/2026\/02\/659Y_sedia_leve_chiuse_ruote-nuove-copia.webp","width":2000,"height":2000},{"@type":"BreadcrumbList","@id":"https:\/\/meber2026.graphoservice.it\/fr\/product\/quick-659-y\/#breadcrumb","itemListElement":[{"@type":"ListItem","position":1,"name":"Home","item":"https:\/\/meber2026.graphoservice.it\/fr\/"},{"@type":"ListItem","position":2,"name":"Quick 659\/Y"}]},{"@type":"WebSite","@id":"https:\/\/meber2026.graphoservice.it\/fr\/#website","url":"https:\/\/meber2026.graphoservice.it\/fr\/","name":"Me.Ber.","description":"In Case of Emergerncy","potentialAction":[{"@type":"SearchAction","target":{"@type":"EntryPoint","urlTemplate":"https:\/\/meber2026.graphoservice.it\/fr\/?s={search_term_string}"},"query-input":{"@type":"PropertyValueSpecification","valueRequired":true,"valueName":"search_term_string"}}],"inLanguage":"fr-FR"}]}</script>
<!-- / Yoast SEO plugin. -->

Chaise portoir pliante à 4 roues avec repose-pieds et accoudoirs ; couleur jaune/noir.
