{"id":18563,"date":"2026-02-10T09:26:13","date_gmt":"2026-02-10T09:26:13","guid":{"rendered":"https:\/\/meber2026.graphoservice.it\/product\/1362-2\/"},"modified":"2026-04-28T16:04:28","modified_gmt":"2026-04-28T16:04:28","slug":"1362-2","status":"publish","type":"product","link":"https:\/\/meber2026.graphoservice.it\/fr\/product\/1362-2\/","title":{"rendered":"1362"},"content":{"rendered":"<p>Sac \u00e0 dos modulable pratique, compact et simple, adapt\u00e9 aux b\u00e9n\u00e9voles et aux professionnels du secours. \u00c0 l\u2019ext\u00e9rieur, il est fabriqu\u00e9 en nylon bleu ind\u00e9chirable avec une double couture, des fermetures \u00e9clair robustes de 10 mm, des bandes r\u00e9fl\u00e9chissantes haute visibilit\u00e9 sur tous les c\u00f4t\u00e9s, un fond en PVC \u00e0 cellules ferm\u00e9es et des supports en plastique. \u00c0 l\u2019int\u00e9rieur, il a une structure de coque de protection rigide en mat\u00e9riau thermoplastique et se compose d\u2019un grand compartiment central avec double ouverture frontale zipp\u00e9e, et de 4 poches lat\u00e9rales externes. Le compartiment central est \u00e9quip\u00e9 d\u2019attaches Velcro\u00ae pour la fixation de 4 \u00e9tuis de couleur standard, chacune avec une grande fen\u00eatre transparente renforc\u00e9e par une double couture, et de<strong> <\/strong>2<strong> <\/strong>sacs professionnels<strong> <\/strong>(diagnostic et m\u00e9dicament), toujours standard, dans lesquels loger et organiser les outils n\u00e9cessaires \u00e0 l\u2019intervention. Le sac \u00e0 dos est compl\u00e9t\u00e9 par une poche frontale avec bandes int\u00e9rieures pour objets, trois poign\u00e9es (une sup\u00e9rieure et deux lat\u00e9rales) recouvertes de caoutchouc antid\u00e9rapant pour un portage \u00e0 la main et deux bretelles renforc\u00e9es de bandes r\u00e9fl\u00e9chissantes.<\/p>\n<p> <strong>Ambumed est vendu avec 4 sachets rectangulaires (Art. 1362-002) et 2 sachets carr\u00e9s (Art. 1362-001).<\/strong><br \/> <strong>Dimensions: 53 x 53 x 25 cm (LxHxP).<\/strong><\/p>\n<p> <iframe referrerpolicy=\"strict-origin-when-cross-origin\" loading=\"lazy\" allow=\"accelerometer; autoplay; encrypted-media; gyroscope; picture-in-picture\" allowfullscreen=\"\" frameborder=\"0\" height=\"315\" src=\"https:\/\/www.youtube.com\/embed\/6uYuMGdR3Gk?origin=https%3A%2F%2Fmeber2026.graphoservice.it%2Ffr%2F\" width=\"360\"><\/iframe><\/p>\n","protected":false},"excerpt":{"rendered":"<p>Sac \u00e0 dos modulable pratique, compact et simple, adapt\u00e9 aux b\u00e9n\u00e9voles et aux professionnels du secours. \u00c0 l\u2019ext\u00e9rieur, il est fabriqu\u00e9 en nylon bleu ind\u00e9chirable avec une double couture, des fermetures \u00e9clair robustes de 10 mm, des bandes r\u00e9fl\u00e9chissantes haute visibilit\u00e9 sur tous les c\u00f4t\u00e9s, un fond en PVC \u00e0 cellules ferm\u00e9es et des supports [&hellip;]<\/p>\n","protected":false},"author":1,"featured_media":14934,"parent":0,"menu_order":80000800,"template":"","meta":{"_acf_changed":false,"footnotes":""},"application-tag":[95],"class_list":["post-18563","product","type-product","status-publish","has-post-thumbnail","hentry","application-tag-materiel-de-premiers-secours"],"acf":[],"dsm_author":{"name":"admeb26","avatar_url":"https:\/\/meber2026.graphoservice.it\/wp-content\/plugins\/ultimate-member\/assets\/img\/default_avatar.jpg","archive_link":"https:\/\/meber2026.graphoservice.it\/fr\/author\/admeb26\/","biodata":""},"dsm_categories":[],"dsm_attachment_categories":[],"dsm_featured_image":{"thumbnail":"https:\/\/meber2026.graphoservice.it\/wp-content\/uploads\/2026\/02\/1362_001-150x150.jpg","medium":"https:\/\/meber2026.graphoservice.it\/wp-content\/uploads\/2026\/02\/1362_001-257x300.jpg","medium_large":"https:\/\/meber2026.graphoservice.it\/wp-content\/uploads\/2026\/02\/1362_001.jpg","large":"https:\/\/meber2026.graphoservice.it\/wp-content\/uploads\/2026\/02\/1362_001.jpg","1536x1536":"https:\/\/meber2026.graphoservice.it\/wp-content\/uploads\/2026\/02\/1362_001.jpg","2048x2048":"https:\/\/meber2026.graphoservice.it\/wp-content\/uploads\/2026\/02\/1362_001.jpg","et-pb-post-main-image":"https:\/\/meber2026.graphoservice.it\/wp-content\/uploads\/2026\/02\/1362_001-400x250.jpg","et-pb-post-main-image-fullwidth":"https:\/\/meber2026.graphoservice.it\/wp-content\/uploads\/2026\/02\/1362_001-667x675.jpg","et-pb-portfolio-image":"https:\/\/meber2026.graphoservice.it\/wp-content\/uploads\/2026\/02\/1362_001-400x284.jpg","et-pb-portfolio-module-image":"https:\/\/meber2026.graphoservice.it\/wp-content\/uploads\/2026\/02\/1362_001-510x382.jpg","et-pb-portfolio-image-single":"https:\/\/meber2026.graphoservice.it\/wp-content\/uploads\/2026\/02\/1362_001.jpg","et-pb-gallery-module-image-portrait":"https:\/\/meber2026.graphoservice.it\/wp-content\/uploads\/2026\/02\/1362_001-400x516.jpg","et-pb-post-main-image-fullwidth-large":"https:\/\/meber2026.graphoservice.it\/wp-content\/uploads\/2026\/02\/1362_001.jpg","et-pb-image--responsive--desktop":"https:\/\/meber2026.graphoservice.it\/wp-content\/uploads\/2026\/02\/1362_001.jpg","et-pb-image--responsive--tablet":"https:\/\/meber2026.graphoservice.it\/wp-content\/uploads\/2026\/02\/1362_001.jpg","et-pb-image--responsive--phone":"https:\/\/meber2026.graphoservice.it\/wp-content\/uploads\/2026\/02\/1362_001-480x561.jpg","full":"https:\/\/meber2026.graphoservice.it\/wp-content\/uploads\/2026\/02\/1362_001.jpg"},"yoast_head":"<!-- This site is optimized with the Yoast SEO plugin v27.4 - https:\/\/yoast.com\/product\/yoast-seo-wordpress\/ -->\n<title>1362<\/title>\n<meta name=\"robots\" content=\"noindex, follow, max-snippet:-1, max-image-preview:large, max-video-preview:-1\" \/>\n<meta property=\"og:locale\" content=\"fr_FR\" \/>\n<meta property=\"og:type\" content=\"article\" \/>\n<meta property=\"og:title\" content=\"1362\" \/>\n<meta property=\"og:description\" content=\"Sac \u00e0 dos modulable pratique, compact et simple, adapt\u00e9 aux b\u00e9n\u00e9voles et aux professionnels du secours. \u00c0 l\u2019ext\u00e9rieur, il est fabriqu\u00e9 en nylon bleu ind\u00e9chirable avec une double couture, des fermetures \u00e9clair robustes de 10 mm, des bandes r\u00e9fl\u00e9chissantes haute visibilit\u00e9 sur tous les c\u00f4t\u00e9s, un fond en PVC \u00e0 cellules ferm\u00e9es et des supports [&hellip;]\" \/>\n<meta property=\"og:url\" content=\"https:\/\/meber2026.graphoservice.it\/fr\/product\/1362-2\/\" \/>\n<meta property=\"og:site_name\" content=\"Me.Ber.\" \/>\n<meta property=\"article:modified_time\" content=\"2026-04-28T16:04:28+00:00\" \/>\n<meta property=\"og:image\" content=\"https:\/\/meber2026.graphoservice.it\/wp-content\/uploads\/2026\/02\/1362_001.jpg\" \/>\n\t<meta property=\"og:image:width\" content=\"667\" \/>\n\t<meta property=\"og:image:height\" content=\"780\" \/>\n\t<meta property=\"og:image:type\" content=\"image\/jpeg\" \/>\n<meta name=\"twitter:card\" content=\"summary_large_image\" \/>\n<meta name=\"twitter:label1\" content=\"Dur\u00e9e de lecture estim\u00e9e\" \/>\n\t<meta name=\"twitter:data1\" content=\"1 minute\" \/>\n<script type=\"application\/ld+json\" class=\"yoast-schema-graph\">{\"@context\":\"https:\\\/\\\/schema.org\",\"@graph\":[{\"@type\":\"WebPage\",\"@id\":\"https:\\\/\\\/meber2026.graphoservice.it\\\/fr\\\/product\\\/1362-2\\\/\",\"url\":\"https:\\\/\\\/meber2026.graphoservice.it\\\/fr\\\/product\\\/1362-2\\\/\",\"name\":\"1362\",\"isPartOf\":{\"@id\":\"https:\\\/\\\/meber2026.graphoservice.it\\\/fr\\\/#website\"},\"primaryImageOfPage\":{\"@id\":\"https:\\\/\\\/meber2026.graphoservice.it\\\/fr\\\/product\\\/1362-2\\\/#primaryimage\"},\"image\":{\"@id\":\"https:\\\/\\\/meber2026.graphoservice.it\\\/fr\\\/product\\\/1362-2\\\/#primaryimage\"},\"thumbnailUrl\":\"https:\\\/\\\/meber2026.graphoservice.it\\\/wp-content\\\/uploads\\\/2026\\\/02\\\/1362_001.jpg\",\"datePublished\":\"2026-02-10T09:26:13+00:00\",\"dateModified\":\"2026-04-28T16:04:28+00:00\",\"breadcrumb\":{\"@id\":\"https:\\\/\\\/meber2026.graphoservice.it\\\/fr\\\/product\\\/1362-2\\\/#breadcrumb\"},\"inLanguage\":\"fr-FR\",\"potentialAction\":[{\"@type\":\"ReadAction\",\"target\":[\"https:\\\/\\\/meber2026.graphoservice.it\\\/fr\\\/product\\\/1362-2\\\/\"]}]},{\"@type\":\"ImageObject\",\"inLanguage\":\"fr-FR\",\"@id\":\"https:\\\/\\\/meber2026.graphoservice.it\\\/fr\\\/product\\\/1362-2\\\/#primaryimage\",\"url\":\"https:\\\/\\\/meber2026.graphoservice.it\\\/wp-content\\\/uploads\\\/2026\\\/02\\\/1362_001.jpg\",\"contentUrl\":\"https:\\\/\\\/meber2026.graphoservice.it\\\/wp-content\\\/uploads\\\/2026\\\/02\\\/1362_001.jpg\",\"width\":667,\"height\":780},{\"@type\":\"BreadcrumbList\",\"@id\":\"https:\\\/\\\/meber2026.graphoservice.it\\\/fr\\\/product\\\/1362-2\\\/#breadcrumb\",\"itemListElement\":[{\"@type\":\"ListItem\",\"position\":1,\"name\":\"Home\",\"item\":\"https:\\\/\\\/meber2026.graphoservice.it\\\/fr\\\/\"},{\"@type\":\"ListItem\",\"position\":2,\"name\":\"1362\"}]},{\"@type\":\"WebSite\",\"@id\":\"https:\\\/\\\/meber2026.graphoservice.it\\\/fr\\\/#website\",\"url\":\"https:\\\/\\\/meber2026.graphoservice.it\\\/fr\\\/\",\"name\":\"Me.Ber.\",\"description\":\"In Case of Emergerncy\",\"potentialAction\":[{\"@type\":\"SearchAction\",\"target\":{\"@type\":\"EntryPoint\",\"urlTemplate\":\"https:\\\/\\\/meber2026.graphoservice.it\\\/fr\\\/?s={search_term_string}\"},\"query-input\":{\"@type\":\"PropertyValueSpecification\",\"valueRequired\":true,\"valueName\":\"search_term_string\"}}],\"inLanguage\":\"fr-FR\"}]}<\/script>\n<!-- \/ Yoast SEO plugin. -->","yoast_head_json":{"title":"1362","robots":{"index":"noindex","follow":"follow","max-snippet":"max-snippet:-1","max-image-preview":"max-image-preview:large","max-video-preview":"max-video-preview:-1"},"og_locale":"fr_FR","og_type":"article","og_title":"1362","og_description":"Sac \u00e0 dos modulable pratique, compact et simple, adapt\u00e9 aux b\u00e9n\u00e9voles et aux professionnels du secours. \u00c0 l\u2019ext\u00e9rieur, il est fabriqu\u00e9 en nylon bleu ind\u00e9chirable avec une double couture, des fermetures \u00e9clair robustes de 10 mm, des bandes r\u00e9fl\u00e9chissantes haute visibilit\u00e9 sur tous les c\u00f4t\u00e9s, un fond en PVC \u00e0 cellules ferm\u00e9es et des supports [&hellip;]","og_url":"https:\/\/meber2026.graphoservice.it\/fr\/product\/1362-2\/","og_site_name":"Me.Ber.","article_modified_time":"2026-04-28T16:04:28+00:00","og_image":[{"width":667,"height":780,"url":"https:\/\/meber2026.graphoservice.it\/wp-content\/uploads\/2026\/02\/1362_001.jpg","type":"image\/jpeg"}],"twitter_card":"summary_large_image","twitter_misc":{"Dur\u00e9e de lecture estim\u00e9e":"1 minute"},"schema":{"@context":"https:\/\/schema.org","@graph":[{"@type":"WebPage","@id":"https:\/\/meber2026.graphoservice.it\/fr\/product\/1362-2\/","url":"https:\/\/meber2026.graphoservice.it\/fr\/product\/1362-2\/","name":"1362","isPartOf":{"@id":"https:\/\/meber2026.graphoservice.it\/fr\/#website"},"primaryImageOfPage":{"@id":"https:\/\/meber2026.graphoservice.it\/fr\/product\/1362-2\/#primaryimage"},"image":{"@id":"https:\/\/meber2026.graphoservice.it\/fr\/product\/1362-2\/#primaryimage"},"thumbnailUrl":"https:\/\/meber2026.graphoservice.it\/wp-content\/uploads\/2026\/02\/1362_001.jpg","datePublished":"2026-02-10T09:26:13+00:00","dateModified":"2026-04-28T16:04:28+00:00","breadcrumb":{"@id":"https:\/\/meber2026.graphoservice.it\/fr\/product\/1362-2\/#breadcrumb"},"inLanguage":"fr-FR","potentialAction":[{"@type":"ReadAction","target":["https:\/\/meber2026.graphoservice.it\/fr\/product\/1362-2\/"]}]},{"@type":"ImageObject","inLanguage":"fr-FR","@id":"https:\/\/meber2026.graphoservice.it\/fr\/product\/1362-2\/#primaryimage","url":"https:\/\/meber2026.graphoservice.it\/wp-content\/uploads\/2026\/02\/1362_001.jpg","contentUrl":"https:\/\/meber2026.graphoservice.it\/wp-content\/uploads\/2026\/02\/1362_001.jpg","width":667,"height":780},{"@type":"BreadcrumbList","@id":"https:\/\/meber2026.graphoservice.it\/fr\/product\/1362-2\/#breadcrumb","itemListElement":[{"@type":"ListItem","position":1,"name":"Home","item":"https:\/\/meber2026.graphoservice.it\/fr\/"},{"@type":"ListItem","position":2,"name":"1362"}]},{"@type":"WebSite","@id":"https:\/\/meber2026.graphoservice.it\/fr\/#website","url":"https:\/\/meber2026.graphoservice.it\/fr\/","name":"Me.Ber.","description":"In Case of Emergerncy","potentialAction":[{"@type":"SearchAction","target":{"@type":"EntryPoint","urlTemplate":"https:\/\/meber2026.graphoservice.it\/fr\/?s={search_term_string}"},"query-input":{"@type":"PropertyValueSpecification","valueRequired":true,"valueName":"search_term_string"}}],"inLanguage":"fr-FR"}]}},"_links":{"self":[{"href":"https:\/\/meber2026.graphoservice.it\/fr\/wp-json\/wp\/v2\/product\/18563","targetHints":{"allow":["GET"]}}],"collection":[{"href":"https:\/\/meber2026.graphoservice.it\/fr\/wp-json\/wp\/v2\/product"}],"about":[{"href":"https:\/\/meber2026.graphoservice.it\/fr\/wp-json\/wp\/v2\/types\/product"}],"author":[{"embeddable":true,"href":"https:\/\/meber2026.graphoservice.it\/fr\/wp-json\/wp\/v2\/users\/1"}],"version-history":[{"count":1,"href":"https:\/\/meber2026.graphoservice.it\/fr\/wp-json\/wp\/v2\/product\/18563\/revisions"}],"predecessor-version":[{"id":30667,"href":"https:\/\/meber2026.graphoservice.it\/fr\/wp-json\/wp\/v2\/product\/18563\/revisions\/30667"}],"wp:featuredmedia":[{"embeddable":true,"href":"https:\/\/meber2026.graphoservice.it\/fr\/wp-json\/wp\/v2\/media\/14934"}],"wp:attachment":[{"href":"https:\/\/meber2026.graphoservice.it\/fr\/wp-json\/wp\/v2\/media?parent=18563"}],"wp:term":[{"taxonomy":"application-tag","embeddable":true,"href":"https:\/\/meber2026.graphoservice.it\/fr\/wp-json\/wp\/v2\/application-tag?post=18563"}],"curies":[{"name":"wp","href":"https:\/\/api.w.org\/{rel}","templated":true}]}}

<p>Sac à dos modulable pratique, compact et simple, adapté aux bénévoles et aux professionnels du secours. À l’extérieur, il est fabriqué en nylon bleu indéchirable avec une double couture, des fermetures éclair robustes de 10 mm, des bandes réfléchissantes haute visibilité sur tous les côtés, un fond en PVC à cellules fermées et des supports en plastique. À l’intérieur, il a une structure de coque de protection rigide en matériau thermoplastique et se compose d’un grand compartiment central avec double ouverture frontale zippée, et de 4 poches latérales externes. Le compartiment central est équipé d’attaches Velcro® pour la fixation de 4 étuis de couleur standard, chacune avec une grande fenêtre transparente renforcée par une double couture, et de<strong> </strong>2<strong> </strong>sacs professionnels<strong> </strong>(diagnostic et médicament), toujours standard, dans lesquels loger et organiser les outils nécessaires à l’intervention. Le sac à dos est complété par une poche frontale avec bandes intérieures pour objets, trois poignées (une supérieure et deux latérales) recouvertes de caoutchouc antidérapant pour un portage à la main et deux bretelles renforcées de bandes réfléchissantes.</p>
<p> <strong>Ambumed est vendu avec 4 sachets rectangulaires (Art. 1362-002) et 2 sachets carrés (Art. 1362-001).</strong><br /> <strong>Dimensions: 53 x 53 x 25 cm (LxHxP).</strong></p>
<p> <iframe referrerpolicy="strict-origin-when-cross-origin" loading="lazy" allow="accelerometer; autoplay; encrypted-media; gyroscope; picture-in-picture" allowfullscreen="" frameborder="0" height="315" src="https://www.youtube.com/embed/6uYuMGdR3Gk?origin=https%3A%2F%2Fmeber2026.graphoservice.it%2Ffr%2F" width="360"></iframe></p>

<p>Sac à dos modulable pratique, compact et simple, adapté aux bénévoles et aux professionnels du secours. À l’extérieur, il est fabriqué en nylon bleu indéchirable avec une double couture, des fermetures éclair robustes de 10 mm, des bandes réfléchissantes haute visibilité sur tous les côtés, un fond en PVC à cellules fermées et des supports [&hellip;]</p>

<!-- This site is optimized with the Yoast SEO plugin v27.4 - https://yoast.com/product/yoast-seo-wordpress/ -->
<title>1362</title>
<meta name="robots" content="noindex, follow, max-snippet:-1, max-image-preview:large, max-video-preview:-1" />
<meta property="og:locale" content="fr_FR" />
<meta property="og:type" content="article" />
<meta property="og:title" content="1362" />
<meta property="og:description" content="Sac à dos modulable pratique, compact et simple, adapté aux bénévoles et aux professionnels du secours. À l’extérieur, il est fabriqué en nylon bleu indéchirable avec une double couture, des fermetures éclair robustes de 10 mm, des bandes réfléchissantes haute visibilité sur tous les côtés, un fond en PVC à cellules fermées et des supports [&hellip;]" />
<meta property="og:url" content="https://meber2026.graphoservice.it/fr/product/1362-2/" />
<meta property="og:site_name" content="Me.Ber." />
<meta property="article:modified_time" content="2026-04-28T16:04:28+00:00" />
<meta property="og:image" content="https://meber2026.graphoservice.it/wp-content/uploads/2026/02/1362_001.jpg" />
	<meta property="og:image:width" content="667" />
	<meta property="og:image:height" content="780" />
	<meta property="og:image:type" content="image/jpeg" />
<meta name="twitter:card" content="summary_large_image" />
<meta name="twitter:label1" content="Durée de lecture estimée" />
	<meta name="twitter:data1" content="1 minute" />
<script type="application/ld+json" class="yoast-schema-graph">{"@context":"https:\/\/schema.org","@graph":[{"@type":"WebPage","@id":"https:\/\/meber2026.graphoservice.it\/fr\/product\/1362-2\/","url":"https:\/\/meber2026.graphoservice.it\/fr\/product\/1362-2\/","name":"1362","isPartOf":{"@id":"https:\/\/meber2026.graphoservice.it\/fr\/#website"},"primaryImageOfPage":{"@id":"https:\/\/meber2026.graphoservice.it\/fr\/product\/1362-2\/#primaryimage"},"image":{"@id":"https:\/\/meber2026.graphoservice.it\/fr\/product\/1362-2\/#primaryimage"},"thumbnailUrl":"https:\/\/meber2026.graphoservice.it\/wp-content\/uploads\/2026\/02\/1362_001.jpg","datePublished":"2026-02-10T09:26:13+00:00","dateModified":"2026-04-28T16:04:28+00:00","breadcrumb":{"@id":"https:\/\/meber2026.graphoservice.it\/fr\/product\/1362-2\/#breadcrumb"},"inLanguage":"fr-FR","potentialAction":[{"@type":"ReadAction","target":["https:\/\/meber2026.graphoservice.it\/fr\/product\/1362-2\/"]}]},{"@type":"ImageObject","inLanguage":"fr-FR","@id":"https:\/\/meber2026.graphoservice.it\/fr\/product\/1362-2\/#primaryimage","url":"https:\/\/meber2026.graphoservice.it\/wp-content\/uploads\/2026\/02\/1362_001.jpg","contentUrl":"https:\/\/meber2026.graphoservice.it\/wp-content\/uploads\/2026\/02\/1362_001.jpg","width":667,"height":780},{"@type":"BreadcrumbList","@id":"https:\/\/meber2026.graphoservice.it\/fr\/product\/1362-2\/#breadcrumb","itemListElement":[{"@type":"ListItem","position":1,"name":"Home","item":"https:\/\/meber2026.graphoservice.it\/fr\/"},{"@type":"ListItem","position":2,"name":"1362"}]},{"@type":"WebSite","@id":"https:\/\/meber2026.graphoservice.it\/fr\/#website","url":"https:\/\/meber2026.graphoservice.it\/fr\/","name":"Me.Ber.","description":"In Case of Emergerncy","potentialAction":[{"@type":"SearchAction","target":{"@type":"EntryPoint","urlTemplate":"https:\/\/meber2026.graphoservice.it\/fr\/?s={search_term_string}"},"query-input":{"@type":"PropertyValueSpecification","valueRequired":true,"valueName":"search_term_string"}}],"inLanguage":"fr-FR"}]}</script>
<!-- / Yoast SEO plugin. -->

Sac à dos modulable pratique, compact et simple, adapté aux bénévoles et aux professionnels du secours. À l’extérieur, il est fabriqué en nylon bleu indéchirable avec une double couture, des fermetures éclair robustes de 10 mm, des bandes réfléchissantes haute visibilité sur tous les côtés, un fond en PVC à cellules fermées et des supports [&hellip;]
