{"id":18383,"date":"2026-02-10T09:25:55","date_gmt":"2026-02-10T09:25:55","guid":{"rendered":"https:\/\/meber2026.graphoservice.it\/product\/maxima-630-n\/"},"modified":"2026-04-28T16:01:27","modified_gmt":"2026-04-28T16:01:27","slug":"maxima-630-n","status":"publish","type":"product","link":"https:\/\/meber2026.graphoservice.it\/fr\/product\/maxima-630-n\/","title":{"rendered":"Maxima 630\/N"},"content":{"rendered":"<div style=\"\">En conservant les m\u00eames caract\u00e9ristiques que celles de l\u2019Art. 630, gr\u00e2ce \u00e0 la peinture sp\u00e9ciale (cr\u00e9\u00e9e pour r\u00e9sister dans le temps), il peut distinguer l\u2019op\u00e9rateur qui l\u2019utilise ou le quartier auquel il appartient.<\/p>\n<p> <img loading=\"lazy\" decoding=\"async\" alt=\"\" height=\"88\" src=\"https:\/\/www.meber.it\/adm\/Images\/contents\/10G Logo 2019_def.png\" width=\"80\" \/><\/p>\n<p> <strong>Appareil certifi\u00e9 selon les normes de s\u00e9curit\u00e9 harmonis\u00e9es UNI EN 1865 &#8211; UNI EN 1789.<\/strong><\/div>\n<ul>\n<li style=\"\">Dispositif efficace d\u2019accouplement et de lib\u00e9ration pour diviser le brancard.<\/li>\n<li style=\"\">Longueur r\u00e9glable avec verrouillage automatique.<\/li>\n<li style=\"\">Sac avec 3 ceintures \u00e0 d\u00e9gagement rapide pour l\u2019immobilisation du patient (603\/MEB).<\/li>\n<li style=\"\">Rangement facile dans l\u2019ambulance en position repli\u00e9e.<\/li>\n<li style=\"\">Enti\u00e8rement en aluminium robuste et l\u00e9ger.<\/li>\n<li style=\"\">L\u2019\u00e9tui pour brancard est disponible sur demande (Art. 630\/CS).<\/li>\n<\/ul>\n","protected":false},"excerpt":{"rendered":"<p>En conservant les m\u00eames caract\u00e9ristiques que celles de l\u2019Art. 630, gr\u00e2ce \u00e0 la peinture sp\u00e9ciale (cr\u00e9\u00e9e pour r\u00e9sister dans le temps), il peut distinguer l\u2019op\u00e9rateur qui l\u2019utilise ou le quartier auquel il appartient. Appareil certifi\u00e9 selon les normes de s\u00e9curit\u00e9 harmonis\u00e9es UNI EN 1865 &#8211; UNI EN 1789. Dispositif efficace d\u2019accouplement et de lib\u00e9ration pour [&hellip;]<\/p>\n","protected":false},"author":1,"featured_media":27083,"parent":0,"menu_order":10000800,"template":"","meta":{"_acf_changed":false,"footnotes":""},"application-tag":[71],"class_list":["post-18383","product","type-product","status-publish","has-post-thumbnail","hentry","application-tag-brancards"],"acf":[],"dsm_author":{"name":"admeb26","avatar_url":"https:\/\/meber2026.graphoservice.it\/wp-content\/plugins\/ultimate-member\/assets\/img\/default_avatar.jpg","archive_link":"https:\/\/meber2026.graphoservice.it\/fr\/author\/admeb26\/","biodata":""},"dsm_categories":[],"dsm_attachment_categories":[],"dsm_featured_image":{"thumbnail":"https:\/\/meber2026.graphoservice.it\/wp-content\/uploads\/2026\/03\/630N-150x150.png","medium":"https:\/\/meber2026.graphoservice.it\/wp-content\/uploads\/2026\/03\/630N-300x300.png","medium_large":"https:\/\/meber2026.graphoservice.it\/wp-content\/uploads\/2026\/03\/630N-768x768.png","large":"https:\/\/meber2026.graphoservice.it\/wp-content\/uploads\/2026\/03\/630N-1024x1024.png","1536x1536":"https:\/\/meber2026.graphoservice.it\/wp-content\/uploads\/2026\/03\/630N.png","2048x2048":"https:\/\/meber2026.graphoservice.it\/wp-content\/uploads\/2026\/03\/630N.png","et-pb-post-main-image":"https:\/\/meber2026.graphoservice.it\/wp-content\/uploads\/2026\/03\/630N-400x250.png","et-pb-post-main-image-fullwidth":"https:\/\/meber2026.graphoservice.it\/wp-content\/uploads\/2026\/03\/630N-1080x675.png","et-pb-portfolio-image":"https:\/\/meber2026.graphoservice.it\/wp-content\/uploads\/2026\/03\/630N-400x284.png","et-pb-portfolio-module-image":"https:\/\/meber2026.graphoservice.it\/wp-content\/uploads\/2026\/03\/630N-510x382.png","et-pb-portfolio-image-single":"https:\/\/meber2026.graphoservice.it\/wp-content\/uploads\/2026\/03\/630N-1080x1080.png","et-pb-gallery-module-image-portrait":"https:\/\/meber2026.graphoservice.it\/wp-content\/uploads\/2026\/03\/630N-400x516.png","et-pb-post-main-image-fullwidth-large":"https:\/\/meber2026.graphoservice.it\/wp-content\/uploads\/2026\/03\/630N.png","et-pb-image--responsive--desktop":"https:\/\/meber2026.graphoservice.it\/wp-content\/uploads\/2026\/03\/630N-1280x1280.png","et-pb-image--responsive--tablet":"https:\/\/meber2026.graphoservice.it\/wp-content\/uploads\/2026\/03\/630N-980x980.png","et-pb-image--responsive--phone":"https:\/\/meber2026.graphoservice.it\/wp-content\/uploads\/2026\/03\/630N-480x480.png","full":"https:\/\/meber2026.graphoservice.it\/wp-content\/uploads\/2026\/03\/630N.png"},"yoast_head":"<!-- This site is optimized with the Yoast SEO plugin v27.4 - https:\/\/yoast.com\/product\/yoast-seo-wordpress\/ -->\n<title>Brancard cuill\u00e8re atraumatique noir Meber<\/title>\n<meta name=\"description\" content=\"Les brancards cuill\u00e8res atraumatiques Meber sont disponibles en diff\u00e9rentes couleurs et conservent les m\u00eames caract\u00e9ristiques que l\u2019art. Maxima 630\" \/>\n<meta name=\"robots\" content=\"noindex, follow, max-snippet:-1, max-image-preview:large, max-video-preview:-1\" \/>\n<meta property=\"og:locale\" content=\"fr_FR\" \/>\n<meta property=\"og:type\" content=\"article\" \/>\n<meta property=\"og:title\" content=\"Brancard cuill\u00e8re atraumatique noir Meber\" \/>\n<meta property=\"og:description\" content=\"Les brancards cuill\u00e8res atraumatiques Meber sont disponibles en diff\u00e9rentes couleurs et conservent les m\u00eames caract\u00e9ristiques que l\u2019art. Maxima 630\" \/>\n<meta property=\"og:url\" content=\"https:\/\/meber2026.graphoservice.it\/fr\/product\/maxima-630-n\/\" \/>\n<meta property=\"og:site_name\" content=\"Me.Ber.\" \/>\n<meta property=\"article:modified_time\" content=\"2026-04-28T16:01:27+00:00\" \/>\n<meta property=\"og:image\" content=\"https:\/\/meber2026.graphoservice.it\/wp-content\/uploads\/2026\/03\/630N.png\" \/>\n\t<meta property=\"og:image:width\" content=\"1320\" \/>\n\t<meta property=\"og:image:height\" content=\"1320\" \/>\n\t<meta property=\"og:image:type\" content=\"image\/png\" \/>\n<meta name=\"twitter:card\" content=\"summary_large_image\" \/>\n<meta name=\"twitter:label1\" content=\"Dur\u00e9e de lecture estim\u00e9e\" \/>\n\t<meta name=\"twitter:data1\" content=\"1 minute\" \/>\n<script type=\"application\/ld+json\" class=\"yoast-schema-graph\">{\"@context\":\"https:\\\/\\\/schema.org\",\"@graph\":[{\"@type\":\"WebPage\",\"@id\":\"https:\\\/\\\/meber2026.graphoservice.it\\\/fr\\\/product\\\/maxima-630-n\\\/\",\"url\":\"https:\\\/\\\/meber2026.graphoservice.it\\\/fr\\\/product\\\/maxima-630-n\\\/\",\"name\":\"Brancard cuill\u00e8re atraumatique noir Meber\",\"isPartOf\":{\"@id\":\"https:\\\/\\\/meber2026.graphoservice.it\\\/fr\\\/#website\"},\"primaryImageOfPage\":{\"@id\":\"https:\\\/\\\/meber2026.graphoservice.it\\\/fr\\\/product\\\/maxima-630-n\\\/#primaryimage\"},\"image\":{\"@id\":\"https:\\\/\\\/meber2026.graphoservice.it\\\/fr\\\/product\\\/maxima-630-n\\\/#primaryimage\"},\"thumbnailUrl\":\"https:\\\/\\\/meber2026.graphoservice.it\\\/wp-content\\\/uploads\\\/2026\\\/03\\\/630N.png\",\"datePublished\":\"2026-02-10T09:25:55+00:00\",\"dateModified\":\"2026-04-28T16:01:27+00:00\",\"description\":\"Les brancards cuill\u00e8res atraumatiques Meber sont disponibles en diff\u00e9rentes couleurs et conservent les m\u00eames caract\u00e9ristiques que l\u2019art. Maxima 630\",\"breadcrumb\":{\"@id\":\"https:\\\/\\\/meber2026.graphoservice.it\\\/fr\\\/product\\\/maxima-630-n\\\/#breadcrumb\"},\"inLanguage\":\"fr-FR\",\"potentialAction\":[{\"@type\":\"ReadAction\",\"target\":[\"https:\\\/\\\/meber2026.graphoservice.it\\\/fr\\\/product\\\/maxima-630-n\\\/\"]}]},{\"@type\":\"ImageObject\",\"inLanguage\":\"fr-FR\",\"@id\":\"https:\\\/\\\/meber2026.graphoservice.it\\\/fr\\\/product\\\/maxima-630-n\\\/#primaryimage\",\"url\":\"https:\\\/\\\/meber2026.graphoservice.it\\\/wp-content\\\/uploads\\\/2026\\\/03\\\/630N.png\",\"contentUrl\":\"https:\\\/\\\/meber2026.graphoservice.it\\\/wp-content\\\/uploads\\\/2026\\\/03\\\/630N.png\",\"width\":1320,\"height\":1320},{\"@type\":\"BreadcrumbList\",\"@id\":\"https:\\\/\\\/meber2026.graphoservice.it\\\/fr\\\/product\\\/maxima-630-n\\\/#breadcrumb\",\"itemListElement\":[{\"@type\":\"ListItem\",\"position\":1,\"name\":\"Home\",\"item\":\"https:\\\/\\\/meber2026.graphoservice.it\\\/fr\\\/\"},{\"@type\":\"ListItem\",\"position\":2,\"name\":\"Maxima 630\\\/N\"}]},{\"@type\":\"WebSite\",\"@id\":\"https:\\\/\\\/meber2026.graphoservice.it\\\/fr\\\/#website\",\"url\":\"https:\\\/\\\/meber2026.graphoservice.it\\\/fr\\\/\",\"name\":\"Me.Ber.\",\"description\":\"In Case of Emergerncy\",\"potentialAction\":[{\"@type\":\"SearchAction\",\"target\":{\"@type\":\"EntryPoint\",\"urlTemplate\":\"https:\\\/\\\/meber2026.graphoservice.it\\\/fr\\\/?s={search_term_string}\"},\"query-input\":{\"@type\":\"PropertyValueSpecification\",\"valueRequired\":true,\"valueName\":\"search_term_string\"}}],\"inLanguage\":\"fr-FR\"}]}<\/script>\n<!-- \/ Yoast SEO plugin. -->","yoast_head_json":{"title":"Brancard cuill\u00e8re atraumatique noir Meber","description":"Les brancards cuill\u00e8res atraumatiques Meber sont disponibles en diff\u00e9rentes couleurs et conservent les m\u00eames caract\u00e9ristiques que l\u2019art. Maxima 630","robots":{"index":"noindex","follow":"follow","max-snippet":"max-snippet:-1","max-image-preview":"max-image-preview:large","max-video-preview":"max-video-preview:-1"},"og_locale":"fr_FR","og_type":"article","og_title":"Brancard cuill\u00e8re atraumatique noir Meber","og_description":"Les brancards cuill\u00e8res atraumatiques Meber sont disponibles en diff\u00e9rentes couleurs et conservent les m\u00eames caract\u00e9ristiques que l\u2019art. Maxima 630","og_url":"https:\/\/meber2026.graphoservice.it\/fr\/product\/maxima-630-n\/","og_site_name":"Me.Ber.","article_modified_time":"2026-04-28T16:01:27+00:00","og_image":[{"width":1320,"height":1320,"url":"https:\/\/meber2026.graphoservice.it\/wp-content\/uploads\/2026\/03\/630N.png","type":"image\/png"}],"twitter_card":"summary_large_image","twitter_misc":{"Dur\u00e9e de lecture estim\u00e9e":"1 minute"},"schema":{"@context":"https:\/\/schema.org","@graph":[{"@type":"WebPage","@id":"https:\/\/meber2026.graphoservice.it\/fr\/product\/maxima-630-n\/","url":"https:\/\/meber2026.graphoservice.it\/fr\/product\/maxima-630-n\/","name":"Brancard cuill\u00e8re atraumatique noir Meber","isPartOf":{"@id":"https:\/\/meber2026.graphoservice.it\/fr\/#website"},"primaryImageOfPage":{"@id":"https:\/\/meber2026.graphoservice.it\/fr\/product\/maxima-630-n\/#primaryimage"},"image":{"@id":"https:\/\/meber2026.graphoservice.it\/fr\/product\/maxima-630-n\/#primaryimage"},"thumbnailUrl":"https:\/\/meber2026.graphoservice.it\/wp-content\/uploads\/2026\/03\/630N.png","datePublished":"2026-02-10T09:25:55+00:00","dateModified":"2026-04-28T16:01:27+00:00","description":"Les brancards cuill\u00e8res atraumatiques Meber sont disponibles en diff\u00e9rentes couleurs et conservent les m\u00eames caract\u00e9ristiques que l\u2019art. Maxima 630","breadcrumb":{"@id":"https:\/\/meber2026.graphoservice.it\/fr\/product\/maxima-630-n\/#breadcrumb"},"inLanguage":"fr-FR","potentialAction":[{"@type":"ReadAction","target":["https:\/\/meber2026.graphoservice.it\/fr\/product\/maxima-630-n\/"]}]},{"@type":"ImageObject","inLanguage":"fr-FR","@id":"https:\/\/meber2026.graphoservice.it\/fr\/product\/maxima-630-n\/#primaryimage","url":"https:\/\/meber2026.graphoservice.it\/wp-content\/uploads\/2026\/03\/630N.png","contentUrl":"https:\/\/meber2026.graphoservice.it\/wp-content\/uploads\/2026\/03\/630N.png","width":1320,"height":1320},{"@type":"BreadcrumbList","@id":"https:\/\/meber2026.graphoservice.it\/fr\/product\/maxima-630-n\/#breadcrumb","itemListElement":[{"@type":"ListItem","position":1,"name":"Home","item":"https:\/\/meber2026.graphoservice.it\/fr\/"},{"@type":"ListItem","position":2,"name":"Maxima 630\/N"}]},{"@type":"WebSite","@id":"https:\/\/meber2026.graphoservice.it\/fr\/#website","url":"https:\/\/meber2026.graphoservice.it\/fr\/","name":"Me.Ber.","description":"In Case of Emergerncy","potentialAction":[{"@type":"SearchAction","target":{"@type":"EntryPoint","urlTemplate":"https:\/\/meber2026.graphoservice.it\/fr\/?s={search_term_string}"},"query-input":{"@type":"PropertyValueSpecification","valueRequired":true,"valueName":"search_term_string"}}],"inLanguage":"fr-FR"}]}},"_links":{"self":[{"href":"https:\/\/meber2026.graphoservice.it\/fr\/wp-json\/wp\/v2\/product\/18383","targetHints":{"allow":["GET"]}}],"collection":[{"href":"https:\/\/meber2026.graphoservice.it\/fr\/wp-json\/wp\/v2\/product"}],"about":[{"href":"https:\/\/meber2026.graphoservice.it\/fr\/wp-json\/wp\/v2\/types\/product"}],"author":[{"embeddable":true,"href":"https:\/\/meber2026.graphoservice.it\/fr\/wp-json\/wp\/v2\/users\/1"}],"version-history":[{"count":1,"href":"https:\/\/meber2026.graphoservice.it\/fr\/wp-json\/wp\/v2\/product\/18383\/revisions"}],"predecessor-version":[{"id":30512,"href":"https:\/\/meber2026.graphoservice.it\/fr\/wp-json\/wp\/v2\/product\/18383\/revisions\/30512"}],"wp:featuredmedia":[{"embeddable":true,"href":"https:\/\/meber2026.graphoservice.it\/fr\/wp-json\/wp\/v2\/media\/27083"}],"wp:attachment":[{"href":"https:\/\/meber2026.graphoservice.it\/fr\/wp-json\/wp\/v2\/media?parent=18383"}],"wp:term":[{"taxonomy":"application-tag","embeddable":true,"href":"https:\/\/meber2026.graphoservice.it\/fr\/wp-json\/wp\/v2\/application-tag?post=18383"}],"curies":[{"name":"wp","href":"https:\/\/api.w.org\/{rel}","templated":true}]}}

<div style="">En conservant les mêmes caractéristiques que celles de l’Art. 630, grâce à la peinture spéciale (créée pour résister dans le temps), il peut distinguer l’opérateur qui l’utilise ou le quartier auquel il appartient.</p>
<p> <img loading="lazy" decoding="async" alt="" height="88" src="https://www.meber.it/adm/Images/contents/10G Logo 2019_def.png" width="80" /></p>
<p> <strong>Appareil certifié selon les normes de sécurité harmonisées UNI EN 1865 &#8211; UNI EN 1789.</strong></div>
<ul>
<li style="">Dispositif efficace d’accouplement et de libération pour diviser le brancard.</li>
<li style="">Longueur réglable avec verrouillage automatique.</li>
<li style="">Sac avec 3 ceintures à dégagement rapide pour l’immobilisation du patient (603/MEB).</li>
<li style="">Rangement facile dans l’ambulance en position repliée.</li>
<li style="">Entièrement en aluminium robuste et léger.</li>
<li style="">L’étui pour brancard est disponible sur demande (Art. 630/CS).</li>
</ul>

<p>En conservant les mêmes caractéristiques que celles de l’Art. 630, grâce à la peinture spéciale (créée pour résister dans le temps), il peut distinguer l’opérateur qui l’utilise ou le quartier auquel il appartient. Appareil certifié selon les normes de sécurité harmonisées UNI EN 1865 &#8211; UNI EN 1789. Dispositif efficace d’accouplement et de libération pour [&hellip;]</p>

<!-- This site is optimized with the Yoast SEO plugin v27.4 - https://yoast.com/product/yoast-seo-wordpress/ -->
<title>Brancard cuillère atraumatique noir Meber</title>
<meta name="description" content="Les brancards cuillères atraumatiques Meber sont disponibles en différentes couleurs et conservent les mêmes caractéristiques que l’art. Maxima 630" />
<meta name="robots" content="noindex, follow, max-snippet:-1, max-image-preview:large, max-video-preview:-1" />
<meta property="og:locale" content="fr_FR" />
<meta property="og:type" content="article" />
<meta property="og:title" content="Brancard cuillère atraumatique noir Meber" />
<meta property="og:description" content="Les brancards cuillères atraumatiques Meber sont disponibles en différentes couleurs et conservent les mêmes caractéristiques que l’art. Maxima 630" />
<meta property="og:url" content="https://meber2026.graphoservice.it/fr/product/maxima-630-n/" />
<meta property="og:site_name" content="Me.Ber." />
<meta property="article:modified_time" content="2026-04-28T16:01:27+00:00" />
<meta property="og:image" content="https://meber2026.graphoservice.it/wp-content/uploads/2026/03/630N.png" />
	<meta property="og:image:width" content="1320" />
	<meta property="og:image:height" content="1320" />
	<meta property="og:image:type" content="image/png" />
<meta name="twitter:card" content="summary_large_image" />
<meta name="twitter:label1" content="Durée de lecture estimée" />
	<meta name="twitter:data1" content="1 minute" />
<script type="application/ld+json" class="yoast-schema-graph">{"@context":"https:\/\/schema.org","@graph":[{"@type":"WebPage","@id":"https:\/\/meber2026.graphoservice.it\/fr\/product\/maxima-630-n\/","url":"https:\/\/meber2026.graphoservice.it\/fr\/product\/maxima-630-n\/","name":"Brancard cuillère atraumatique noir Meber","isPartOf":{"@id":"https:\/\/meber2026.graphoservice.it\/fr\/#website"},"primaryImageOfPage":{"@id":"https:\/\/meber2026.graphoservice.it\/fr\/product\/maxima-630-n\/#primaryimage"},"image":{"@id":"https:\/\/meber2026.graphoservice.it\/fr\/product\/maxima-630-n\/#primaryimage"},"thumbnailUrl":"https:\/\/meber2026.graphoservice.it\/wp-content\/uploads\/2026\/03\/630N.png","datePublished":"2026-02-10T09:25:55+00:00","dateModified":"2026-04-28T16:01:27+00:00","description":"Les brancards cuillères atraumatiques Meber sont disponibles en différentes couleurs et conservent les mêmes caractéristiques que l’art. Maxima 630","breadcrumb":{"@id":"https:\/\/meber2026.graphoservice.it\/fr\/product\/maxima-630-n\/#breadcrumb"},"inLanguage":"fr-FR","potentialAction":[{"@type":"ReadAction","target":["https:\/\/meber2026.graphoservice.it\/fr\/product\/maxima-630-n\/"]}]},{"@type":"ImageObject","inLanguage":"fr-FR","@id":"https:\/\/meber2026.graphoservice.it\/fr\/product\/maxima-630-n\/#primaryimage","url":"https:\/\/meber2026.graphoservice.it\/wp-content\/uploads\/2026\/03\/630N.png","contentUrl":"https:\/\/meber2026.graphoservice.it\/wp-content\/uploads\/2026\/03\/630N.png","width":1320,"height":1320},{"@type":"BreadcrumbList","@id":"https:\/\/meber2026.graphoservice.it\/fr\/product\/maxima-630-n\/#breadcrumb","itemListElement":[{"@type":"ListItem","position":1,"name":"Home","item":"https:\/\/meber2026.graphoservice.it\/fr\/"},{"@type":"ListItem","position":2,"name":"Maxima 630\/N"}]},{"@type":"WebSite","@id":"https:\/\/meber2026.graphoservice.it\/fr\/#website","url":"https:\/\/meber2026.graphoservice.it\/fr\/","name":"Me.Ber.","description":"In Case of Emergerncy","potentialAction":[{"@type":"SearchAction","target":{"@type":"EntryPoint","urlTemplate":"https:\/\/meber2026.graphoservice.it\/fr\/?s={search_term_string}"},"query-input":{"@type":"PropertyValueSpecification","valueRequired":true,"valueName":"search_term_string"}}],"inLanguage":"fr-FR"}]}</script>
<!-- / Yoast SEO plugin. -->

Brancard cuillère atraumatique noir Meber

Les brancards cuillères atraumatiques Meber sont disponibles en différentes couleurs et conservent les mêmes caractéristiques que l’art. Maxima 630
