{"id":17768,"date":"2026-02-10T09:24:58","date_gmt":"2026-02-10T09:24:58","guid":{"rendered":"https:\/\/meber2026.graphoservice.it\/product\/brancard-de-secours-640\/"},"modified":"2026-02-10T09:24:59","modified_gmt":"2026-02-10T09:24:59","slug":"brancard-de-secours-640","status":"publish","type":"product","link":"https:\/\/meber2026.graphoservice.it\/fr\/product\/brancard-de-secours-640\/","title":{"rendered":"Brancard de secours 640"},"content":{"rendered":"<div style=\"\">Particuli\u00e8rement adapt\u00e9 pour \u00eatre utilis\u00e9 comme brancard secondaire \u00e0 l\u2019int\u00e9rieur de l\u2019ambulance, il se caract\u00e9rise par l\u2019absence de dossier r\u00e9glable. Livr\u00e9 avec un sac avec deux ceintures (Art. 604\/MEB).<\/div>\n","protected":false},"excerpt":{"rendered":"<p>Particuli\u00e8rement adapt\u00e9 pour \u00eatre utilis\u00e9 comme brancard secondaire \u00e0 l\u2019int\u00e9rieur de l\u2019ambulance, il se caract\u00e9rise par l\u2019absence de dossier r\u00e9glable. Livr\u00e9 avec un sac avec deux ceintures (Art. 604\/MEB).<\/p>\n","protected":false},"author":1,"featured_media":13639,"parent":0,"menu_order":10001400,"template":"","meta":{"_acf_changed":false,"footnotes":""},"application-tag":[71],"class_list":["post-17768","product","type-product","status-publish","has-post-thumbnail","hentry","application-tag-brancards"],"acf":[],"dsm_author":{"name":"admeb26","avatar_url":"https:\/\/meber2026.graphoservice.it\/wp-content\/plugins\/ultimate-member\/assets\/img\/default_avatar.jpg","archive_link":"https:\/\/meber2026.graphoservice.it\/fr\/author\/admeb26\/","biodata":""},"dsm_categories":[],"dsm_attachment_categories":[],"dsm_featured_image":{"thumbnail":"https:\/\/meber2026.graphoservice.it\/wp-content\/uploads\/2026\/02\/640Runica1-150x150.jpg","medium":"https:\/\/meber2026.graphoservice.it\/wp-content\/uploads\/2026\/02\/640Runica1-300x146.jpg","medium_large":"https:\/\/meber2026.graphoservice.it\/wp-content\/uploads\/2026\/02\/640Runica1-768x374.jpg","large":"https:\/\/meber2026.graphoservice.it\/wp-content\/uploads\/2026\/02\/640Runica1.jpg","1536x1536":"https:\/\/meber2026.graphoservice.it\/wp-content\/uploads\/2026\/02\/640Runica1.jpg","2048x2048":"https:\/\/meber2026.graphoservice.it\/wp-content\/uploads\/2026\/02\/640Runica1.jpg","et-pb-post-main-image":"https:\/\/meber2026.graphoservice.it\/wp-content\/uploads\/2026\/02\/640Runica1-400x250.jpg","et-pb-post-main-image-fullwidth":"https:\/\/meber2026.graphoservice.it\/wp-content\/uploads\/2026\/02\/640Runica1.jpg","et-pb-portfolio-image":"https:\/\/meber2026.graphoservice.it\/wp-content\/uploads\/2026\/02\/640Runica1-400x284.jpg","et-pb-portfolio-module-image":"https:\/\/meber2026.graphoservice.it\/wp-content\/uploads\/2026\/02\/640Runica1-510x380.jpg","et-pb-portfolio-image-single":"https:\/\/meber2026.graphoservice.it\/wp-content\/uploads\/2026\/02\/640Runica1.jpg","et-pb-gallery-module-image-portrait":"https:\/\/meber2026.graphoservice.it\/wp-content\/uploads\/2026\/02\/640Runica1-400x380.jpg","et-pb-post-main-image-fullwidth-large":"https:\/\/meber2026.graphoservice.it\/wp-content\/uploads\/2026\/02\/640Runica1.jpg","et-pb-image--responsive--desktop":"https:\/\/meber2026.graphoservice.it\/wp-content\/uploads\/2026\/02\/640Runica1.jpg","et-pb-image--responsive--tablet":"https:\/\/meber2026.graphoservice.it\/wp-content\/uploads\/2026\/02\/640Runica1.jpg","et-pb-image--responsive--phone":"https:\/\/meber2026.graphoservice.it\/wp-content\/uploads\/2026\/02\/640Runica1-480x234.jpg","full":"https:\/\/meber2026.graphoservice.it\/wp-content\/uploads\/2026\/02\/640Runica1.jpg"},"yoast_head":"<!-- This site is optimized with the Yoast SEO plugin v27.4 - https:\/\/yoast.com\/product\/yoast-seo-wordpress\/ -->\n<title>Brancard de secours Meber art. 640<\/title>\n<meta name=\"description\" content=\"Le brancard de secours 640 est adapt\u00e9 pour \u00eatre utilis\u00e9 comme brancard secondaire \u00e0 l\u2019int\u00e9rieur de l\u2019ambulance, et se caract\u00e9rise par l\u2019absence de dossier r\u00e9glable.\" \/>\n<meta name=\"robots\" content=\"noindex, follow, max-snippet:-1, max-image-preview:large, max-video-preview:-1\" \/>\n<meta property=\"og:locale\" content=\"fr_FR\" \/>\n<meta property=\"og:type\" content=\"article\" \/>\n<meta property=\"og:title\" content=\"Brancard de secours Meber art. 640\" \/>\n<meta property=\"og:description\" content=\"Le brancard de secours 640 est adapt\u00e9 pour \u00eatre utilis\u00e9 comme brancard secondaire \u00e0 l\u2019int\u00e9rieur de l\u2019ambulance, et se caract\u00e9rise par l\u2019absence de dossier r\u00e9glable.\" \/>\n<meta property=\"og:url\" content=\"https:\/\/meber2026.graphoservice.it\/fr\/product\/brancard-de-secours-640\/\" \/>\n<meta property=\"og:site_name\" content=\"Me.Ber.\" \/>\n<meta property=\"article:modified_time\" content=\"2026-02-10T09:24:59+00:00\" \/>\n<meta name=\"twitter:card\" content=\"summary_large_image\" \/>\n<script type=\"application\/ld+json\" class=\"yoast-schema-graph\">{\"@context\":\"https:\\\/\\\/schema.org\",\"@graph\":[{\"@type\":\"WebPage\",\"@id\":\"https:\\\/\\\/meber2026.graphoservice.it\\\/fr\\\/product\\\/brancard-de-secours-640\\\/\",\"url\":\"https:\\\/\\\/meber2026.graphoservice.it\\\/fr\\\/product\\\/brancard-de-secours-640\\\/\",\"name\":\"Brancard de secours Meber art. 640\",\"isPartOf\":{\"@id\":\"https:\\\/\\\/meber2026.graphoservice.it\\\/fr\\\/#website\"},\"primaryImageOfPage\":{\"@id\":\"https:\\\/\\\/meber2026.graphoservice.it\\\/fr\\\/product\\\/brancard-de-secours-640\\\/#primaryimage\"},\"image\":{\"@id\":\"https:\\\/\\\/meber2026.graphoservice.it\\\/fr\\\/product\\\/brancard-de-secours-640\\\/#primaryimage\"},\"thumbnailUrl\":\"https:\\\/\\\/meber2026.graphoservice.it\\\/wp-content\\\/uploads\\\/2026\\\/02\\\/640Runica1.jpg\",\"datePublished\":\"2026-02-10T09:24:58+00:00\",\"dateModified\":\"2026-02-10T09:24:59+00:00\",\"description\":\"Le brancard de secours 640 est adapt\u00e9 pour \u00eatre utilis\u00e9 comme brancard secondaire \u00e0 l\u2019int\u00e9rieur de l\u2019ambulance, et se caract\u00e9rise par l\u2019absence de dossier r\u00e9glable.\",\"breadcrumb\":{\"@id\":\"https:\\\/\\\/meber2026.graphoservice.it\\\/fr\\\/product\\\/brancard-de-secours-640\\\/#breadcrumb\"},\"inLanguage\":\"fr-FR\",\"potentialAction\":[{\"@type\":\"ReadAction\",\"target\":[\"https:\\\/\\\/meber2026.graphoservice.it\\\/fr\\\/product\\\/brancard-de-secours-640\\\/\"]}]},{\"@type\":\"ImageObject\",\"inLanguage\":\"fr-FR\",\"@id\":\"https:\\\/\\\/meber2026.graphoservice.it\\\/fr\\\/product\\\/brancard-de-secours-640\\\/#primaryimage\",\"url\":\"https:\\\/\\\/meber2026.graphoservice.it\\\/wp-content\\\/uploads\\\/2026\\\/02\\\/640Runica1.jpg\",\"contentUrl\":\"https:\\\/\\\/meber2026.graphoservice.it\\\/wp-content\\\/uploads\\\/2026\\\/02\\\/640Runica1.jpg\",\"width\":780,\"height\":380},{\"@type\":\"BreadcrumbList\",\"@id\":\"https:\\\/\\\/meber2026.graphoservice.it\\\/fr\\\/product\\\/brancard-de-secours-640\\\/#breadcrumb\",\"itemListElement\":[{\"@type\":\"ListItem\",\"position\":1,\"name\":\"Home\",\"item\":\"https:\\\/\\\/meber2026.graphoservice.it\\\/fr\\\/\"},{\"@type\":\"ListItem\",\"position\":2,\"name\":\"Brancard de secours 640\"}]},{\"@type\":\"WebSite\",\"@id\":\"https:\\\/\\\/meber2026.graphoservice.it\\\/fr\\\/#website\",\"url\":\"https:\\\/\\\/meber2026.graphoservice.it\\\/fr\\\/\",\"name\":\"Me.Ber.\",\"description\":\"In Case of Emergerncy\",\"potentialAction\":[{\"@type\":\"SearchAction\",\"target\":{\"@type\":\"EntryPoint\",\"urlTemplate\":\"https:\\\/\\\/meber2026.graphoservice.it\\\/fr\\\/?s={search_term_string}\"},\"query-input\":{\"@type\":\"PropertyValueSpecification\",\"valueRequired\":true,\"valueName\":\"search_term_string\"}}],\"inLanguage\":\"fr-FR\"}]}<\/script>\n<!-- \/ Yoast SEO plugin. -->","yoast_head_json":{"title":"Brancard de secours Meber art. 640","description":"Le brancard de secours 640 est adapt\u00e9 pour \u00eatre utilis\u00e9 comme brancard secondaire \u00e0 l\u2019int\u00e9rieur de l\u2019ambulance, et se caract\u00e9rise par l\u2019absence de dossier r\u00e9glable.","robots":{"index":"noindex","follow":"follow","max-snippet":"max-snippet:-1","max-image-preview":"max-image-preview:large","max-video-preview":"max-video-preview:-1"},"og_locale":"fr_FR","og_type":"article","og_title":"Brancard de secours Meber art. 640","og_description":"Le brancard de secours 640 est adapt\u00e9 pour \u00eatre utilis\u00e9 comme brancard secondaire \u00e0 l\u2019int\u00e9rieur de l\u2019ambulance, et se caract\u00e9rise par l\u2019absence de dossier r\u00e9glable.","og_url":"https:\/\/meber2026.graphoservice.it\/fr\/product\/brancard-de-secours-640\/","og_site_name":"Me.Ber.","article_modified_time":"2026-02-10T09:24:59+00:00","twitter_card":"summary_large_image","schema":{"@context":"https:\/\/schema.org","@graph":[{"@type":"WebPage","@id":"https:\/\/meber2026.graphoservice.it\/fr\/product\/brancard-de-secours-640\/","url":"https:\/\/meber2026.graphoservice.it\/fr\/product\/brancard-de-secours-640\/","name":"Brancard de secours Meber art. 640","isPartOf":{"@id":"https:\/\/meber2026.graphoservice.it\/fr\/#website"},"primaryImageOfPage":{"@id":"https:\/\/meber2026.graphoservice.it\/fr\/product\/brancard-de-secours-640\/#primaryimage"},"image":{"@id":"https:\/\/meber2026.graphoservice.it\/fr\/product\/brancard-de-secours-640\/#primaryimage"},"thumbnailUrl":"https:\/\/meber2026.graphoservice.it\/wp-content\/uploads\/2026\/02\/640Runica1.jpg","datePublished":"2026-02-10T09:24:58+00:00","dateModified":"2026-02-10T09:24:59+00:00","description":"Le brancard de secours 640 est adapt\u00e9 pour \u00eatre utilis\u00e9 comme brancard secondaire \u00e0 l\u2019int\u00e9rieur de l\u2019ambulance, et se caract\u00e9rise par l\u2019absence de dossier r\u00e9glable.","breadcrumb":{"@id":"https:\/\/meber2026.graphoservice.it\/fr\/product\/brancard-de-secours-640\/#breadcrumb"},"inLanguage":"fr-FR","potentialAction":[{"@type":"ReadAction","target":["https:\/\/meber2026.graphoservice.it\/fr\/product\/brancard-de-secours-640\/"]}]},{"@type":"ImageObject","inLanguage":"fr-FR","@id":"https:\/\/meber2026.graphoservice.it\/fr\/product\/brancard-de-secours-640\/#primaryimage","url":"https:\/\/meber2026.graphoservice.it\/wp-content\/uploads\/2026\/02\/640Runica1.jpg","contentUrl":"https:\/\/meber2026.graphoservice.it\/wp-content\/uploads\/2026\/02\/640Runica1.jpg","width":780,"height":380},{"@type":"BreadcrumbList","@id":"https:\/\/meber2026.graphoservice.it\/fr\/product\/brancard-de-secours-640\/#breadcrumb","itemListElement":[{"@type":"ListItem","position":1,"name":"Home","item":"https:\/\/meber2026.graphoservice.it\/fr\/"},{"@type":"ListItem","position":2,"name":"Brancard de secours 640"}]},{"@type":"WebSite","@id":"https:\/\/meber2026.graphoservice.it\/fr\/#website","url":"https:\/\/meber2026.graphoservice.it\/fr\/","name":"Me.Ber.","description":"In Case of Emergerncy","potentialAction":[{"@type":"SearchAction","target":{"@type":"EntryPoint","urlTemplate":"https:\/\/meber2026.graphoservice.it\/fr\/?s={search_term_string}"},"query-input":{"@type":"PropertyValueSpecification","valueRequired":true,"valueName":"search_term_string"}}],"inLanguage":"fr-FR"}]}},"_links":{"self":[{"href":"https:\/\/meber2026.graphoservice.it\/fr\/wp-json\/wp\/v2\/product\/17768","targetHints":{"allow":["GET"]}}],"collection":[{"href":"https:\/\/meber2026.graphoservice.it\/fr\/wp-json\/wp\/v2\/product"}],"about":[{"href":"https:\/\/meber2026.graphoservice.it\/fr\/wp-json\/wp\/v2\/types\/product"}],"author":[{"embeddable":true,"href":"https:\/\/meber2026.graphoservice.it\/fr\/wp-json\/wp\/v2\/users\/1"}],"version-history":[{"count":0,"href":"https:\/\/meber2026.graphoservice.it\/fr\/wp-json\/wp\/v2\/product\/17768\/revisions"}],"wp:featuredmedia":[{"embeddable":true,"href":"https:\/\/meber2026.graphoservice.it\/fr\/wp-json\/wp\/v2\/media\/13639"}],"wp:attachment":[{"href":"https:\/\/meber2026.graphoservice.it\/fr\/wp-json\/wp\/v2\/media?parent=17768"}],"wp:term":[{"taxonomy":"application-tag","embeddable":true,"href":"https:\/\/meber2026.graphoservice.it\/fr\/wp-json\/wp\/v2\/application-tag?post=17768"}],"curies":[{"name":"wp","href":"https:\/\/api.w.org\/{rel}","templated":true}]}}

<div style="">Particulièrement adapté pour être utilisé comme brancard secondaire à l’intérieur de l’ambulance, il se caractérise par l’absence de dossier réglable. Livré avec un sac avec deux ceintures (Art. 604/MEB).</div>

<p>Particulièrement adapté pour être utilisé comme brancard secondaire à l’intérieur de l’ambulance, il se caractérise par l’absence de dossier réglable. Livré avec un sac avec deux ceintures (Art. 604/MEB).</p>

<!-- This site is optimized with the Yoast SEO plugin v27.4 - https://yoast.com/product/yoast-seo-wordpress/ -->
<title>Brancard de secours Meber art. 640</title>
<meta name="description" content="Le brancard de secours 640 est adapté pour être utilisé comme brancard secondaire à l’intérieur de l’ambulance, et se caractérise par l’absence de dossier réglable." />
<meta name="robots" content="noindex, follow, max-snippet:-1, max-image-preview:large, max-video-preview:-1" />
<meta property="og:locale" content="fr_FR" />
<meta property="og:type" content="article" />
<meta property="og:title" content="Brancard de secours Meber art. 640" />
<meta property="og:description" content="Le brancard de secours 640 est adapté pour être utilisé comme brancard secondaire à l’intérieur de l’ambulance, et se caractérise par l’absence de dossier réglable." />
<meta property="og:url" content="https://meber2026.graphoservice.it/fr/product/brancard-de-secours-640/" />
<meta property="og:site_name" content="Me.Ber." />
<meta property="article:modified_time" content="2026-02-10T09:24:59+00:00" />
<meta name="twitter:card" content="summary_large_image" />
<script type="application/ld+json" class="yoast-schema-graph">{"@context":"https:\/\/schema.org","@graph":[{"@type":"WebPage","@id":"https:\/\/meber2026.graphoservice.it\/fr\/product\/brancard-de-secours-640\/","url":"https:\/\/meber2026.graphoservice.it\/fr\/product\/brancard-de-secours-640\/","name":"Brancard de secours Meber art. 640","isPartOf":{"@id":"https:\/\/meber2026.graphoservice.it\/fr\/#website"},"primaryImageOfPage":{"@id":"https:\/\/meber2026.graphoservice.it\/fr\/product\/brancard-de-secours-640\/#primaryimage"},"image":{"@id":"https:\/\/meber2026.graphoservice.it\/fr\/product\/brancard-de-secours-640\/#primaryimage"},"thumbnailUrl":"https:\/\/meber2026.graphoservice.it\/wp-content\/uploads\/2026\/02\/640Runica1.jpg","datePublished":"2026-02-10T09:24:58+00:00","dateModified":"2026-02-10T09:24:59+00:00","description":"Le brancard de secours 640 est adapté pour être utilisé comme brancard secondaire à l’intérieur de l’ambulance, et se caractérise par l’absence de dossier réglable.","breadcrumb":{"@id":"https:\/\/meber2026.graphoservice.it\/fr\/product\/brancard-de-secours-640\/#breadcrumb"},"inLanguage":"fr-FR","potentialAction":[{"@type":"ReadAction","target":["https:\/\/meber2026.graphoservice.it\/fr\/product\/brancard-de-secours-640\/"]}]},{"@type":"ImageObject","inLanguage":"fr-FR","@id":"https:\/\/meber2026.graphoservice.it\/fr\/product\/brancard-de-secours-640\/#primaryimage","url":"https:\/\/meber2026.graphoservice.it\/wp-content\/uploads\/2026\/02\/640Runica1.jpg","contentUrl":"https:\/\/meber2026.graphoservice.it\/wp-content\/uploads\/2026\/02\/640Runica1.jpg","width":780,"height":380},{"@type":"BreadcrumbList","@id":"https:\/\/meber2026.graphoservice.it\/fr\/product\/brancard-de-secours-640\/#breadcrumb","itemListElement":[{"@type":"ListItem","position":1,"name":"Home","item":"https:\/\/meber2026.graphoservice.it\/fr\/"},{"@type":"ListItem","position":2,"name":"Brancard de secours 640"}]},{"@type":"WebSite","@id":"https:\/\/meber2026.graphoservice.it\/fr\/#website","url":"https:\/\/meber2026.graphoservice.it\/fr\/","name":"Me.Ber.","description":"In Case of Emergerncy","potentialAction":[{"@type":"SearchAction","target":{"@type":"EntryPoint","urlTemplate":"https:\/\/meber2026.graphoservice.it\/fr\/?s={search_term_string}"},"query-input":{"@type":"PropertyValueSpecification","valueRequired":true,"valueName":"search_term_string"}}],"inLanguage":"fr-FR"}]}</script>
<!-- / Yoast SEO plugin. -->

Le brancard de secours 640 est adapté pour être utilisé comme brancard secondaire à l’intérieur de l’ambulance, et se caractérise par l’absence de dossier réglable.
