{"id":17763,"date":"2026-02-10T09:24:58","date_gmt":"2026-02-10T09:24:58","guid":{"rendered":"https:\/\/meber2026.graphoservice.it\/product\/brancard-de-secours-638\/"},"modified":"2026-02-10T09:24:58","modified_gmt":"2026-02-10T09:24:58","slug":"brancard-de-secours-638","status":"publish","type":"product","link":"https:\/\/meber2026.graphoservice.it\/fr\/product\/brancard-de-secours-638\/","title":{"rendered":"Brancard de secours 638"},"content":{"rendered":"<div style=\"\"><span style=\"font-size: small;\">Gr\u00e2ce \u00e0 ses caract\u00e9ristiques particuli\u00e8res, le brancard de secours Art. 638 est adapt\u00e9 \u00e0 des utilisations auxiliaires comme brancard secondaire \u00e0 l\u2019int\u00e9rieur de l\u2019ambulance. <\/span><\/div>\n<ul>\n<li style=\"\"><span style=\"font-size: small;\"><span style=\"font-family: Arial;\">Dossier r\u00e9glable actionn\u00e9 par un ressort \u00e0 gaz, s\u00fbr et verrouillable dans n\u2019importe quelle position<\/span><\/span><\/li>\n<li style=\"\"><span style=\"font-size: small;\">Cadre en aluminium l\u00e9ger et r\u00e9sistant<\/span><\/li>\n<li style=\"\"><span style=\"font-size: small;\">Sac avec deux ceintures \u00e0 d\u00e9gagement rapide pour l\u2019immobilisation du patient (art. 604\/MEB)<\/span><\/li>\n<li style=\"\"><span style=\"font-size: small;\">Pliable en deux pour un positionnement facile<\/span><\/li>\n<li style=\"\"><span style=\"font-size: small;\">Roues et pieds d\u00e9plac\u00e9s \u00e0 l\u2019int\u00e9rieur pour r\u00e9duire l\u2019espace occup\u00e9.<\/span><\/li>\n<li style=\"\"><span style=\"font-size: small;\">Roues et pieds d\u00e9plac\u00e9s \u00e0 l\u2019int\u00e9rieur pour r\u00e9duire l\u2019espace occup\u00e9.<\/span><\/li>\n<\/ul>\n","protected":false},"excerpt":{"rendered":"<p>Gr\u00e2ce \u00e0 ses caract\u00e9ristiques particuli\u00e8res, le brancard de secours Art. 638 est adapt\u00e9 \u00e0 des utilisations auxiliaires comme brancard secondaire \u00e0 l\u2019int\u00e9rieur de l\u2019ambulance. Dossier r\u00e9glable actionn\u00e9 par un ressort \u00e0 gaz, s\u00fbr et verrouillable dans n\u2019importe quelle position Cadre en aluminium l\u00e9ger et r\u00e9sistant Sac avec deux ceintures \u00e0 d\u00e9gagement rapide pour l\u2019immobilisation du [&hellip;]<\/p>\n","protected":false},"author":1,"featured_media":13630,"parent":0,"menu_order":10001300,"template":"","meta":{"_acf_changed":false,"footnotes":""},"application-tag":[],"class_list":["post-17763","product","type-product","status-publish","has-post-thumbnail","hentry"],"acf":[],"dsm_author":{"name":"admeb26","avatar_url":"https:\/\/meber2026.graphoservice.it\/wp-content\/plugins\/ultimate-member\/assets\/img\/default_avatar.jpg","archive_link":"https:\/\/meber2026.graphoservice.it\/fr\/author\/admeb26\/","biodata":""},"dsm_categories":[],"dsm_attachment_categories":[],"dsm_featured_image":{"thumbnail":"https:\/\/meber2026.graphoservice.it\/wp-content\/uploads\/2026\/02\/638_agg1-150x150.jpg","medium":"https:\/\/meber2026.graphoservice.it\/wp-content\/uploads\/2026\/02\/638_agg1-300x147.jpg","medium_large":"https:\/\/meber2026.graphoservice.it\/wp-content\/uploads\/2026\/02\/638_agg1-768x375.jpg","large":"https:\/\/meber2026.graphoservice.it\/wp-content\/uploads\/2026\/02\/638_agg1.jpg","1536x1536":"https:\/\/meber2026.graphoservice.it\/wp-content\/uploads\/2026\/02\/638_agg1.jpg","2048x2048":"https:\/\/meber2026.graphoservice.it\/wp-content\/uploads\/2026\/02\/638_agg1.jpg","et-pb-post-main-image":"https:\/\/meber2026.graphoservice.it\/wp-content\/uploads\/2026\/02\/638_agg1-400x250.jpg","et-pb-post-main-image-fullwidth":"https:\/\/meber2026.graphoservice.it\/wp-content\/uploads\/2026\/02\/638_agg1.jpg","et-pb-portfolio-image":"https:\/\/meber2026.graphoservice.it\/wp-content\/uploads\/2026\/02\/638_agg1-400x284.jpg","et-pb-portfolio-module-image":"https:\/\/meber2026.graphoservice.it\/wp-content\/uploads\/2026\/02\/638_agg1-510x381.jpg","et-pb-portfolio-image-single":"https:\/\/meber2026.graphoservice.it\/wp-content\/uploads\/2026\/02\/638_agg1.jpg","et-pb-gallery-module-image-portrait":"https:\/\/meber2026.graphoservice.it\/wp-content\/uploads\/2026\/02\/638_agg1-400x381.jpg","et-pb-post-main-image-fullwidth-large":"https:\/\/meber2026.graphoservice.it\/wp-content\/uploads\/2026\/02\/638_agg1.jpg","et-pb-image--responsive--desktop":"https:\/\/meber2026.graphoservice.it\/wp-content\/uploads\/2026\/02\/638_agg1.jpg","et-pb-image--responsive--tablet":"https:\/\/meber2026.graphoservice.it\/wp-content\/uploads\/2026\/02\/638_agg1.jpg","et-pb-image--responsive--phone":"https:\/\/meber2026.graphoservice.it\/wp-content\/uploads\/2026\/02\/638_agg1-480x234.jpg","full":"https:\/\/meber2026.graphoservice.it\/wp-content\/uploads\/2026\/02\/638_agg1.jpg"},"yoast_head":"<!-- This site is optimized with the Yoast SEO plugin v27.4 - https:\/\/yoast.com\/product\/yoast-seo-wordpress\/ -->\n<title>Brancard de secours pliable avec dossier 638 Meber<\/title>\n<meta name=\"description\" content=\"Le brancard de secours pliant Art. 638 convient \u00e0 des utilisations auxiliaires comme brancard secondaire \u00e0 l\u2019int\u00e9rieur des ambulances.\" \/>\n<meta name=\"robots\" content=\"noindex, follow, max-snippet:-1, max-image-preview:large, max-video-preview:-1\" \/>\n<meta property=\"og:locale\" content=\"fr_FR\" \/>\n<meta property=\"og:type\" content=\"article\" \/>\n<meta property=\"og:title\" content=\"Brancard de secours pliable avec dossier 638 Meber\" \/>\n<meta property=\"og:description\" content=\"Le brancard de secours pliant Art. 638 convient \u00e0 des utilisations auxiliaires comme brancard secondaire \u00e0 l\u2019int\u00e9rieur des ambulances.\" \/>\n<meta property=\"og:url\" content=\"https:\/\/meber2026.graphoservice.it\/fr\/product\/brancard-de-secours-638\/\" \/>\n<meta property=\"og:site_name\" content=\"Me.Ber.\" \/>\n<meta name=\"twitter:card\" content=\"summary_large_image\" \/>\n<meta name=\"twitter:label1\" content=\"Dur\u00e9e de lecture estim\u00e9e\" \/>\n\t<meta name=\"twitter:data1\" content=\"1 minute\" \/>\n<script type=\"application\/ld+json\" class=\"yoast-schema-graph\">{\"@context\":\"https:\\\/\\\/schema.org\",\"@graph\":[{\"@type\":\"WebPage\",\"@id\":\"https:\\\/\\\/meber2026.graphoservice.it\\\/fr\\\/product\\\/brancard-de-secours-638\\\/\",\"url\":\"https:\\\/\\\/meber2026.graphoservice.it\\\/fr\\\/product\\\/brancard-de-secours-638\\\/\",\"name\":\"Brancard de secours pliable avec dossier 638 Meber\",\"isPartOf\":{\"@id\":\"https:\\\/\\\/meber2026.graphoservice.it\\\/fr\\\/#website\"},\"primaryImageOfPage\":{\"@id\":\"https:\\\/\\\/meber2026.graphoservice.it\\\/fr\\\/product\\\/brancard-de-secours-638\\\/#primaryimage\"},\"image\":{\"@id\":\"https:\\\/\\\/meber2026.graphoservice.it\\\/fr\\\/product\\\/brancard-de-secours-638\\\/#primaryimage\"},\"thumbnailUrl\":\"https:\\\/\\\/meber2026.graphoservice.it\\\/wp-content\\\/uploads\\\/2026\\\/02\\\/638_agg1.jpg\",\"datePublished\":\"2026-02-10T09:24:58+00:00\",\"description\":\"Le brancard de secours pliant Art. 638 convient \u00e0 des utilisations auxiliaires comme brancard secondaire \u00e0 l\u2019int\u00e9rieur des ambulances.\",\"breadcrumb\":{\"@id\":\"https:\\\/\\\/meber2026.graphoservice.it\\\/fr\\\/product\\\/brancard-de-secours-638\\\/#breadcrumb\"},\"inLanguage\":\"fr-FR\",\"potentialAction\":[{\"@type\":\"ReadAction\",\"target\":[\"https:\\\/\\\/meber2026.graphoservice.it\\\/fr\\\/product\\\/brancard-de-secours-638\\\/\"]}]},{\"@type\":\"ImageObject\",\"inLanguage\":\"fr-FR\",\"@id\":\"https:\\\/\\\/meber2026.graphoservice.it\\\/fr\\\/product\\\/brancard-de-secours-638\\\/#primaryimage\",\"url\":\"https:\\\/\\\/meber2026.graphoservice.it\\\/wp-content\\\/uploads\\\/2026\\\/02\\\/638_agg1.jpg\",\"contentUrl\":\"https:\\\/\\\/meber2026.graphoservice.it\\\/wp-content\\\/uploads\\\/2026\\\/02\\\/638_agg1.jpg\",\"width\":780,\"height\":381},{\"@type\":\"BreadcrumbList\",\"@id\":\"https:\\\/\\\/meber2026.graphoservice.it\\\/fr\\\/product\\\/brancard-de-secours-638\\\/#breadcrumb\",\"itemListElement\":[{\"@type\":\"ListItem\",\"position\":1,\"name\":\"Home\",\"item\":\"https:\\\/\\\/meber2026.graphoservice.it\\\/fr\\\/\"},{\"@type\":\"ListItem\",\"position\":2,\"name\":\"Brancard de secours 638\"}]},{\"@type\":\"WebSite\",\"@id\":\"https:\\\/\\\/meber2026.graphoservice.it\\\/fr\\\/#website\",\"url\":\"https:\\\/\\\/meber2026.graphoservice.it\\\/fr\\\/\",\"name\":\"Me.Ber.\",\"description\":\"In Case of Emergerncy\",\"potentialAction\":[{\"@type\":\"SearchAction\",\"target\":{\"@type\":\"EntryPoint\",\"urlTemplate\":\"https:\\\/\\\/meber2026.graphoservice.it\\\/fr\\\/?s={search_term_string}\"},\"query-input\":{\"@type\":\"PropertyValueSpecification\",\"valueRequired\":true,\"valueName\":\"search_term_string\"}}],\"inLanguage\":\"fr-FR\"}]}<\/script>\n<!-- \/ Yoast SEO plugin. -->","yoast_head_json":{"title":"Brancard de secours pliable avec dossier 638 Meber","description":"Le brancard de secours pliant Art. 638 convient \u00e0 des utilisations auxiliaires comme brancard secondaire \u00e0 l\u2019int\u00e9rieur des ambulances.","robots":{"index":"noindex","follow":"follow","max-snippet":"max-snippet:-1","max-image-preview":"max-image-preview:large","max-video-preview":"max-video-preview:-1"},"og_locale":"fr_FR","og_type":"article","og_title":"Brancard de secours pliable avec dossier 638 Meber","og_description":"Le brancard de secours pliant Art. 638 convient \u00e0 des utilisations auxiliaires comme brancard secondaire \u00e0 l\u2019int\u00e9rieur des ambulances.","og_url":"https:\/\/meber2026.graphoservice.it\/fr\/product\/brancard-de-secours-638\/","og_site_name":"Me.Ber.","twitter_card":"summary_large_image","twitter_misc":{"Dur\u00e9e de lecture estim\u00e9e":"1 minute"},"schema":{"@context":"https:\/\/schema.org","@graph":[{"@type":"WebPage","@id":"https:\/\/meber2026.graphoservice.it\/fr\/product\/brancard-de-secours-638\/","url":"https:\/\/meber2026.graphoservice.it\/fr\/product\/brancard-de-secours-638\/","name":"Brancard de secours pliable avec dossier 638 Meber","isPartOf":{"@id":"https:\/\/meber2026.graphoservice.it\/fr\/#website"},"primaryImageOfPage":{"@id":"https:\/\/meber2026.graphoservice.it\/fr\/product\/brancard-de-secours-638\/#primaryimage"},"image":{"@id":"https:\/\/meber2026.graphoservice.it\/fr\/product\/brancard-de-secours-638\/#primaryimage"},"thumbnailUrl":"https:\/\/meber2026.graphoservice.it\/wp-content\/uploads\/2026\/02\/638_agg1.jpg","datePublished":"2026-02-10T09:24:58+00:00","description":"Le brancard de secours pliant Art. 638 convient \u00e0 des utilisations auxiliaires comme brancard secondaire \u00e0 l\u2019int\u00e9rieur des ambulances.","breadcrumb":{"@id":"https:\/\/meber2026.graphoservice.it\/fr\/product\/brancard-de-secours-638\/#breadcrumb"},"inLanguage":"fr-FR","potentialAction":[{"@type":"ReadAction","target":["https:\/\/meber2026.graphoservice.it\/fr\/product\/brancard-de-secours-638\/"]}]},{"@type":"ImageObject","inLanguage":"fr-FR","@id":"https:\/\/meber2026.graphoservice.it\/fr\/product\/brancard-de-secours-638\/#primaryimage","url":"https:\/\/meber2026.graphoservice.it\/wp-content\/uploads\/2026\/02\/638_agg1.jpg","contentUrl":"https:\/\/meber2026.graphoservice.it\/wp-content\/uploads\/2026\/02\/638_agg1.jpg","width":780,"height":381},{"@type":"BreadcrumbList","@id":"https:\/\/meber2026.graphoservice.it\/fr\/product\/brancard-de-secours-638\/#breadcrumb","itemListElement":[{"@type":"ListItem","position":1,"name":"Home","item":"https:\/\/meber2026.graphoservice.it\/fr\/"},{"@type":"ListItem","position":2,"name":"Brancard de secours 638"}]},{"@type":"WebSite","@id":"https:\/\/meber2026.graphoservice.it\/fr\/#website","url":"https:\/\/meber2026.graphoservice.it\/fr\/","name":"Me.Ber.","description":"In Case of Emergerncy","potentialAction":[{"@type":"SearchAction","target":{"@type":"EntryPoint","urlTemplate":"https:\/\/meber2026.graphoservice.it\/fr\/?s={search_term_string}"},"query-input":{"@type":"PropertyValueSpecification","valueRequired":true,"valueName":"search_term_string"}}],"inLanguage":"fr-FR"}]}},"_links":{"self":[{"href":"https:\/\/meber2026.graphoservice.it\/fr\/wp-json\/wp\/v2\/product\/17763","targetHints":{"allow":["GET"]}}],"collection":[{"href":"https:\/\/meber2026.graphoservice.it\/fr\/wp-json\/wp\/v2\/product"}],"about":[{"href":"https:\/\/meber2026.graphoservice.it\/fr\/wp-json\/wp\/v2\/types\/product"}],"author":[{"embeddable":true,"href":"https:\/\/meber2026.graphoservice.it\/fr\/wp-json\/wp\/v2\/users\/1"}],"version-history":[{"count":0,"href":"https:\/\/meber2026.graphoservice.it\/fr\/wp-json\/wp\/v2\/product\/17763\/revisions"}],"wp:featuredmedia":[{"embeddable":true,"href":"https:\/\/meber2026.graphoservice.it\/fr\/wp-json\/wp\/v2\/media\/13630"}],"wp:attachment":[{"href":"https:\/\/meber2026.graphoservice.it\/fr\/wp-json\/wp\/v2\/media?parent=17763"}],"wp:term":[{"taxonomy":"application-tag","embeddable":true,"href":"https:\/\/meber2026.graphoservice.it\/fr\/wp-json\/wp\/v2\/application-tag?post=17763"}],"curies":[{"name":"wp","href":"https:\/\/api.w.org\/{rel}","templated":true}]}}

<div style=""><span style="font-size: small;">Grâce à ses caractéristiques particulières, le brancard de secours Art. 638 est adapté à des utilisations auxiliaires comme brancard secondaire à l’intérieur de l’ambulance. </span></div>
<ul>
<li style=""><span style="font-size: small;"><span style="font-family: Arial;">Dossier réglable actionné par un ressort à gaz, sûr et verrouillable dans n’importe quelle position</span></span></li>
<li style=""><span style="font-size: small;">Cadre en aluminium léger et résistant</span></li>
<li style=""><span style="font-size: small;">Sac avec deux ceintures à dégagement rapide pour l’immobilisation du patient (art. 604/MEB)</span></li>
<li style=""><span style="font-size: small;">Pliable en deux pour un positionnement facile</span></li>
<li style=""><span style="font-size: small;">Roues et pieds déplacés à l’intérieur pour réduire l’espace occupé.</span></li>
<li style=""><span style="font-size: small;">Roues et pieds déplacés à l’intérieur pour réduire l’espace occupé.</span></li>
</ul>

<p>Grâce à ses caractéristiques particulières, le brancard de secours Art. 638 est adapté à des utilisations auxiliaires comme brancard secondaire à l’intérieur de l’ambulance. Dossier réglable actionné par un ressort à gaz, sûr et verrouillable dans n’importe quelle position Cadre en aluminium léger et résistant Sac avec deux ceintures à dégagement rapide pour l’immobilisation du [&hellip;]</p>

<!-- This site is optimized with the Yoast SEO plugin v27.4 - https://yoast.com/product/yoast-seo-wordpress/ -->
<title>Brancard de secours pliable avec dossier 638 Meber</title>
<meta name="description" content="Le brancard de secours pliant Art. 638 convient à des utilisations auxiliaires comme brancard secondaire à l’intérieur des ambulances." />
<meta name="robots" content="noindex, follow, max-snippet:-1, max-image-preview:large, max-video-preview:-1" />
<meta property="og:locale" content="fr_FR" />
<meta property="og:type" content="article" />
<meta property="og:title" content="Brancard de secours pliable avec dossier 638 Meber" />
<meta property="og:description" content="Le brancard de secours pliant Art. 638 convient à des utilisations auxiliaires comme brancard secondaire à l’intérieur des ambulances." />
<meta property="og:url" content="https://meber2026.graphoservice.it/fr/product/brancard-de-secours-638/" />
<meta property="og:site_name" content="Me.Ber." />
<meta name="twitter:card" content="summary_large_image" />
<meta name="twitter:label1" content="Durée de lecture estimée" />
	<meta name="twitter:data1" content="1 minute" />
<script type="application/ld+json" class="yoast-schema-graph">{"@context":"https:\/\/schema.org","@graph":[{"@type":"WebPage","@id":"https:\/\/meber2026.graphoservice.it\/fr\/product\/brancard-de-secours-638\/","url":"https:\/\/meber2026.graphoservice.it\/fr\/product\/brancard-de-secours-638\/","name":"Brancard de secours pliable avec dossier 638 Meber","isPartOf":{"@id":"https:\/\/meber2026.graphoservice.it\/fr\/#website"},"primaryImageOfPage":{"@id":"https:\/\/meber2026.graphoservice.it\/fr\/product\/brancard-de-secours-638\/#primaryimage"},"image":{"@id":"https:\/\/meber2026.graphoservice.it\/fr\/product\/brancard-de-secours-638\/#primaryimage"},"thumbnailUrl":"https:\/\/meber2026.graphoservice.it\/wp-content\/uploads\/2026\/02\/638_agg1.jpg","datePublished":"2026-02-10T09:24:58+00:00","description":"Le brancard de secours pliant Art. 638 convient à des utilisations auxiliaires comme brancard secondaire à l’intérieur des ambulances.","breadcrumb":{"@id":"https:\/\/meber2026.graphoservice.it\/fr\/product\/brancard-de-secours-638\/#breadcrumb"},"inLanguage":"fr-FR","potentialAction":[{"@type":"ReadAction","target":["https:\/\/meber2026.graphoservice.it\/fr\/product\/brancard-de-secours-638\/"]}]},{"@type":"ImageObject","inLanguage":"fr-FR","@id":"https:\/\/meber2026.graphoservice.it\/fr\/product\/brancard-de-secours-638\/#primaryimage","url":"https:\/\/meber2026.graphoservice.it\/wp-content\/uploads\/2026\/02\/638_agg1.jpg","contentUrl":"https:\/\/meber2026.graphoservice.it\/wp-content\/uploads\/2026\/02\/638_agg1.jpg","width":780,"height":381},{"@type":"BreadcrumbList","@id":"https:\/\/meber2026.graphoservice.it\/fr\/product\/brancard-de-secours-638\/#breadcrumb","itemListElement":[{"@type":"ListItem","position":1,"name":"Home","item":"https:\/\/meber2026.graphoservice.it\/fr\/"},{"@type":"ListItem","position":2,"name":"Brancard de secours 638"}]},{"@type":"WebSite","@id":"https:\/\/meber2026.graphoservice.it\/fr\/#website","url":"https:\/\/meber2026.graphoservice.it\/fr\/","name":"Me.Ber.","description":"In Case of Emergerncy","potentialAction":[{"@type":"SearchAction","target":{"@type":"EntryPoint","urlTemplate":"https:\/\/meber2026.graphoservice.it\/fr\/?s={search_term_string}"},"query-input":{"@type":"PropertyValueSpecification","valueRequired":true,"valueName":"search_term_string"}}],"inLanguage":"fr-FR"}]}</script>
<!-- / Yoast SEO plugin. -->

Le brancard de secours pliant Art. 638 convient à des utilisations auxiliaires comme brancard secondaire à l’intérieur des ambulances.
