{"id":17313,"date":"2026-02-10T09:24:23","date_gmt":"2026-02-10T09:24:23","guid":{"rendered":"https:\/\/meber2026.graphoservice.it\/product\/1345-2\/"},"modified":"2026-04-21T08:56:52","modified_gmt":"2026-04-21T08:56:52","slug":"1345-2","status":"publish","type":"product","link":"https:\/\/meber2026.graphoservice.it\/fr\/product\/1345-2\/","title":{"rendered":"1345"},"content":{"rendered":"<p><strong>Sac de survie en nylon 840.<\/strong> Compact mais spacieux, gr\u00e2ce \u00e0 la modularit\u00e9 interne, il permet l\u2019organisation de l\u2019espace de mani\u00e8re personnalis\u00e9e afin d\u2019accueillir de mani\u00e8re optimale ce qui est n\u00e9cessaire \u00e0 l\u2019urgence. Il est compos\u00e9 de 4 poches\u00a0; 2 lat\u00e9rales, une avant et une arri\u00e8re totalement identiques, agenc\u00e9es et organis\u00e9es avec des supports et des \u00e9lastiques adapt\u00e9s pour accueillir divers mat\u00e9riels sanitaires. Il est \u00e9galement fourni avec un sac amovible suppl\u00e9mentaire avec une face avant transparente qui permet de voir le contenu. Gr\u00e2ce \u00e0 sa construction enti\u00e8rement amovible, il permet le nettoyage et la d\u00e9sinfection internes. Portable \u00e0 la main, en bandouli\u00e8re ou en sac \u00e0 dos.<br \/>\n<strong>Dim. (LxHxP) : 45 x 31 x 34 cm. <\/strong>Coloris\u00a0: rouge.<\/p>\n","protected":false},"excerpt":{"rendered":"<p>Sac de survie en nylon 840. Compact mais spacieux, gr\u00e2ce \u00e0 la modularit\u00e9 interne, il permet l\u2019organisation de l\u2019espace de mani\u00e8re personnalis\u00e9e afin d\u2019accueillir de mani\u00e8re optimale ce qui est n\u00e9cessaire \u00e0 l\u2019urgence. Il est compos\u00e9 de 4 poches\u00a0; 2 lat\u00e9rales, une avant et une arri\u00e8re totalement identiques, agenc\u00e9es et organis\u00e9es avec des supports et [&hellip;]<\/p>\n","protected":false},"author":1,"featured_media":12828,"parent":0,"menu_order":80002700,"template":"","meta":{"_acf_changed":false,"footnotes":""},"application-tag":[95],"class_list":["post-17313","product","type-product","status-publish","has-post-thumbnail","hentry","application-tag-materiel-de-premiers-secours"],"acf":[],"dsm_author":{"name":"admeb26","avatar_url":"https:\/\/meber2026.graphoservice.it\/wp-content\/plugins\/ultimate-member\/assets\/img\/default_avatar.jpg","archive_link":"https:\/\/meber2026.graphoservice.it\/fr\/author\/admeb26\/","biodata":""},"dsm_categories":[],"dsm_attachment_categories":[],"dsm_featured_image":{"thumbnail":"https:\/\/meber2026.graphoservice.it\/wp-content\/uploads\/2026\/02\/1345_Zaino_chiuso-150x150.jpg","medium":"https:\/\/meber2026.graphoservice.it\/wp-content\/uploads\/2026\/02\/1345_Zaino_chiuso-300x283.jpg","medium_large":"https:\/\/meber2026.graphoservice.it\/wp-content\/uploads\/2026\/02\/1345_Zaino_chiuso-768x724.jpg","large":"https:\/\/meber2026.graphoservice.it\/wp-content\/uploads\/2026\/02\/1345_Zaino_chiuso.jpg","1536x1536":"https:\/\/meber2026.graphoservice.it\/wp-content\/uploads\/2026\/02\/1345_Zaino_chiuso.jpg","2048x2048":"https:\/\/meber2026.graphoservice.it\/wp-content\/uploads\/2026\/02\/1345_Zaino_chiuso.jpg","et-pb-post-main-image":"https:\/\/meber2026.graphoservice.it\/wp-content\/uploads\/2026\/02\/1345_Zaino_chiuso-400x250.jpg","et-pb-post-main-image-fullwidth":"https:\/\/meber2026.graphoservice.it\/wp-content\/uploads\/2026\/02\/1345_Zaino_chiuso-780x675.jpg","et-pb-portfolio-image":"https:\/\/meber2026.graphoservice.it\/wp-content\/uploads\/2026\/02\/1345_Zaino_chiuso-400x284.jpg","et-pb-portfolio-module-image":"https:\/\/meber2026.graphoservice.it\/wp-content\/uploads\/2026\/02\/1345_Zaino_chiuso-510x382.jpg","et-pb-portfolio-image-single":"https:\/\/meber2026.graphoservice.it\/wp-content\/uploads\/2026\/02\/1345_Zaino_chiuso.jpg","et-pb-gallery-module-image-portrait":"https:\/\/meber2026.graphoservice.it\/wp-content\/uploads\/2026\/02\/1345_Zaino_chiuso-400x516.jpg","et-pb-post-main-image-fullwidth-large":"https:\/\/meber2026.graphoservice.it\/wp-content\/uploads\/2026\/02\/1345_Zaino_chiuso.jpg","et-pb-image--responsive--desktop":"https:\/\/meber2026.graphoservice.it\/wp-content\/uploads\/2026\/02\/1345_Zaino_chiuso.jpg","et-pb-image--responsive--tablet":"https:\/\/meber2026.graphoservice.it\/wp-content\/uploads\/2026\/02\/1345_Zaino_chiuso.jpg","et-pb-image--responsive--phone":"https:\/\/meber2026.graphoservice.it\/wp-content\/uploads\/2026\/02\/1345_Zaino_chiuso-480x452.jpg","full":"https:\/\/meber2026.graphoservice.it\/wp-content\/uploads\/2026\/02\/1345_Zaino_chiuso.jpg"},"yoast_head":"<!-- This site is optimized with the Yoast SEO plugin v27.4 - https:\/\/yoast.com\/product\/yoast-seo-wordpress\/ -->\n<title>1345<\/title>\n<meta name=\"robots\" content=\"noindex, follow, max-snippet:-1, max-image-preview:large, max-video-preview:-1\" \/>\n<meta property=\"og:locale\" content=\"fr_FR\" \/>\n<meta property=\"og:type\" content=\"article\" \/>\n<meta property=\"og:title\" content=\"1345\" \/>\n<meta property=\"og:description\" content=\"Sac de survie en nylon 840. Compact mais spacieux, gr\u00e2ce \u00e0 la modularit\u00e9 interne, il permet l\u2019organisation de l\u2019espace de mani\u00e8re personnalis\u00e9e afin d\u2019accueillir de mani\u00e8re optimale ce qui est n\u00e9cessaire \u00e0 l\u2019urgence. Il est compos\u00e9 de 4 poches\u00a0; 2 lat\u00e9rales, une avant et une arri\u00e8re totalement identiques, agenc\u00e9es et organis\u00e9es avec des supports et [&hellip;]\" \/>\n<meta property=\"og:url\" content=\"https:\/\/meber2026.graphoservice.it\/fr\/product\/1345-2\/\" \/>\n<meta property=\"og:site_name\" content=\"Me.Ber.\" \/>\n<meta property=\"article:modified_time\" content=\"2026-04-21T08:56:52+00:00\" \/>\n<meta property=\"og:image\" content=\"https:\/\/meber2026.graphoservice.it\/wp-content\/uploads\/2026\/02\/1345_Zaino_chiuso.jpg\" \/>\n\t<meta property=\"og:image:width\" content=\"780\" \/>\n\t<meta property=\"og:image:height\" content=\"735\" \/>\n\t<meta property=\"og:image:type\" content=\"image\/jpeg\" \/>\n<meta name=\"twitter:card\" content=\"summary_large_image\" \/>\n<meta name=\"twitter:label1\" content=\"Dur\u00e9e de lecture estim\u00e9e\" \/>\n\t<meta name=\"twitter:data1\" content=\"1 minute\" \/>\n<script type=\"application\/ld+json\" class=\"yoast-schema-graph\">{\"@context\":\"https:\\\/\\\/schema.org\",\"@graph\":[{\"@type\":\"WebPage\",\"@id\":\"https:\\\/\\\/meber2026.graphoservice.it\\\/fr\\\/product\\\/1345-2\\\/\",\"url\":\"https:\\\/\\\/meber2026.graphoservice.it\\\/fr\\\/product\\\/1345-2\\\/\",\"name\":\"1345\",\"isPartOf\":{\"@id\":\"https:\\\/\\\/meber2026.graphoservice.it\\\/fr\\\/#website\"},\"primaryImageOfPage\":{\"@id\":\"https:\\\/\\\/meber2026.graphoservice.it\\\/fr\\\/product\\\/1345-2\\\/#primaryimage\"},\"image\":{\"@id\":\"https:\\\/\\\/meber2026.graphoservice.it\\\/fr\\\/product\\\/1345-2\\\/#primaryimage\"},\"thumbnailUrl\":\"https:\\\/\\\/meber2026.graphoservice.it\\\/wp-content\\\/uploads\\\/2026\\\/02\\\/1345_Zaino_chiuso.jpg\",\"datePublished\":\"2026-02-10T09:24:23+00:00\",\"dateModified\":\"2026-04-21T08:56:52+00:00\",\"breadcrumb\":{\"@id\":\"https:\\\/\\\/meber2026.graphoservice.it\\\/fr\\\/product\\\/1345-2\\\/#breadcrumb\"},\"inLanguage\":\"fr-FR\",\"potentialAction\":[{\"@type\":\"ReadAction\",\"target\":[\"https:\\\/\\\/meber2026.graphoservice.it\\\/fr\\\/product\\\/1345-2\\\/\"]}]},{\"@type\":\"ImageObject\",\"inLanguage\":\"fr-FR\",\"@id\":\"https:\\\/\\\/meber2026.graphoservice.it\\\/fr\\\/product\\\/1345-2\\\/#primaryimage\",\"url\":\"https:\\\/\\\/meber2026.graphoservice.it\\\/wp-content\\\/uploads\\\/2026\\\/02\\\/1345_Zaino_chiuso.jpg\",\"contentUrl\":\"https:\\\/\\\/meber2026.graphoservice.it\\\/wp-content\\\/uploads\\\/2026\\\/02\\\/1345_Zaino_chiuso.jpg\",\"width\":780,\"height\":735},{\"@type\":\"BreadcrumbList\",\"@id\":\"https:\\\/\\\/meber2026.graphoservice.it\\\/fr\\\/product\\\/1345-2\\\/#breadcrumb\",\"itemListElement\":[{\"@type\":\"ListItem\",\"position\":1,\"name\":\"Home\",\"item\":\"https:\\\/\\\/meber2026.graphoservice.it\\\/fr\\\/\"},{\"@type\":\"ListItem\",\"position\":2,\"name\":\"1345\"}]},{\"@type\":\"WebSite\",\"@id\":\"https:\\\/\\\/meber2026.graphoservice.it\\\/fr\\\/#website\",\"url\":\"https:\\\/\\\/meber2026.graphoservice.it\\\/fr\\\/\",\"name\":\"Me.Ber.\",\"description\":\"In Case of Emergerncy\",\"potentialAction\":[{\"@type\":\"SearchAction\",\"target\":{\"@type\":\"EntryPoint\",\"urlTemplate\":\"https:\\\/\\\/meber2026.graphoservice.it\\\/fr\\\/?s={search_term_string}\"},\"query-input\":{\"@type\":\"PropertyValueSpecification\",\"valueRequired\":true,\"valueName\":\"search_term_string\"}}],\"inLanguage\":\"fr-FR\"}]}<\/script>\n<!-- \/ Yoast SEO plugin. -->","yoast_head_json":{"title":"1345","robots":{"index":"noindex","follow":"follow","max-snippet":"max-snippet:-1","max-image-preview":"max-image-preview:large","max-video-preview":"max-video-preview:-1"},"og_locale":"fr_FR","og_type":"article","og_title":"1345","og_description":"Sac de survie en nylon 840. Compact mais spacieux, gr\u00e2ce \u00e0 la modularit\u00e9 interne, il permet l\u2019organisation de l\u2019espace de mani\u00e8re personnalis\u00e9e afin d\u2019accueillir de mani\u00e8re optimale ce qui est n\u00e9cessaire \u00e0 l\u2019urgence. Il est compos\u00e9 de 4 poches\u00a0; 2 lat\u00e9rales, une avant et une arri\u00e8re totalement identiques, agenc\u00e9es et organis\u00e9es avec des supports et [&hellip;]","og_url":"https:\/\/meber2026.graphoservice.it\/fr\/product\/1345-2\/","og_site_name":"Me.Ber.","article_modified_time":"2026-04-21T08:56:52+00:00","og_image":[{"width":780,"height":735,"url":"https:\/\/meber2026.graphoservice.it\/wp-content\/uploads\/2026\/02\/1345_Zaino_chiuso.jpg","type":"image\/jpeg"}],"twitter_card":"summary_large_image","twitter_misc":{"Dur\u00e9e de lecture estim\u00e9e":"1 minute"},"schema":{"@context":"https:\/\/schema.org","@graph":[{"@type":"WebPage","@id":"https:\/\/meber2026.graphoservice.it\/fr\/product\/1345-2\/","url":"https:\/\/meber2026.graphoservice.it\/fr\/product\/1345-2\/","name":"1345","isPartOf":{"@id":"https:\/\/meber2026.graphoservice.it\/fr\/#website"},"primaryImageOfPage":{"@id":"https:\/\/meber2026.graphoservice.it\/fr\/product\/1345-2\/#primaryimage"},"image":{"@id":"https:\/\/meber2026.graphoservice.it\/fr\/product\/1345-2\/#primaryimage"},"thumbnailUrl":"https:\/\/meber2026.graphoservice.it\/wp-content\/uploads\/2026\/02\/1345_Zaino_chiuso.jpg","datePublished":"2026-02-10T09:24:23+00:00","dateModified":"2026-04-21T08:56:52+00:00","breadcrumb":{"@id":"https:\/\/meber2026.graphoservice.it\/fr\/product\/1345-2\/#breadcrumb"},"inLanguage":"fr-FR","potentialAction":[{"@type":"ReadAction","target":["https:\/\/meber2026.graphoservice.it\/fr\/product\/1345-2\/"]}]},{"@type":"ImageObject","inLanguage":"fr-FR","@id":"https:\/\/meber2026.graphoservice.it\/fr\/product\/1345-2\/#primaryimage","url":"https:\/\/meber2026.graphoservice.it\/wp-content\/uploads\/2026\/02\/1345_Zaino_chiuso.jpg","contentUrl":"https:\/\/meber2026.graphoservice.it\/wp-content\/uploads\/2026\/02\/1345_Zaino_chiuso.jpg","width":780,"height":735},{"@type":"BreadcrumbList","@id":"https:\/\/meber2026.graphoservice.it\/fr\/product\/1345-2\/#breadcrumb","itemListElement":[{"@type":"ListItem","position":1,"name":"Home","item":"https:\/\/meber2026.graphoservice.it\/fr\/"},{"@type":"ListItem","position":2,"name":"1345"}]},{"@type":"WebSite","@id":"https:\/\/meber2026.graphoservice.it\/fr\/#website","url":"https:\/\/meber2026.graphoservice.it\/fr\/","name":"Me.Ber.","description":"In Case of Emergerncy","potentialAction":[{"@type":"SearchAction","target":{"@type":"EntryPoint","urlTemplate":"https:\/\/meber2026.graphoservice.it\/fr\/?s={search_term_string}"},"query-input":{"@type":"PropertyValueSpecification","valueRequired":true,"valueName":"search_term_string"}}],"inLanguage":"fr-FR"}]}},"_links":{"self":[{"href":"https:\/\/meber2026.graphoservice.it\/fr\/wp-json\/wp\/v2\/product\/17313","targetHints":{"allow":["GET"]}}],"collection":[{"href":"https:\/\/meber2026.graphoservice.it\/fr\/wp-json\/wp\/v2\/product"}],"about":[{"href":"https:\/\/meber2026.graphoservice.it\/fr\/wp-json\/wp\/v2\/types\/product"}],"author":[{"embeddable":true,"href":"https:\/\/meber2026.graphoservice.it\/fr\/wp-json\/wp\/v2\/users\/1"}],"version-history":[{"count":0,"href":"https:\/\/meber2026.graphoservice.it\/fr\/wp-json\/wp\/v2\/product\/17313\/revisions"}],"wp:featuredmedia":[{"embeddable":true,"href":"https:\/\/meber2026.graphoservice.it\/fr\/wp-json\/wp\/v2\/media\/12828"}],"wp:attachment":[{"href":"https:\/\/meber2026.graphoservice.it\/fr\/wp-json\/wp\/v2\/media?parent=17313"}],"wp:term":[{"taxonomy":"application-tag","embeddable":true,"href":"https:\/\/meber2026.graphoservice.it\/fr\/wp-json\/wp\/v2\/application-tag?post=17313"}],"curies":[{"name":"wp","href":"https:\/\/api.w.org\/{rel}","templated":true}]}}

<p><strong>Sac de survie en nylon 840.</strong> Compact mais spacieux, grâce à la modularité interne, il permet l’organisation de l’espace de manière personnalisée afin d’accueillir de manière optimale ce qui est nécessaire à l’urgence. Il est composé de 4 poches ; 2 latérales, une avant et une arrière totalement identiques, agencées et organisées avec des supports et des élastiques adaptés pour accueillir divers matériels sanitaires. Il est également fourni avec un sac amovible supplémentaire avec une face avant transparente qui permet de voir le contenu. Grâce à sa construction entièrement amovible, il permet le nettoyage et la désinfection internes. Portable à la main, en bandoulière ou en sac à dos.<br />
<strong>Dim. (LxHxP) : 45 x 31 x 34 cm. </strong>Coloris : rouge.</p>

<p>Sac de survie en nylon 840. Compact mais spacieux, grâce à la modularité interne, il permet l’organisation de l’espace de manière personnalisée afin d’accueillir de manière optimale ce qui est nécessaire à l’urgence. Il est composé de 4 poches ; 2 latérales, une avant et une arrière totalement identiques, agencées et organisées avec des supports et [&hellip;]</p>

<!-- This site is optimized with the Yoast SEO plugin v27.4 - https://yoast.com/product/yoast-seo-wordpress/ -->
<title>1345</title>
<meta name="robots" content="noindex, follow, max-snippet:-1, max-image-preview:large, max-video-preview:-1" />
<meta property="og:locale" content="fr_FR" />
<meta property="og:type" content="article" />
<meta property="og:title" content="1345" />
<meta property="og:description" content="Sac de survie en nylon 840. Compact mais spacieux, grâce à la modularité interne, il permet l’organisation de l’espace de manière personnalisée afin d’accueillir de manière optimale ce qui est nécessaire à l’urgence. Il est composé de 4 poches ; 2 latérales, une avant et une arrière totalement identiques, agencées et organisées avec des supports et [&hellip;]" />
<meta property="og:url" content="https://meber2026.graphoservice.it/fr/product/1345-2/" />
<meta property="og:site_name" content="Me.Ber." />
<meta property="article:modified_time" content="2026-04-21T08:56:52+00:00" />
<meta property="og:image" content="https://meber2026.graphoservice.it/wp-content/uploads/2026/02/1345_Zaino_chiuso.jpg" />
	<meta property="og:image:width" content="780" />
	<meta property="og:image:height" content="735" />
	<meta property="og:image:type" content="image/jpeg" />
<meta name="twitter:card" content="summary_large_image" />
<meta name="twitter:label1" content="Durée de lecture estimée" />
	<meta name="twitter:data1" content="1 minute" />
<script type="application/ld+json" class="yoast-schema-graph">{"@context":"https:\/\/schema.org","@graph":[{"@type":"WebPage","@id":"https:\/\/meber2026.graphoservice.it\/fr\/product\/1345-2\/","url":"https:\/\/meber2026.graphoservice.it\/fr\/product\/1345-2\/","name":"1345","isPartOf":{"@id":"https:\/\/meber2026.graphoservice.it\/fr\/#website"},"primaryImageOfPage":{"@id":"https:\/\/meber2026.graphoservice.it\/fr\/product\/1345-2\/#primaryimage"},"image":{"@id":"https:\/\/meber2026.graphoservice.it\/fr\/product\/1345-2\/#primaryimage"},"thumbnailUrl":"https:\/\/meber2026.graphoservice.it\/wp-content\/uploads\/2026\/02\/1345_Zaino_chiuso.jpg","datePublished":"2026-02-10T09:24:23+00:00","dateModified":"2026-04-21T08:56:52+00:00","breadcrumb":{"@id":"https:\/\/meber2026.graphoservice.it\/fr\/product\/1345-2\/#breadcrumb"},"inLanguage":"fr-FR","potentialAction":[{"@type":"ReadAction","target":["https:\/\/meber2026.graphoservice.it\/fr\/product\/1345-2\/"]}]},{"@type":"ImageObject","inLanguage":"fr-FR","@id":"https:\/\/meber2026.graphoservice.it\/fr\/product\/1345-2\/#primaryimage","url":"https:\/\/meber2026.graphoservice.it\/wp-content\/uploads\/2026\/02\/1345_Zaino_chiuso.jpg","contentUrl":"https:\/\/meber2026.graphoservice.it\/wp-content\/uploads\/2026\/02\/1345_Zaino_chiuso.jpg","width":780,"height":735},{"@type":"BreadcrumbList","@id":"https:\/\/meber2026.graphoservice.it\/fr\/product\/1345-2\/#breadcrumb","itemListElement":[{"@type":"ListItem","position":1,"name":"Home","item":"https:\/\/meber2026.graphoservice.it\/fr\/"},{"@type":"ListItem","position":2,"name":"1345"}]},{"@type":"WebSite","@id":"https:\/\/meber2026.graphoservice.it\/fr\/#website","url":"https:\/\/meber2026.graphoservice.it\/fr\/","name":"Me.Ber.","description":"In Case of Emergerncy","potentialAction":[{"@type":"SearchAction","target":{"@type":"EntryPoint","urlTemplate":"https:\/\/meber2026.graphoservice.it\/fr\/?s={search_term_string}"},"query-input":{"@type":"PropertyValueSpecification","valueRequired":true,"valueName":"search_term_string"}}],"inLanguage":"fr-FR"}]}</script>
<!-- / Yoast SEO plugin. -->

Sac de survie en nylon 840. Compact mais spacieux, grâce à la modularité interne, il permet l’organisation de l’espace de manière personnalisée afin d’accueillir de manière optimale ce qui est nécessaire à l’urgence. Il est composé de 4 poches ; 2 latérales, une avant et une arrière totalement identiques, agencées et organisées avec des supports et [&hellip;]
