{"id":19125,"date":"2026-02-10T09:27:52","date_gmt":"2026-02-10T09:27:52","guid":{"rendered":"https:\/\/meber2026.graphoservice.it\/product\/proxima-pro-683\/"},"modified":"2026-02-10T09:27:52","modified_gmt":"2026-02-10T09:27:52","slug":"proxima-pro-683","status":"publish","type":"product","link":"https:\/\/meber2026.graphoservice.it\/es\/product\/proxima-pro-683\/","title":{"rendered":"Proxima Pro 683"},"content":{"rendered":"<p>Fabricada en aleaci\u00f3n de aluminio, se diferencia de las otras versiones &#8220;Proxima&#8221; gracias a su ligereza. El respaldo y el asiento est\u00e1n acolchados en espuma ign\u00edfuga y revestidos en skay para que el producto sea particularmente c\u00f3modo y f\u00e1cil de limpiar. Est\u00e1 equipada con 4 ruedas giratorias de \u00d8 150 mm (2 ruedas traseras giratorias con freno de estacionamiento y 2 ruedas delanteras fijas), 2 manijas traseras, 4 palancas desmontables (2 delanteras y 2 traseras, \u00d8 35 mm para un deslizamiento efectivo) y reposabrazos plegable revestido con una funda acolchada de alto comfort. Las ruedas se pueden invertir, colocando el freno direccional en la parte trasera y el freno de estacionamiento en la parte delantera. Suministrada de serie con cintur\u00f3n tor\u00e1cico-abdominal. Adem\u00e1s, disponible como accesorio el sistema de fijaci\u00f3n dedicado y certificado UNI EN 1789 Art. 620 (ver categor\u00eda \u201cSistemas de fijaci\u00f3n\u201d).<br \/>\n\u00a0 <img loading=\"lazy\" decoding=\"async\" alt=\"\" height=\"88\" src=\"https:\/\/www.meber.it\/adm\/Images\/contents\/10G Logo 2019_def.png\" width=\"80\" \/><br \/>\n<strong>Dispositivo certificado seg\u00fan normas armonizadas de seguridad UNI EN 1865 &#8211; UNI EN 1789<\/strong><\/p>\n","protected":false},"excerpt":{"rendered":"<p>Fabricada en aleaci\u00f3n de aluminio, se diferencia de las otras versiones &#8220;Proxima&#8221; gracias a su ligereza. El respaldo y el asiento est\u00e1n acolchados en espuma ign\u00edfuga y revestidos en skay para que el producto sea particularmente c\u00f3modo y f\u00e1cil de limpiar. Est\u00e1 equipada con 4 ruedas giratorias de \u00d8 150 mm (2 ruedas traseras giratorias [&hellip;]<\/p>\n","protected":false},"author":1,"featured_media":26113,"parent":0,"menu_order":30000600,"template":"","meta":{"_acf_changed":false,"footnotes":""},"application-tag":[],"class_list":["post-19125","product","type-product","status-publish","has-post-thumbnail","hentry"],"acf":[],"dsm_author":{"name":"admeb26","avatar_url":"https:\/\/meber2026.graphoservice.it\/wp-content\/plugins\/ultimate-member\/assets\/img\/default_avatar.jpg","archive_link":"https:\/\/meber2026.graphoservice.it\/es\/author\/admeb26\/","biodata":""},"dsm_categories":[],"dsm_attachment_categories":[],"dsm_featured_image":{"thumbnail":"https:\/\/meber2026.graphoservice.it\/wp-content\/uploads\/2026\/02\/Proxima_2025-150x150.webp","medium":"https:\/\/meber2026.graphoservice.it\/wp-content\/uploads\/2026\/02\/Proxima_2025-300x300.webp","medium_large":"https:\/\/meber2026.graphoservice.it\/wp-content\/uploads\/2026\/02\/Proxima_2025-768x768.webp","large":"https:\/\/meber2026.graphoservice.it\/wp-content\/uploads\/2026\/02\/Proxima_2025-1024x1024.webp","1536x1536":"https:\/\/meber2026.graphoservice.it\/wp-content\/uploads\/2026\/02\/Proxima_2025-1536x1536.webp","2048x2048":"https:\/\/meber2026.graphoservice.it\/wp-content\/uploads\/2026\/02\/Proxima_2025-2048x2048.webp","et-pb-post-main-image":"https:\/\/meber2026.graphoservice.it\/wp-content\/uploads\/2026\/02\/Proxima_2025-400x250.webp","et-pb-post-main-image-fullwidth":"https:\/\/meber2026.graphoservice.it\/wp-content\/uploads\/2026\/02\/Proxima_2025-1080x675.webp","et-pb-portfolio-image":"https:\/\/meber2026.graphoservice.it\/wp-content\/uploads\/2026\/02\/Proxima_2025-400x284.webp","et-pb-portfolio-module-image":"https:\/\/meber2026.graphoservice.it\/wp-content\/uploads\/2026\/02\/Proxima_2025-510x382.webp","et-pb-portfolio-image-single":"https:\/\/meber2026.graphoservice.it\/wp-content\/uploads\/2026\/02\/Proxima_2025-1080x1080.webp","et-pb-gallery-module-image-portrait":"https:\/\/meber2026.graphoservice.it\/wp-content\/uploads\/2026\/02\/Proxima_2025-400x516.webp","et-pb-post-main-image-fullwidth-large":"https:\/\/meber2026.graphoservice.it\/wp-content\/uploads\/2026\/02\/Proxima_2025-2500x1800.webp","et-pb-image--responsive--desktop":"https:\/\/meber2026.graphoservice.it\/wp-content\/uploads\/2026\/02\/Proxima_2025-1280x1280.webp","et-pb-image--responsive--tablet":"https:\/\/meber2026.graphoservice.it\/wp-content\/uploads\/2026\/02\/Proxima_2025-980x980.webp","et-pb-image--responsive--phone":"https:\/\/meber2026.graphoservice.it\/wp-content\/uploads\/2026\/02\/Proxima_2025-480x480.webp","full":"https:\/\/meber2026.graphoservice.it\/wp-content\/uploads\/2026\/02\/Proxima_2025.webp"},"yoast_head":"<!-- This site is optimized with the Yoast SEO plugin v27.4 - https:\/\/yoast.com\/product\/yoast-seo-wordpress\/ -->\n<title>Silla de evacuaci\u00f3n acolchada Proxima - Meber<\/title>\n<meta name=\"description\" content=\"Silla de evacuaci\u00f3n fija acolchada en aluminio caracterizada por su ligereza\" \/>\n<meta name=\"robots\" content=\"noindex, follow, max-snippet:-1, max-image-preview:large, max-video-preview:-1\" \/>\n<meta property=\"og:locale\" content=\"es_ES\" \/>\n<meta property=\"og:type\" content=\"article\" \/>\n<meta property=\"og:title\" content=\"Silla de evacuaci\u00f3n acolchada Proxima - Meber\" \/>\n<meta property=\"og:description\" content=\"Silla de evacuaci\u00f3n fija acolchada en aluminio caracterizada por su ligereza\" \/>\n<meta property=\"og:url\" content=\"https:\/\/meber2026.graphoservice.it\/es\/product\/proxima-pro-683\/\" \/>\n<meta property=\"og:site_name\" content=\"Me.Ber.\" \/>\n<meta name=\"twitter:card\" content=\"summary_large_image\" \/>\n<meta name=\"twitter:label1\" content=\"Tiempo de lectura\" \/>\n\t<meta name=\"twitter:data1\" content=\"1 minuto\" \/>\n<script type=\"application\/ld+json\" class=\"yoast-schema-graph\">{\"@context\":\"https:\\\/\\\/schema.org\",\"@graph\":[{\"@type\":\"WebPage\",\"@id\":\"https:\\\/\\\/meber2026.graphoservice.it\\\/es\\\/product\\\/proxima-pro-683\\\/\",\"url\":\"https:\\\/\\\/meber2026.graphoservice.it\\\/es\\\/product\\\/proxima-pro-683\\\/\",\"name\":\"Silla de evacuaci\u00f3n acolchada Proxima - Meber\",\"isPartOf\":{\"@id\":\"https:\\\/\\\/meber2026.graphoservice.it\\\/es\\\/#website\"},\"primaryImageOfPage\":{\"@id\":\"https:\\\/\\\/meber2026.graphoservice.it\\\/es\\\/product\\\/proxima-pro-683\\\/#primaryimage\"},\"image\":{\"@id\":\"https:\\\/\\\/meber2026.graphoservice.it\\\/es\\\/product\\\/proxima-pro-683\\\/#primaryimage\"},\"thumbnailUrl\":\"https:\\\/\\\/meber2026.graphoservice.it\\\/wp-content\\\/uploads\\\/2026\\\/02\\\/Proxima_2025.webp\",\"datePublished\":\"2026-02-10T09:27:52+00:00\",\"description\":\"Silla de evacuaci\u00f3n fija acolchada en aluminio caracterizada por su ligereza\",\"breadcrumb\":{\"@id\":\"https:\\\/\\\/meber2026.graphoservice.it\\\/es\\\/product\\\/proxima-pro-683\\\/#breadcrumb\"},\"inLanguage\":\"es\",\"potentialAction\":[{\"@type\":\"ReadAction\",\"target\":[\"https:\\\/\\\/meber2026.graphoservice.it\\\/es\\\/product\\\/proxima-pro-683\\\/\"]}]},{\"@type\":\"ImageObject\",\"inLanguage\":\"es\",\"@id\":\"https:\\\/\\\/meber2026.graphoservice.it\\\/es\\\/product\\\/proxima-pro-683\\\/#primaryimage\",\"url\":\"https:\\\/\\\/meber2026.graphoservice.it\\\/wp-content\\\/uploads\\\/2026\\\/02\\\/Proxima_2025.webp\",\"contentUrl\":\"https:\\\/\\\/meber2026.graphoservice.it\\\/wp-content\\\/uploads\\\/2026\\\/02\\\/Proxima_2025.webp\",\"width\":2500,\"height\":2500},{\"@type\":\"BreadcrumbList\",\"@id\":\"https:\\\/\\\/meber2026.graphoservice.it\\\/es\\\/product\\\/proxima-pro-683\\\/#breadcrumb\",\"itemListElement\":[{\"@type\":\"ListItem\",\"position\":1,\"name\":\"Home\",\"item\":\"https:\\\/\\\/meber2026.graphoservice.it\\\/es\\\/\"},{\"@type\":\"ListItem\",\"position\":2,\"name\":\"Proxima Pro 683\"}]},{\"@type\":\"WebSite\",\"@id\":\"https:\\\/\\\/meber2026.graphoservice.it\\\/es\\\/#website\",\"url\":\"https:\\\/\\\/meber2026.graphoservice.it\\\/es\\\/\",\"name\":\"Me.Ber.\",\"description\":\"In Case of Emergerncy\",\"potentialAction\":[{\"@type\":\"SearchAction\",\"target\":{\"@type\":\"EntryPoint\",\"urlTemplate\":\"https:\\\/\\\/meber2026.graphoservice.it\\\/es\\\/?s={search_term_string}\"},\"query-input\":{\"@type\":\"PropertyValueSpecification\",\"valueRequired\":true,\"valueName\":\"search_term_string\"}}],\"inLanguage\":\"es\"}]}<\/script>\n<!-- \/ Yoast SEO plugin. -->","yoast_head_json":{"title":"Silla de evacuaci\u00f3n acolchada Proxima - Meber","description":"Silla de evacuaci\u00f3n fija acolchada en aluminio caracterizada por su ligereza","robots":{"index":"noindex","follow":"follow","max-snippet":"max-snippet:-1","max-image-preview":"max-image-preview:large","max-video-preview":"max-video-preview:-1"},"og_locale":"es_ES","og_type":"article","og_title":"Silla de evacuaci\u00f3n acolchada Proxima - Meber","og_description":"Silla de evacuaci\u00f3n fija acolchada en aluminio caracterizada por su ligereza","og_url":"https:\/\/meber2026.graphoservice.it\/es\/product\/proxima-pro-683\/","og_site_name":"Me.Ber.","twitter_card":"summary_large_image","twitter_misc":{"Tiempo de lectura":"1 minuto"},"schema":{"@context":"https:\/\/schema.org","@graph":[{"@type":"WebPage","@id":"https:\/\/meber2026.graphoservice.it\/es\/product\/proxima-pro-683\/","url":"https:\/\/meber2026.graphoservice.it\/es\/product\/proxima-pro-683\/","name":"Silla de evacuaci\u00f3n acolchada Proxima - Meber","isPartOf":{"@id":"https:\/\/meber2026.graphoservice.it\/es\/#website"},"primaryImageOfPage":{"@id":"https:\/\/meber2026.graphoservice.it\/es\/product\/proxima-pro-683\/#primaryimage"},"image":{"@id":"https:\/\/meber2026.graphoservice.it\/es\/product\/proxima-pro-683\/#primaryimage"},"thumbnailUrl":"https:\/\/meber2026.graphoservice.it\/wp-content\/uploads\/2026\/02\/Proxima_2025.webp","datePublished":"2026-02-10T09:27:52+00:00","description":"Silla de evacuaci\u00f3n fija acolchada en aluminio caracterizada por su ligereza","breadcrumb":{"@id":"https:\/\/meber2026.graphoservice.it\/es\/product\/proxima-pro-683\/#breadcrumb"},"inLanguage":"es","potentialAction":[{"@type":"ReadAction","target":["https:\/\/meber2026.graphoservice.it\/es\/product\/proxima-pro-683\/"]}]},{"@type":"ImageObject","inLanguage":"es","@id":"https:\/\/meber2026.graphoservice.it\/es\/product\/proxima-pro-683\/#primaryimage","url":"https:\/\/meber2026.graphoservice.it\/wp-content\/uploads\/2026\/02\/Proxima_2025.webp","contentUrl":"https:\/\/meber2026.graphoservice.it\/wp-content\/uploads\/2026\/02\/Proxima_2025.webp","width":2500,"height":2500},{"@type":"BreadcrumbList","@id":"https:\/\/meber2026.graphoservice.it\/es\/product\/proxima-pro-683\/#breadcrumb","itemListElement":[{"@type":"ListItem","position":1,"name":"Home","item":"https:\/\/meber2026.graphoservice.it\/es\/"},{"@type":"ListItem","position":2,"name":"Proxima Pro 683"}]},{"@type":"WebSite","@id":"https:\/\/meber2026.graphoservice.it\/es\/#website","url":"https:\/\/meber2026.graphoservice.it\/es\/","name":"Me.Ber.","description":"In Case of Emergerncy","potentialAction":[{"@type":"SearchAction","target":{"@type":"EntryPoint","urlTemplate":"https:\/\/meber2026.graphoservice.it\/es\/?s={search_term_string}"},"query-input":{"@type":"PropertyValueSpecification","valueRequired":true,"valueName":"search_term_string"}}],"inLanguage":"es"}]}},"_links":{"self":[{"href":"https:\/\/meber2026.graphoservice.it\/es\/wp-json\/wp\/v2\/product\/19125","targetHints":{"allow":["GET"]}}],"collection":[{"href":"https:\/\/meber2026.graphoservice.it\/es\/wp-json\/wp\/v2\/product"}],"about":[{"href":"https:\/\/meber2026.graphoservice.it\/es\/wp-json\/wp\/v2\/types\/product"}],"author":[{"embeddable":true,"href":"https:\/\/meber2026.graphoservice.it\/es\/wp-json\/wp\/v2\/users\/1"}],"version-history":[{"count":0,"href":"https:\/\/meber2026.graphoservice.it\/es\/wp-json\/wp\/v2\/product\/19125\/revisions"}],"wp:featuredmedia":[{"embeddable":true,"href":"https:\/\/meber2026.graphoservice.it\/es\/wp-json\/wp\/v2\/media\/26113"}],"wp:attachment":[{"href":"https:\/\/meber2026.graphoservice.it\/es\/wp-json\/wp\/v2\/media?parent=19125"}],"wp:term":[{"taxonomy":"application-tag","embeddable":true,"href":"https:\/\/meber2026.graphoservice.it\/es\/wp-json\/wp\/v2\/application-tag?post=19125"}],"curies":[{"name":"wp","href":"https:\/\/api.w.org\/{rel}","templated":true}]}}

<p>Fabricada en aleación de aluminio, se diferencia de las otras versiones &#8220;Proxima&#8221; gracias a su ligereza. El respaldo y el asiento están acolchados en espuma ignífuga y revestidos en skay para que el producto sea particularmente cómodo y fácil de limpiar. Está equipada con 4 ruedas giratorias de Ø 150 mm (2 ruedas traseras giratorias con freno de estacionamiento y 2 ruedas delanteras fijas), 2 manijas traseras, 4 palancas desmontables (2 delanteras y 2 traseras, Ø 35 mm para un deslizamiento efectivo) y reposabrazos plegable revestido con una funda acolchada de alto comfort. Las ruedas se pueden invertir, colocando el freno direccional en la parte trasera y el freno de estacionamiento en la parte delantera. Suministrada de serie con cinturón torácico-abdominal. Además, disponible como accesorio el sistema de fijación dedicado y certificado UNI EN 1789 Art. 620 (ver categoría “Sistemas de fijación”).<br />
  <img loading="lazy" decoding="async" alt="" height="88" src="https://www.meber.it/adm/Images/contents/10G Logo 2019_def.png" width="80" /><br />
<strong>Dispositivo certificado según normas armonizadas de seguridad UNI EN 1865 &#8211; UNI EN 1789</strong></p>

<p>Fabricada en aleación de aluminio, se diferencia de las otras versiones &#8220;Proxima&#8221; gracias a su ligereza. El respaldo y el asiento están acolchados en espuma ignífuga y revestidos en skay para que el producto sea particularmente cómodo y fácil de limpiar. Está equipada con 4 ruedas giratorias de Ø 150 mm (2 ruedas traseras giratorias [&hellip;]</p>

<!-- This site is optimized with the Yoast SEO plugin v27.4 - https://yoast.com/product/yoast-seo-wordpress/ -->
<title>Silla de evacuación acolchada Proxima - Meber</title>
<meta name="description" content="Silla de evacuación fija acolchada en aluminio caracterizada por su ligereza" />
<meta name="robots" content="noindex, follow, max-snippet:-1, max-image-preview:large, max-video-preview:-1" />
<meta property="og:locale" content="es_ES" />
<meta property="og:type" content="article" />
<meta property="og:title" content="Silla de evacuación acolchada Proxima - Meber" />
<meta property="og:description" content="Silla de evacuación fija acolchada en aluminio caracterizada por su ligereza" />
<meta property="og:url" content="https://meber2026.graphoservice.it/es/product/proxima-pro-683/" />
<meta property="og:site_name" content="Me.Ber." />
<meta name="twitter:card" content="summary_large_image" />
<meta name="twitter:label1" content="Tiempo de lectura" />
	<meta name="twitter:data1" content="1 minuto" />
<script type="application/ld+json" class="yoast-schema-graph">{"@context":"https:\/\/schema.org","@graph":[{"@type":"WebPage","@id":"https:\/\/meber2026.graphoservice.it\/es\/product\/proxima-pro-683\/","url":"https:\/\/meber2026.graphoservice.it\/es\/product\/proxima-pro-683\/","name":"Silla de evacuación acolchada Proxima - Meber","isPartOf":{"@id":"https:\/\/meber2026.graphoservice.it\/es\/#website"},"primaryImageOfPage":{"@id":"https:\/\/meber2026.graphoservice.it\/es\/product\/proxima-pro-683\/#primaryimage"},"image":{"@id":"https:\/\/meber2026.graphoservice.it\/es\/product\/proxima-pro-683\/#primaryimage"},"thumbnailUrl":"https:\/\/meber2026.graphoservice.it\/wp-content\/uploads\/2026\/02\/Proxima_2025.webp","datePublished":"2026-02-10T09:27:52+00:00","description":"Silla de evacuación fija acolchada en aluminio caracterizada por su ligereza","breadcrumb":{"@id":"https:\/\/meber2026.graphoservice.it\/es\/product\/proxima-pro-683\/#breadcrumb"},"inLanguage":"es","potentialAction":[{"@type":"ReadAction","target":["https:\/\/meber2026.graphoservice.it\/es\/product\/proxima-pro-683\/"]}]},{"@type":"ImageObject","inLanguage":"es","@id":"https:\/\/meber2026.graphoservice.it\/es\/product\/proxima-pro-683\/#primaryimage","url":"https:\/\/meber2026.graphoservice.it\/wp-content\/uploads\/2026\/02\/Proxima_2025.webp","contentUrl":"https:\/\/meber2026.graphoservice.it\/wp-content\/uploads\/2026\/02\/Proxima_2025.webp","width":2500,"height":2500},{"@type":"BreadcrumbList","@id":"https:\/\/meber2026.graphoservice.it\/es\/product\/proxima-pro-683\/#breadcrumb","itemListElement":[{"@type":"ListItem","position":1,"name":"Home","item":"https:\/\/meber2026.graphoservice.it\/es\/"},{"@type":"ListItem","position":2,"name":"Proxima Pro 683"}]},{"@type":"WebSite","@id":"https:\/\/meber2026.graphoservice.it\/es\/#website","url":"https:\/\/meber2026.graphoservice.it\/es\/","name":"Me.Ber.","description":"In Case of Emergerncy","potentialAction":[{"@type":"SearchAction","target":{"@type":"EntryPoint","urlTemplate":"https:\/\/meber2026.graphoservice.it\/es\/?s={search_term_string}"},"query-input":{"@type":"PropertyValueSpecification","valueRequired":true,"valueName":"search_term_string"}}],"inLanguage":"es"}]}</script>
<!-- / Yoast SEO plugin. -->

Silla de evacuación acolchada Proxima - Meber

Silla de evacuación fija acolchada en aluminio caracterizada por su ligereza
