{"id":18850,"date":"2026-02-10T09:27:23","date_gmt":"2026-02-10T09:27:23","guid":{"rendered":"https:\/\/meber2026.graphoservice.it\/product\/quick-659-y\/"},"modified":"2026-02-10T09:27:23","modified_gmt":"2026-02-10T09:27:23","slug":"quick-659-y","status":"publish","type":"product","link":"https:\/\/meber2026.graphoservice.it\/es\/product\/quick-659-y\/","title":{"rendered":"Quick 659\/Y"},"content":{"rendered":"<p>Es un dispositivo de fundamental importancia para el operador de rescate. Equipada con 4 ruedas (2 traseras fijas de \u00d8 125 mm y 2 delanteras giratorias con freno de \u00d8 100 mm), reposabrazos plegables, reposapi\u00e9s abatible, 4 manijas traseras y 2 delanteras desmontables, garantizan la comodidad y seguridad del paciente. El respaldo y el asiento en material termopl\u00e1stico se pueden desinfectar f\u00e1cilmente. F\u00e1cilmente desinfectable. Se suministra con bolsa negra de 3 cinturones (Art. 590\/N).<\/p>\n<p><b><img loading=\"lazy\" decoding=\"async\" alt=\"\" height=\"88\" src=\"https:\/\/www.meber.it\/adm\/Images\/contents\/10G Logo 2019_def.png\" width=\"80\" \/><br \/>\nDispositivo certificado seg\u00fan los est\u00e1ndares armonizados europeos de seguridad UNI EN 1865 &#8211; UNI EN 1789<\/b><\/p>\n","protected":false},"excerpt":{"rendered":"<p>Es un dispositivo de fundamental importancia para el operador de rescate. Equipada con 4 ruedas (2 traseras fijas de \u00d8 125 mm y 2 delanteras giratorias con freno de \u00d8 100 mm), reposabrazos plegables, reposapi\u00e9s abatible, 4 manijas traseras y 2 delanteras desmontables, garantizan la comodidad y seguridad del paciente. El respaldo y el asiento [&hellip;]<\/p>\n","protected":false},"author":1,"featured_media":26107,"parent":0,"menu_order":30000700,"template":"","meta":{"_acf_changed":false,"footnotes":""},"application-tag":[],"class_list":["post-18850","product","type-product","status-publish","has-post-thumbnail","hentry"],"acf":[],"dsm_author":{"name":"admeb26","avatar_url":"https:\/\/meber2026.graphoservice.it\/wp-content\/plugins\/ultimate-member\/assets\/img\/default_avatar.jpg","archive_link":"https:\/\/meber2026.graphoservice.it\/es\/author\/admeb26\/","biodata":""},"dsm_categories":[],"dsm_attachment_categories":[],"dsm_featured_image":{"thumbnail":"https:\/\/meber2026.graphoservice.it\/wp-content\/uploads\/2026\/02\/659Y_sedia_leve_chiuse_ruote-nuove-copia-150x150.webp","medium":"https:\/\/meber2026.graphoservice.it\/wp-content\/uploads\/2026\/02\/659Y_sedia_leve_chiuse_ruote-nuove-copia-300x300.webp","medium_large":"https:\/\/meber2026.graphoservice.it\/wp-content\/uploads\/2026\/02\/659Y_sedia_leve_chiuse_ruote-nuove-copia-768x768.webp","large":"https:\/\/meber2026.graphoservice.it\/wp-content\/uploads\/2026\/02\/659Y_sedia_leve_chiuse_ruote-nuove-copia-1024x1024.webp","1536x1536":"https:\/\/meber2026.graphoservice.it\/wp-content\/uploads\/2026\/02\/659Y_sedia_leve_chiuse_ruote-nuove-copia-1536x1536.webp","2048x2048":"https:\/\/meber2026.graphoservice.it\/wp-content\/uploads\/2026\/02\/659Y_sedia_leve_chiuse_ruote-nuove-copia.webp","et-pb-post-main-image":"https:\/\/meber2026.graphoservice.it\/wp-content\/uploads\/2026\/02\/659Y_sedia_leve_chiuse_ruote-nuove-copia-400x250.webp","et-pb-post-main-image-fullwidth":"https:\/\/meber2026.graphoservice.it\/wp-content\/uploads\/2026\/02\/659Y_sedia_leve_chiuse_ruote-nuove-copia-1080x675.webp","et-pb-portfolio-image":"https:\/\/meber2026.graphoservice.it\/wp-content\/uploads\/2026\/02\/659Y_sedia_leve_chiuse_ruote-nuove-copia-400x284.webp","et-pb-portfolio-module-image":"https:\/\/meber2026.graphoservice.it\/wp-content\/uploads\/2026\/02\/659Y_sedia_leve_chiuse_ruote-nuove-copia-510x382.webp","et-pb-portfolio-image-single":"https:\/\/meber2026.graphoservice.it\/wp-content\/uploads\/2026\/02\/659Y_sedia_leve_chiuse_ruote-nuove-copia-1080x1080.webp","et-pb-gallery-module-image-portrait":"https:\/\/meber2026.graphoservice.it\/wp-content\/uploads\/2026\/02\/659Y_sedia_leve_chiuse_ruote-nuove-copia-400x516.webp","et-pb-post-main-image-fullwidth-large":"https:\/\/meber2026.graphoservice.it\/wp-content\/uploads\/2026\/02\/659Y_sedia_leve_chiuse_ruote-nuove-copia-2000x1800.webp","et-pb-image--responsive--desktop":"https:\/\/meber2026.graphoservice.it\/wp-content\/uploads\/2026\/02\/659Y_sedia_leve_chiuse_ruote-nuove-copia-1280x1280.webp","et-pb-image--responsive--tablet":"https:\/\/meber2026.graphoservice.it\/wp-content\/uploads\/2026\/02\/659Y_sedia_leve_chiuse_ruote-nuove-copia-980x980.webp","et-pb-image--responsive--phone":"https:\/\/meber2026.graphoservice.it\/wp-content\/uploads\/2026\/02\/659Y_sedia_leve_chiuse_ruote-nuove-copia-480x480.webp","full":"https:\/\/meber2026.graphoservice.it\/wp-content\/uploads\/2026\/02\/659Y_sedia_leve_chiuse_ruote-nuove-copia.webp"},"yoast_head":"<!-- This site is optimized with the Yoast SEO plugin v27.4 - https:\/\/yoast.com\/product\/yoast-seo-wordpress\/ -->\n<title>Sillas de evacuaci\u00f3n 659\/Y<\/title>\n<meta name=\"description\" content=\"Silla de evacuaci\u00f3n plegable de 4 ruedas con plataforma y reposabrazos; color amarilla\/negra.\" \/>\n<meta name=\"robots\" content=\"noindex, follow, max-snippet:-1, max-image-preview:large, max-video-preview:-1\" \/>\n<meta property=\"og:locale\" content=\"es_ES\" \/>\n<meta property=\"og:type\" content=\"article\" \/>\n<meta property=\"og:title\" content=\"Sillas de evacuaci\u00f3n 659\/Y\" \/>\n<meta property=\"og:description\" content=\"Silla de evacuaci\u00f3n plegable de 4 ruedas con plataforma y reposabrazos; color amarilla\/negra.\" \/>\n<meta property=\"og:url\" content=\"https:\/\/meber2026.graphoservice.it\/es\/product\/quick-659-y\/\" \/>\n<meta property=\"og:site_name\" content=\"Me.Ber.\" \/>\n<meta name=\"twitter:card\" content=\"summary_large_image\" \/>\n<script type=\"application\/ld+json\" class=\"yoast-schema-graph\">{\"@context\":\"https:\\\/\\\/schema.org\",\"@graph\":[{\"@type\":\"WebPage\",\"@id\":\"https:\\\/\\\/meber2026.graphoservice.it\\\/es\\\/product\\\/quick-659-y\\\/\",\"url\":\"https:\\\/\\\/meber2026.graphoservice.it\\\/es\\\/product\\\/quick-659-y\\\/\",\"name\":\"Sillas de evacuaci\u00f3n 659\\\/Y\",\"isPartOf\":{\"@id\":\"https:\\\/\\\/meber2026.graphoservice.it\\\/es\\\/#website\"},\"primaryImageOfPage\":{\"@id\":\"https:\\\/\\\/meber2026.graphoservice.it\\\/es\\\/product\\\/quick-659-y\\\/#primaryimage\"},\"image\":{\"@id\":\"https:\\\/\\\/meber2026.graphoservice.it\\\/es\\\/product\\\/quick-659-y\\\/#primaryimage\"},\"thumbnailUrl\":\"https:\\\/\\\/meber2026.graphoservice.it\\\/wp-content\\\/uploads\\\/2026\\\/02\\\/659Y_sedia_leve_chiuse_ruote-nuove-copia.webp\",\"datePublished\":\"2026-02-10T09:27:23+00:00\",\"description\":\"Silla de evacuaci\u00f3n plegable de 4 ruedas con plataforma y reposabrazos; color amarilla\\\/negra.\",\"breadcrumb\":{\"@id\":\"https:\\\/\\\/meber2026.graphoservice.it\\\/es\\\/product\\\/quick-659-y\\\/#breadcrumb\"},\"inLanguage\":\"es\",\"potentialAction\":[{\"@type\":\"ReadAction\",\"target\":[\"https:\\\/\\\/meber2026.graphoservice.it\\\/es\\\/product\\\/quick-659-y\\\/\"]}]},{\"@type\":\"ImageObject\",\"inLanguage\":\"es\",\"@id\":\"https:\\\/\\\/meber2026.graphoservice.it\\\/es\\\/product\\\/quick-659-y\\\/#primaryimage\",\"url\":\"https:\\\/\\\/meber2026.graphoservice.it\\\/wp-content\\\/uploads\\\/2026\\\/02\\\/659Y_sedia_leve_chiuse_ruote-nuove-copia.webp\",\"contentUrl\":\"https:\\\/\\\/meber2026.graphoservice.it\\\/wp-content\\\/uploads\\\/2026\\\/02\\\/659Y_sedia_leve_chiuse_ruote-nuove-copia.webp\",\"width\":2000,\"height\":2000},{\"@type\":\"BreadcrumbList\",\"@id\":\"https:\\\/\\\/meber2026.graphoservice.it\\\/es\\\/product\\\/quick-659-y\\\/#breadcrumb\",\"itemListElement\":[{\"@type\":\"ListItem\",\"position\":1,\"name\":\"Home\",\"item\":\"https:\\\/\\\/meber2026.graphoservice.it\\\/es\\\/\"},{\"@type\":\"ListItem\",\"position\":2,\"name\":\"Quick 659\\\/Y\"}]},{\"@type\":\"WebSite\",\"@id\":\"https:\\\/\\\/meber2026.graphoservice.it\\\/es\\\/#website\",\"url\":\"https:\\\/\\\/meber2026.graphoservice.it\\\/es\\\/\",\"name\":\"Me.Ber.\",\"description\":\"In Case of Emergerncy\",\"potentialAction\":[{\"@type\":\"SearchAction\",\"target\":{\"@type\":\"EntryPoint\",\"urlTemplate\":\"https:\\\/\\\/meber2026.graphoservice.it\\\/es\\\/?s={search_term_string}\"},\"query-input\":{\"@type\":\"PropertyValueSpecification\",\"valueRequired\":true,\"valueName\":\"search_term_string\"}}],\"inLanguage\":\"es\"}]}<\/script>\n<!-- \/ Yoast SEO plugin. -->","yoast_head_json":{"title":"Sillas de evacuaci\u00f3n 659\/Y","description":"Silla de evacuaci\u00f3n plegable de 4 ruedas con plataforma y reposabrazos; color amarilla\/negra.","robots":{"index":"noindex","follow":"follow","max-snippet":"max-snippet:-1","max-image-preview":"max-image-preview:large","max-video-preview":"max-video-preview:-1"},"og_locale":"es_ES","og_type":"article","og_title":"Sillas de evacuaci\u00f3n 659\/Y","og_description":"Silla de evacuaci\u00f3n plegable de 4 ruedas con plataforma y reposabrazos; color amarilla\/negra.","og_url":"https:\/\/meber2026.graphoservice.it\/es\/product\/quick-659-y\/","og_site_name":"Me.Ber.","twitter_card":"summary_large_image","schema":{"@context":"https:\/\/schema.org","@graph":[{"@type":"WebPage","@id":"https:\/\/meber2026.graphoservice.it\/es\/product\/quick-659-y\/","url":"https:\/\/meber2026.graphoservice.it\/es\/product\/quick-659-y\/","name":"Sillas de evacuaci\u00f3n 659\/Y","isPartOf":{"@id":"https:\/\/meber2026.graphoservice.it\/es\/#website"},"primaryImageOfPage":{"@id":"https:\/\/meber2026.graphoservice.it\/es\/product\/quick-659-y\/#primaryimage"},"image":{"@id":"https:\/\/meber2026.graphoservice.it\/es\/product\/quick-659-y\/#primaryimage"},"thumbnailUrl":"https:\/\/meber2026.graphoservice.it\/wp-content\/uploads\/2026\/02\/659Y_sedia_leve_chiuse_ruote-nuove-copia.webp","datePublished":"2026-02-10T09:27:23+00:00","description":"Silla de evacuaci\u00f3n plegable de 4 ruedas con plataforma y reposabrazos; color amarilla\/negra.","breadcrumb":{"@id":"https:\/\/meber2026.graphoservice.it\/es\/product\/quick-659-y\/#breadcrumb"},"inLanguage":"es","potentialAction":[{"@type":"ReadAction","target":["https:\/\/meber2026.graphoservice.it\/es\/product\/quick-659-y\/"]}]},{"@type":"ImageObject","inLanguage":"es","@id":"https:\/\/meber2026.graphoservice.it\/es\/product\/quick-659-y\/#primaryimage","url":"https:\/\/meber2026.graphoservice.it\/wp-content\/uploads\/2026\/02\/659Y_sedia_leve_chiuse_ruote-nuove-copia.webp","contentUrl":"https:\/\/meber2026.graphoservice.it\/wp-content\/uploads\/2026\/02\/659Y_sedia_leve_chiuse_ruote-nuove-copia.webp","width":2000,"height":2000},{"@type":"BreadcrumbList","@id":"https:\/\/meber2026.graphoservice.it\/es\/product\/quick-659-y\/#breadcrumb","itemListElement":[{"@type":"ListItem","position":1,"name":"Home","item":"https:\/\/meber2026.graphoservice.it\/es\/"},{"@type":"ListItem","position":2,"name":"Quick 659\/Y"}]},{"@type":"WebSite","@id":"https:\/\/meber2026.graphoservice.it\/es\/#website","url":"https:\/\/meber2026.graphoservice.it\/es\/","name":"Me.Ber.","description":"In Case of Emergerncy","potentialAction":[{"@type":"SearchAction","target":{"@type":"EntryPoint","urlTemplate":"https:\/\/meber2026.graphoservice.it\/es\/?s={search_term_string}"},"query-input":{"@type":"PropertyValueSpecification","valueRequired":true,"valueName":"search_term_string"}}],"inLanguage":"es"}]}},"_links":{"self":[{"href":"https:\/\/meber2026.graphoservice.it\/es\/wp-json\/wp\/v2\/product\/18850","targetHints":{"allow":["GET"]}}],"collection":[{"href":"https:\/\/meber2026.graphoservice.it\/es\/wp-json\/wp\/v2\/product"}],"about":[{"href":"https:\/\/meber2026.graphoservice.it\/es\/wp-json\/wp\/v2\/types\/product"}],"author":[{"embeddable":true,"href":"https:\/\/meber2026.graphoservice.it\/es\/wp-json\/wp\/v2\/users\/1"}],"version-history":[{"count":0,"href":"https:\/\/meber2026.graphoservice.it\/es\/wp-json\/wp\/v2\/product\/18850\/revisions"}],"wp:featuredmedia":[{"embeddable":true,"href":"https:\/\/meber2026.graphoservice.it\/es\/wp-json\/wp\/v2\/media\/26107"}],"wp:attachment":[{"href":"https:\/\/meber2026.graphoservice.it\/es\/wp-json\/wp\/v2\/media?parent=18850"}],"wp:term":[{"taxonomy":"application-tag","embeddable":true,"href":"https:\/\/meber2026.graphoservice.it\/es\/wp-json\/wp\/v2\/application-tag?post=18850"}],"curies":[{"name":"wp","href":"https:\/\/api.w.org\/{rel}","templated":true}]}}

<p>Es un dispositivo de fundamental importancia para el operador de rescate. Equipada con 4 ruedas (2 traseras fijas de Ø 125 mm y 2 delanteras giratorias con freno de Ø 100 mm), reposabrazos plegables, reposapiés abatible, 4 manijas traseras y 2 delanteras desmontables, garantizan la comodidad y seguridad del paciente. El respaldo y el asiento en material termoplástico se pueden desinfectar fácilmente. Fácilmente desinfectable. Se suministra con bolsa negra de 3 cinturones (Art. 590/N).</p>
<p><b><img loading="lazy" decoding="async" alt="" height="88" src="https://www.meber.it/adm/Images/contents/10G Logo 2019_def.png" width="80" /><br />
Dispositivo certificado según los estándares armonizados europeos de seguridad UNI EN 1865 &#8211; UNI EN 1789</b></p>

<p>Es un dispositivo de fundamental importancia para el operador de rescate. Equipada con 4 ruedas (2 traseras fijas de Ø 125 mm y 2 delanteras giratorias con freno de Ø 100 mm), reposabrazos plegables, reposapiés abatible, 4 manijas traseras y 2 delanteras desmontables, garantizan la comodidad y seguridad del paciente. El respaldo y el asiento [&hellip;]</p>

<!-- This site is optimized with the Yoast SEO plugin v27.4 - https://yoast.com/product/yoast-seo-wordpress/ -->
<title>Sillas de evacuación 659/Y</title>
<meta name="description" content="Silla de evacuación plegable de 4 ruedas con plataforma y reposabrazos; color amarilla/negra." />
<meta name="robots" content="noindex, follow, max-snippet:-1, max-image-preview:large, max-video-preview:-1" />
<meta property="og:locale" content="es_ES" />
<meta property="og:type" content="article" />
<meta property="og:title" content="Sillas de evacuación 659/Y" />
<meta property="og:description" content="Silla de evacuación plegable de 4 ruedas con plataforma y reposabrazos; color amarilla/negra." />
<meta property="og:url" content="https://meber2026.graphoservice.it/es/product/quick-659-y/" />
<meta property="og:site_name" content="Me.Ber." />
<meta name="twitter:card" content="summary_large_image" />
<script type="application/ld+json" class="yoast-schema-graph">{"@context":"https:\/\/schema.org","@graph":[{"@type":"WebPage","@id":"https:\/\/meber2026.graphoservice.it\/es\/product\/quick-659-y\/","url":"https:\/\/meber2026.graphoservice.it\/es\/product\/quick-659-y\/","name":"Sillas de evacuación 659\/Y","isPartOf":{"@id":"https:\/\/meber2026.graphoservice.it\/es\/#website"},"primaryImageOfPage":{"@id":"https:\/\/meber2026.graphoservice.it\/es\/product\/quick-659-y\/#primaryimage"},"image":{"@id":"https:\/\/meber2026.graphoservice.it\/es\/product\/quick-659-y\/#primaryimage"},"thumbnailUrl":"https:\/\/meber2026.graphoservice.it\/wp-content\/uploads\/2026\/02\/659Y_sedia_leve_chiuse_ruote-nuove-copia.webp","datePublished":"2026-02-10T09:27:23+00:00","description":"Silla de evacuación plegable de 4 ruedas con plataforma y reposabrazos; color amarilla\/negra.","breadcrumb":{"@id":"https:\/\/meber2026.graphoservice.it\/es\/product\/quick-659-y\/#breadcrumb"},"inLanguage":"es","potentialAction":[{"@type":"ReadAction","target":["https:\/\/meber2026.graphoservice.it\/es\/product\/quick-659-y\/"]}]},{"@type":"ImageObject","inLanguage":"es","@id":"https:\/\/meber2026.graphoservice.it\/es\/product\/quick-659-y\/#primaryimage","url":"https:\/\/meber2026.graphoservice.it\/wp-content\/uploads\/2026\/02\/659Y_sedia_leve_chiuse_ruote-nuove-copia.webp","contentUrl":"https:\/\/meber2026.graphoservice.it\/wp-content\/uploads\/2026\/02\/659Y_sedia_leve_chiuse_ruote-nuove-copia.webp","width":2000,"height":2000},{"@type":"BreadcrumbList","@id":"https:\/\/meber2026.graphoservice.it\/es\/product\/quick-659-y\/#breadcrumb","itemListElement":[{"@type":"ListItem","position":1,"name":"Home","item":"https:\/\/meber2026.graphoservice.it\/es\/"},{"@type":"ListItem","position":2,"name":"Quick 659\/Y"}]},{"@type":"WebSite","@id":"https:\/\/meber2026.graphoservice.it\/es\/#website","url":"https:\/\/meber2026.graphoservice.it\/es\/","name":"Me.Ber.","description":"In Case of Emergerncy","potentialAction":[{"@type":"SearchAction","target":{"@type":"EntryPoint","urlTemplate":"https:\/\/meber2026.graphoservice.it\/es\/?s={search_term_string}"},"query-input":{"@type":"PropertyValueSpecification","valueRequired":true,"valueName":"search_term_string"}}],"inLanguage":"es"}]}</script>
<!-- / Yoast SEO plugin. -->

Sillas de evacuación 659/Y

Silla de evacuación plegable de 4 ruedas con plataforma y reposabrazos; color amarilla/negra.
