{"id":18385,"date":"2026-02-10T09:25:55","date_gmt":"2026-02-10T09:25:55","guid":{"rendered":"https:\/\/meber2026.graphoservice.it\/product\/maxima-630-n\/"},"modified":"2026-02-10T09:25:56","modified_gmt":"2026-02-10T09:25:56","slug":"maxima-630-n","status":"publish","type":"product","link":"https:\/\/meber2026.graphoservice.it\/es\/product\/maxima-630-n\/","title":{"rendered":"Maxima 630\/N"},"content":{"rendered":"<div style=\"\">Manteniendo las mismas caracter\u00edsticas del Art. 630, gracias al especial barnizado (creado para resistir en el tiempo) puede identificar el operador que lo usa o el distrito al que pertenece.<\/p>\n<p><img loading=\"lazy\" decoding=\"async\" alt=\"\" height=\"88\" src=\"https:\/\/www.meber.it\/adm\/Images\/contents\/10G Logo 2019_def.png\" width=\"80\" \/><\/p>\n<p><strong>Dispositivo certificado seg\u00fan los est\u00e1ndares armonizados europeos UNI EN 1865 &#8211; UNI EN 1789.<\/strong><\/div>\n<ul>\n<li style=\"\">Eficaz dispositivo de acoplamiento y liberaci\u00f3n para dividir la camilla.<\/li>\n<li style=\"\">Longitud ajustable con bloqueo autom\u00e1tico.<\/li>\n<li style=\"\">Bolsa con n. 3 cinturones de liberaci\u00f3n r\u00e1pida para la inmovilizaci\u00f3n del paciente\u00a0(603\/MEB).<\/li>\n<li style=\"\">F\u00e1cil de colocar en posici\u00f3n plegada dentro de la ambulancia.<\/li>\n<li style=\"\">Totalmente fabricada en aluminio resistente y ligero.<\/li>\n<li style=\"\">Funda para la camilla disponible a petici\u00f3n (Art. 630\/CS).<\/li>\n<\/ul>\n","protected":false},"excerpt":{"rendered":"<p>Manteniendo las mismas caracter\u00edsticas del Art. 630, gracias al especial barnizado (creado para resistir en el tiempo) puede identificar el operador que lo usa o el distrito al que pertenece. Dispositivo certificado seg\u00fan los est\u00e1ndares armonizados europeos UNI EN 1865 &#8211; UNI EN 1789. Eficaz dispositivo de acoplamiento y liberaci\u00f3n para dividir la camilla. Longitud [&hellip;]<\/p>\n","protected":false},"author":1,"featured_media":27085,"parent":0,"menu_order":10000800,"template":"","meta":{"_acf_changed":false,"footnotes":""},"application-tag":[],"class_list":["post-18385","product","type-product","status-publish","has-post-thumbnail","hentry"],"acf":[],"dsm_author":{"name":"admeb26","avatar_url":"https:\/\/meber2026.graphoservice.it\/wp-content\/plugins\/ultimate-member\/assets\/img\/default_avatar.jpg","archive_link":"https:\/\/meber2026.graphoservice.it\/es\/author\/admeb26\/","biodata":""},"dsm_categories":[],"dsm_attachment_categories":[],"dsm_featured_image":{"thumbnail":"https:\/\/meber2026.graphoservice.it\/wp-content\/uploads\/2026\/03\/630N-150x150.png","medium":"https:\/\/meber2026.graphoservice.it\/wp-content\/uploads\/2026\/03\/630N-300x300.png","medium_large":"https:\/\/meber2026.graphoservice.it\/wp-content\/uploads\/2026\/03\/630N-768x768.png","large":"https:\/\/meber2026.graphoservice.it\/wp-content\/uploads\/2026\/03\/630N-1024x1024.png","1536x1536":"https:\/\/meber2026.graphoservice.it\/wp-content\/uploads\/2026\/03\/630N.png","2048x2048":"https:\/\/meber2026.graphoservice.it\/wp-content\/uploads\/2026\/03\/630N.png","et-pb-post-main-image":"https:\/\/meber2026.graphoservice.it\/wp-content\/uploads\/2026\/03\/630N-400x250.png","et-pb-post-main-image-fullwidth":"https:\/\/meber2026.graphoservice.it\/wp-content\/uploads\/2026\/03\/630N-1080x675.png","et-pb-portfolio-image":"https:\/\/meber2026.graphoservice.it\/wp-content\/uploads\/2026\/03\/630N-400x284.png","et-pb-portfolio-module-image":"https:\/\/meber2026.graphoservice.it\/wp-content\/uploads\/2026\/03\/630N-510x382.png","et-pb-portfolio-image-single":"https:\/\/meber2026.graphoservice.it\/wp-content\/uploads\/2026\/03\/630N-1080x1080.png","et-pb-gallery-module-image-portrait":"https:\/\/meber2026.graphoservice.it\/wp-content\/uploads\/2026\/03\/630N-400x516.png","et-pb-post-main-image-fullwidth-large":"https:\/\/meber2026.graphoservice.it\/wp-content\/uploads\/2026\/03\/630N.png","et-pb-image--responsive--desktop":"https:\/\/meber2026.graphoservice.it\/wp-content\/uploads\/2026\/03\/630N-1280x1280.png","et-pb-image--responsive--tablet":"https:\/\/meber2026.graphoservice.it\/wp-content\/uploads\/2026\/03\/630N-980x980.png","et-pb-image--responsive--phone":"https:\/\/meber2026.graphoservice.it\/wp-content\/uploads\/2026\/03\/630N-480x480.png","full":"https:\/\/meber2026.graphoservice.it\/wp-content\/uploads\/2026\/03\/630N.png"},"yoast_head":"<!-- This site is optimized with the Yoast SEO plugin v27.4 - https:\/\/yoast.com\/product\/yoast-seo-wordpress\/ -->\n<title>Camilla atraum\u00e1tica de cuchara negra MeBer<\/title>\n<meta name=\"description\" content=\"Las camillas atraum\u00e1tica de cuchara MeBer est\u00e1n disponibles en varios colores y mantiene las mismas caracter\u00edsticas del art. Maxima 630\" \/>\n<meta name=\"robots\" content=\"noindex, follow, max-snippet:-1, max-image-preview:large, max-video-preview:-1\" \/>\n<meta property=\"og:locale\" content=\"es_ES\" \/>\n<meta property=\"og:type\" content=\"article\" \/>\n<meta property=\"og:title\" content=\"Camilla atraum\u00e1tica de cuchara negra MeBer\" \/>\n<meta property=\"og:description\" content=\"Las camillas atraum\u00e1tica de cuchara MeBer est\u00e1n disponibles en varios colores y mantiene las mismas caracter\u00edsticas del art. Maxima 630\" \/>\n<meta property=\"og:url\" content=\"https:\/\/meber2026.graphoservice.it\/es\/product\/maxima-630-n\/\" \/>\n<meta property=\"og:site_name\" content=\"Me.Ber.\" \/>\n<meta property=\"article:modified_time\" content=\"2026-02-10T09:25:56+00:00\" \/>\n<meta name=\"twitter:card\" content=\"summary_large_image\" \/>\n<meta name=\"twitter:label1\" content=\"Tiempo de lectura\" \/>\n\t<meta name=\"twitter:data1\" content=\"1 minuto\" \/>\n<script type=\"application\/ld+json\" class=\"yoast-schema-graph\">{\"@context\":\"https:\\\/\\\/schema.org\",\"@graph\":[{\"@type\":\"WebPage\",\"@id\":\"https:\\\/\\\/meber2026.graphoservice.it\\\/es\\\/product\\\/maxima-630-n\\\/\",\"url\":\"https:\\\/\\\/meber2026.graphoservice.it\\\/es\\\/product\\\/maxima-630-n\\\/\",\"name\":\"Camilla atraum\u00e1tica de cuchara negra MeBer\",\"isPartOf\":{\"@id\":\"https:\\\/\\\/meber2026.graphoservice.it\\\/es\\\/#website\"},\"primaryImageOfPage\":{\"@id\":\"https:\\\/\\\/meber2026.graphoservice.it\\\/es\\\/product\\\/maxima-630-n\\\/#primaryimage\"},\"image\":{\"@id\":\"https:\\\/\\\/meber2026.graphoservice.it\\\/es\\\/product\\\/maxima-630-n\\\/#primaryimage\"},\"thumbnailUrl\":\"https:\\\/\\\/meber2026.graphoservice.it\\\/wp-content\\\/uploads\\\/2026\\\/03\\\/630N.png\",\"datePublished\":\"2026-02-10T09:25:55+00:00\",\"dateModified\":\"2026-02-10T09:25:56+00:00\",\"description\":\"Las camillas atraum\u00e1tica de cuchara MeBer est\u00e1n disponibles en varios colores y mantiene las mismas caracter\u00edsticas del art. Maxima 630\",\"breadcrumb\":{\"@id\":\"https:\\\/\\\/meber2026.graphoservice.it\\\/es\\\/product\\\/maxima-630-n\\\/#breadcrumb\"},\"inLanguage\":\"es\",\"potentialAction\":[{\"@type\":\"ReadAction\",\"target\":[\"https:\\\/\\\/meber2026.graphoservice.it\\\/es\\\/product\\\/maxima-630-n\\\/\"]}]},{\"@type\":\"ImageObject\",\"inLanguage\":\"es\",\"@id\":\"https:\\\/\\\/meber2026.graphoservice.it\\\/es\\\/product\\\/maxima-630-n\\\/#primaryimage\",\"url\":\"https:\\\/\\\/meber2026.graphoservice.it\\\/wp-content\\\/uploads\\\/2026\\\/03\\\/630N.png\",\"contentUrl\":\"https:\\\/\\\/meber2026.graphoservice.it\\\/wp-content\\\/uploads\\\/2026\\\/03\\\/630N.png\",\"width\":1320,\"height\":1320},{\"@type\":\"BreadcrumbList\",\"@id\":\"https:\\\/\\\/meber2026.graphoservice.it\\\/es\\\/product\\\/maxima-630-n\\\/#breadcrumb\",\"itemListElement\":[{\"@type\":\"ListItem\",\"position\":1,\"name\":\"Home\",\"item\":\"https:\\\/\\\/meber2026.graphoservice.it\\\/es\\\/\"},{\"@type\":\"ListItem\",\"position\":2,\"name\":\"Maxima 630\\\/N\"}]},{\"@type\":\"WebSite\",\"@id\":\"https:\\\/\\\/meber2026.graphoservice.it\\\/es\\\/#website\",\"url\":\"https:\\\/\\\/meber2026.graphoservice.it\\\/es\\\/\",\"name\":\"Me.Ber.\",\"description\":\"In Case of Emergerncy\",\"potentialAction\":[{\"@type\":\"SearchAction\",\"target\":{\"@type\":\"EntryPoint\",\"urlTemplate\":\"https:\\\/\\\/meber2026.graphoservice.it\\\/es\\\/?s={search_term_string}\"},\"query-input\":{\"@type\":\"PropertyValueSpecification\",\"valueRequired\":true,\"valueName\":\"search_term_string\"}}],\"inLanguage\":\"es\"}]}<\/script>\n<!-- \/ Yoast SEO plugin. -->","yoast_head_json":{"title":"Camilla atraum\u00e1tica de cuchara negra MeBer","description":"Las camillas atraum\u00e1tica de cuchara MeBer est\u00e1n disponibles en varios colores y mantiene las mismas caracter\u00edsticas del art. Maxima 630","robots":{"index":"noindex","follow":"follow","max-snippet":"max-snippet:-1","max-image-preview":"max-image-preview:large","max-video-preview":"max-video-preview:-1"},"og_locale":"es_ES","og_type":"article","og_title":"Camilla atraum\u00e1tica de cuchara negra MeBer","og_description":"Las camillas atraum\u00e1tica de cuchara MeBer est\u00e1n disponibles en varios colores y mantiene las mismas caracter\u00edsticas del art. Maxima 630","og_url":"https:\/\/meber2026.graphoservice.it\/es\/product\/maxima-630-n\/","og_site_name":"Me.Ber.","article_modified_time":"2026-02-10T09:25:56+00:00","twitter_card":"summary_large_image","twitter_misc":{"Tiempo de lectura":"1 minuto"},"schema":{"@context":"https:\/\/schema.org","@graph":[{"@type":"WebPage","@id":"https:\/\/meber2026.graphoservice.it\/es\/product\/maxima-630-n\/","url":"https:\/\/meber2026.graphoservice.it\/es\/product\/maxima-630-n\/","name":"Camilla atraum\u00e1tica de cuchara negra MeBer","isPartOf":{"@id":"https:\/\/meber2026.graphoservice.it\/es\/#website"},"primaryImageOfPage":{"@id":"https:\/\/meber2026.graphoservice.it\/es\/product\/maxima-630-n\/#primaryimage"},"image":{"@id":"https:\/\/meber2026.graphoservice.it\/es\/product\/maxima-630-n\/#primaryimage"},"thumbnailUrl":"https:\/\/meber2026.graphoservice.it\/wp-content\/uploads\/2026\/03\/630N.png","datePublished":"2026-02-10T09:25:55+00:00","dateModified":"2026-02-10T09:25:56+00:00","description":"Las camillas atraum\u00e1tica de cuchara MeBer est\u00e1n disponibles en varios colores y mantiene las mismas caracter\u00edsticas del art. Maxima 630","breadcrumb":{"@id":"https:\/\/meber2026.graphoservice.it\/es\/product\/maxima-630-n\/#breadcrumb"},"inLanguage":"es","potentialAction":[{"@type":"ReadAction","target":["https:\/\/meber2026.graphoservice.it\/es\/product\/maxima-630-n\/"]}]},{"@type":"ImageObject","inLanguage":"es","@id":"https:\/\/meber2026.graphoservice.it\/es\/product\/maxima-630-n\/#primaryimage","url":"https:\/\/meber2026.graphoservice.it\/wp-content\/uploads\/2026\/03\/630N.png","contentUrl":"https:\/\/meber2026.graphoservice.it\/wp-content\/uploads\/2026\/03\/630N.png","width":1320,"height":1320},{"@type":"BreadcrumbList","@id":"https:\/\/meber2026.graphoservice.it\/es\/product\/maxima-630-n\/#breadcrumb","itemListElement":[{"@type":"ListItem","position":1,"name":"Home","item":"https:\/\/meber2026.graphoservice.it\/es\/"},{"@type":"ListItem","position":2,"name":"Maxima 630\/N"}]},{"@type":"WebSite","@id":"https:\/\/meber2026.graphoservice.it\/es\/#website","url":"https:\/\/meber2026.graphoservice.it\/es\/","name":"Me.Ber.","description":"In Case of Emergerncy","potentialAction":[{"@type":"SearchAction","target":{"@type":"EntryPoint","urlTemplate":"https:\/\/meber2026.graphoservice.it\/es\/?s={search_term_string}"},"query-input":{"@type":"PropertyValueSpecification","valueRequired":true,"valueName":"search_term_string"}}],"inLanguage":"es"}]}},"_links":{"self":[{"href":"https:\/\/meber2026.graphoservice.it\/es\/wp-json\/wp\/v2\/product\/18385","targetHints":{"allow":["GET"]}}],"collection":[{"href":"https:\/\/meber2026.graphoservice.it\/es\/wp-json\/wp\/v2\/product"}],"about":[{"href":"https:\/\/meber2026.graphoservice.it\/es\/wp-json\/wp\/v2\/types\/product"}],"author":[{"embeddable":true,"href":"https:\/\/meber2026.graphoservice.it\/es\/wp-json\/wp\/v2\/users\/1"}],"version-history":[{"count":0,"href":"https:\/\/meber2026.graphoservice.it\/es\/wp-json\/wp\/v2\/product\/18385\/revisions"}],"wp:featuredmedia":[{"embeddable":true,"href":"https:\/\/meber2026.graphoservice.it\/es\/wp-json\/wp\/v2\/media\/27085"}],"wp:attachment":[{"href":"https:\/\/meber2026.graphoservice.it\/es\/wp-json\/wp\/v2\/media?parent=18385"}],"wp:term":[{"taxonomy":"application-tag","embeddable":true,"href":"https:\/\/meber2026.graphoservice.it\/es\/wp-json\/wp\/v2\/application-tag?post=18385"}],"curies":[{"name":"wp","href":"https:\/\/api.w.org\/{rel}","templated":true}]}}

<div style="">Manteniendo las mismas características del Art. 630, gracias al especial barnizado (creado para resistir en el tiempo) puede identificar el operador que lo usa o el distrito al que pertenece.</p>
<p><img loading="lazy" decoding="async" alt="" height="88" src="https://www.meber.it/adm/Images/contents/10G Logo 2019_def.png" width="80" /></p>
<p><strong>Dispositivo certificado según los estándares armonizados europeos UNI EN 1865 &#8211; UNI EN 1789.</strong></div>
<ul>
<li style="">Eficaz dispositivo de acoplamiento y liberación para dividir la camilla.</li>
<li style="">Longitud ajustable con bloqueo automático.</li>
<li style="">Bolsa con n. 3 cinturones de liberación rápida para la inmovilización del paciente (603/MEB).</li>
<li style="">Fácil de colocar en posición plegada dentro de la ambulancia.</li>
<li style="">Totalmente fabricada en aluminio resistente y ligero.</li>
<li style="">Funda para la camilla disponible a petición (Art. 630/CS).</li>
</ul>

<p>Manteniendo las mismas características del Art. 630, gracias al especial barnizado (creado para resistir en el tiempo) puede identificar el operador que lo usa o el distrito al que pertenece. Dispositivo certificado según los estándares armonizados europeos UNI EN 1865 &#8211; UNI EN 1789. Eficaz dispositivo de acoplamiento y liberación para dividir la camilla. Longitud [&hellip;]</p>

<!-- This site is optimized with the Yoast SEO plugin v27.4 - https://yoast.com/product/yoast-seo-wordpress/ -->
<title>Camilla atraumática de cuchara negra MeBer</title>
<meta name="description" content="Las camillas atraumática de cuchara MeBer están disponibles en varios colores y mantiene las mismas características del art. Maxima 630" />
<meta name="robots" content="noindex, follow, max-snippet:-1, max-image-preview:large, max-video-preview:-1" />
<meta property="og:locale" content="es_ES" />
<meta property="og:type" content="article" />
<meta property="og:title" content="Camilla atraumática de cuchara negra MeBer" />
<meta property="og:description" content="Las camillas atraumática de cuchara MeBer están disponibles en varios colores y mantiene las mismas características del art. Maxima 630" />
<meta property="og:url" content="https://meber2026.graphoservice.it/es/product/maxima-630-n/" />
<meta property="og:site_name" content="Me.Ber." />
<meta property="article:modified_time" content="2026-02-10T09:25:56+00:00" />
<meta name="twitter:card" content="summary_large_image" />
<meta name="twitter:label1" content="Tiempo de lectura" />
	<meta name="twitter:data1" content="1 minuto" />
<script type="application/ld+json" class="yoast-schema-graph">{"@context":"https:\/\/schema.org","@graph":[{"@type":"WebPage","@id":"https:\/\/meber2026.graphoservice.it\/es\/product\/maxima-630-n\/","url":"https:\/\/meber2026.graphoservice.it\/es\/product\/maxima-630-n\/","name":"Camilla atraumática de cuchara negra MeBer","isPartOf":{"@id":"https:\/\/meber2026.graphoservice.it\/es\/#website"},"primaryImageOfPage":{"@id":"https:\/\/meber2026.graphoservice.it\/es\/product\/maxima-630-n\/#primaryimage"},"image":{"@id":"https:\/\/meber2026.graphoservice.it\/es\/product\/maxima-630-n\/#primaryimage"},"thumbnailUrl":"https:\/\/meber2026.graphoservice.it\/wp-content\/uploads\/2026\/03\/630N.png","datePublished":"2026-02-10T09:25:55+00:00","dateModified":"2026-02-10T09:25:56+00:00","description":"Las camillas atraumática de cuchara MeBer están disponibles en varios colores y mantiene las mismas características del art. Maxima 630","breadcrumb":{"@id":"https:\/\/meber2026.graphoservice.it\/es\/product\/maxima-630-n\/#breadcrumb"},"inLanguage":"es","potentialAction":[{"@type":"ReadAction","target":["https:\/\/meber2026.graphoservice.it\/es\/product\/maxima-630-n\/"]}]},{"@type":"ImageObject","inLanguage":"es","@id":"https:\/\/meber2026.graphoservice.it\/es\/product\/maxima-630-n\/#primaryimage","url":"https:\/\/meber2026.graphoservice.it\/wp-content\/uploads\/2026\/03\/630N.png","contentUrl":"https:\/\/meber2026.graphoservice.it\/wp-content\/uploads\/2026\/03\/630N.png","width":1320,"height":1320},{"@type":"BreadcrumbList","@id":"https:\/\/meber2026.graphoservice.it\/es\/product\/maxima-630-n\/#breadcrumb","itemListElement":[{"@type":"ListItem","position":1,"name":"Home","item":"https:\/\/meber2026.graphoservice.it\/es\/"},{"@type":"ListItem","position":2,"name":"Maxima 630\/N"}]},{"@type":"WebSite","@id":"https:\/\/meber2026.graphoservice.it\/es\/#website","url":"https:\/\/meber2026.graphoservice.it\/es\/","name":"Me.Ber.","description":"In Case of Emergerncy","potentialAction":[{"@type":"SearchAction","target":{"@type":"EntryPoint","urlTemplate":"https:\/\/meber2026.graphoservice.it\/es\/?s={search_term_string}"},"query-input":{"@type":"PropertyValueSpecification","valueRequired":true,"valueName":"search_term_string"}}],"inLanguage":"es"}]}</script>
<!-- / Yoast SEO plugin. -->

Camilla atraumática de cuchara negra MeBer

Las camillas atraumática de cuchara MeBer están disponibles en varios colores y mantiene las mismas características del art. Maxima 630
