{"id":18340,"date":"2026-02-10T09:25:51","date_gmt":"2026-02-10T09:25:51","guid":{"rendered":"https:\/\/meber2026.graphoservice.it\/product\/artis-9220\/"},"modified":"2026-04-28T16:00:40","modified_gmt":"2026-04-28T16:00:40","slug":"artis-9220","status":"publish","type":"product","link":"https:\/\/meber2026.graphoservice.it\/es\/product\/artis-9220\/","title":{"rendered":"Artis 9220"},"content":{"rendered":"<div style=\"\">Collar\u00edn cervical r\u00edgido de 1 pieza fabricado en polietileno estampado de color para distinguir los diversos tama\u00f1os cubiertos con E.V.A. lavable fijado con remaches de pl\u00e1stico. Equipado con cierres de velcro ajustables y provisto de orificio central para eventual traqueotom\u00eda. Disponible en 6 diferentes tama\u00f1os.<\/div>\n","protected":false},"excerpt":{"rendered":"<p>Collar\u00edn cervical r\u00edgido de 1 pieza fabricado en polietileno estampado de color para distinguir los diversos tama\u00f1os cubiertos con E.V.A. lavable fijado con remaches de pl\u00e1stico. Equipado con cierres de velcro ajustables y provisto de orificio central para eventual traqueotom\u00eda. Disponible en 6 diferentes tama\u00f1os.<\/p>\n","protected":false},"author":1,"featured_media":14571,"parent":0,"menu_order":50005300,"template":"","meta":{"_acf_changed":false,"footnotes":""},"application-tag":[84,69],"class_list":["post-18340","product","type-product","status-publish","has-post-thumbnail","hentry","application-tag-inmovilizacion","application-tag-pediatrico"],"acf":[],"dsm_author":{"name":"admeb26","avatar_url":"https:\/\/meber2026.graphoservice.it\/wp-content\/plugins\/ultimate-member\/assets\/img\/default_avatar.jpg","archive_link":"https:\/\/meber2026.graphoservice.it\/es\/author\/admeb26\/","biodata":""},"dsm_categories":[],"dsm_attachment_categories":[],"dsm_featured_image":{"thumbnail":"https:\/\/meber2026.graphoservice.it\/wp-content\/uploads\/2026\/02\/9220_-_Collare_Artis_Rosa_Infant-150x150.jpg","medium":"https:\/\/meber2026.graphoservice.it\/wp-content\/uploads\/2026\/02\/9220_-_Collare_Artis_Rosa_Infant-300x300.jpg","medium_large":"https:\/\/meber2026.graphoservice.it\/wp-content\/uploads\/2026\/02\/9220_-_Collare_Artis_Rosa_Infant-768x768.jpg","large":"https:\/\/meber2026.graphoservice.it\/wp-content\/uploads\/2026\/02\/9220_-_Collare_Artis_Rosa_Infant.jpg","1536x1536":"https:\/\/meber2026.graphoservice.it\/wp-content\/uploads\/2026\/02\/9220_-_Collare_Artis_Rosa_Infant.jpg","2048x2048":"https:\/\/meber2026.graphoservice.it\/wp-content\/uploads\/2026\/02\/9220_-_Collare_Artis_Rosa_Infant.jpg","et-pb-post-main-image":"https:\/\/meber2026.graphoservice.it\/wp-content\/uploads\/2026\/02\/9220_-_Collare_Artis_Rosa_Infant-400x250.jpg","et-pb-post-main-image-fullwidth":"https:\/\/meber2026.graphoservice.it\/wp-content\/uploads\/2026\/02\/9220_-_Collare_Artis_Rosa_Infant-780x675.jpg","et-pb-portfolio-image":"https:\/\/meber2026.graphoservice.it\/wp-content\/uploads\/2026\/02\/9220_-_Collare_Artis_Rosa_Infant-400x284.jpg","et-pb-portfolio-module-image":"https:\/\/meber2026.graphoservice.it\/wp-content\/uploads\/2026\/02\/9220_-_Collare_Artis_Rosa_Infant-510x382.jpg","et-pb-portfolio-image-single":"https:\/\/meber2026.graphoservice.it\/wp-content\/uploads\/2026\/02\/9220_-_Collare_Artis_Rosa_Infant.jpg","et-pb-gallery-module-image-portrait":"https:\/\/meber2026.graphoservice.it\/wp-content\/uploads\/2026\/02\/9220_-_Collare_Artis_Rosa_Infant-400x516.jpg","et-pb-post-main-image-fullwidth-large":"https:\/\/meber2026.graphoservice.it\/wp-content\/uploads\/2026\/02\/9220_-_Collare_Artis_Rosa_Infant.jpg","et-pb-image--responsive--desktop":"https:\/\/meber2026.graphoservice.it\/wp-content\/uploads\/2026\/02\/9220_-_Collare_Artis_Rosa_Infant.jpg","et-pb-image--responsive--tablet":"https:\/\/meber2026.graphoservice.it\/wp-content\/uploads\/2026\/02\/9220_-_Collare_Artis_Rosa_Infant.jpg","et-pb-image--responsive--phone":"https:\/\/meber2026.graphoservice.it\/wp-content\/uploads\/2026\/02\/9220_-_Collare_Artis_Rosa_Infant-480x480.jpg","full":"https:\/\/meber2026.graphoservice.it\/wp-content\/uploads\/2026\/02\/9220_-_Collare_Artis_Rosa_Infant.jpg"},"yoast_head":"<!-- This site is optimized with the Yoast SEO plugin v27.4 - https:\/\/yoast.com\/product\/yoast-seo-wordpress\/ -->\n<title>Artis 9220<\/title>\n<meta name=\"robots\" content=\"noindex, follow, max-snippet:-1, max-image-preview:large, max-video-preview:-1\" \/>\n<meta property=\"og:locale\" content=\"es_ES\" \/>\n<meta property=\"og:type\" content=\"article\" \/>\n<meta property=\"og:title\" content=\"Artis 9220\" \/>\n<meta property=\"og:description\" content=\"Collar\u00edn cervical r\u00edgido de 1 pieza fabricado en polietileno estampado de color para distinguir los diversos tama\u00f1os cubiertos con E.V.A. lavable fijado con remaches de pl\u00e1stico. Equipado con cierres de velcro ajustables y provisto de orificio central para eventual traqueotom\u00eda. Disponible en 6 diferentes tama\u00f1os.\" \/>\n<meta property=\"og:url\" content=\"https:\/\/meber2026.graphoservice.it\/es\/product\/artis-9220\/\" \/>\n<meta property=\"og:site_name\" content=\"Me.Ber.\" \/>\n<meta property=\"article:modified_time\" content=\"2026-04-28T16:00:40+00:00\" \/>\n<meta property=\"og:image\" content=\"https:\/\/meber2026.graphoservice.it\/wp-content\/uploads\/2026\/02\/9220_-_Collare_Artis_Rosa_Infant.jpg\" \/>\n\t<meta property=\"og:image:width\" content=\"780\" \/>\n\t<meta property=\"og:image:height\" content=\"780\" \/>\n\t<meta property=\"og:image:type\" content=\"image\/jpeg\" \/>\n<meta name=\"twitter:card\" content=\"summary_large_image\" \/>\n<script type=\"application\/ld+json\" class=\"yoast-schema-graph\">{\"@context\":\"https:\\\/\\\/schema.org\",\"@graph\":[{\"@type\":\"WebPage\",\"@id\":\"https:\\\/\\\/meber2026.graphoservice.it\\\/es\\\/product\\\/artis-9220\\\/\",\"url\":\"https:\\\/\\\/meber2026.graphoservice.it\\\/es\\\/product\\\/artis-9220\\\/\",\"name\":\"Artis 9220\",\"isPartOf\":{\"@id\":\"https:\\\/\\\/meber2026.graphoservice.it\\\/es\\\/#website\"},\"primaryImageOfPage\":{\"@id\":\"https:\\\/\\\/meber2026.graphoservice.it\\\/es\\\/product\\\/artis-9220\\\/#primaryimage\"},\"image\":{\"@id\":\"https:\\\/\\\/meber2026.graphoservice.it\\\/es\\\/product\\\/artis-9220\\\/#primaryimage\"},\"thumbnailUrl\":\"https:\\\/\\\/meber2026.graphoservice.it\\\/wp-content\\\/uploads\\\/2026\\\/02\\\/9220_-_Collare_Artis_Rosa_Infant.jpg\",\"datePublished\":\"2026-02-10T09:25:51+00:00\",\"dateModified\":\"2026-04-28T16:00:40+00:00\",\"breadcrumb\":{\"@id\":\"https:\\\/\\\/meber2026.graphoservice.it\\\/es\\\/product\\\/artis-9220\\\/#breadcrumb\"},\"inLanguage\":\"es\",\"potentialAction\":[{\"@type\":\"ReadAction\",\"target\":[\"https:\\\/\\\/meber2026.graphoservice.it\\\/es\\\/product\\\/artis-9220\\\/\"]}]},{\"@type\":\"ImageObject\",\"inLanguage\":\"es\",\"@id\":\"https:\\\/\\\/meber2026.graphoservice.it\\\/es\\\/product\\\/artis-9220\\\/#primaryimage\",\"url\":\"https:\\\/\\\/meber2026.graphoservice.it\\\/wp-content\\\/uploads\\\/2026\\\/02\\\/9220_-_Collare_Artis_Rosa_Infant.jpg\",\"contentUrl\":\"https:\\\/\\\/meber2026.graphoservice.it\\\/wp-content\\\/uploads\\\/2026\\\/02\\\/9220_-_Collare_Artis_Rosa_Infant.jpg\",\"width\":780,\"height\":780},{\"@type\":\"BreadcrumbList\",\"@id\":\"https:\\\/\\\/meber2026.graphoservice.it\\\/es\\\/product\\\/artis-9220\\\/#breadcrumb\",\"itemListElement\":[{\"@type\":\"ListItem\",\"position\":1,\"name\":\"Home\",\"item\":\"https:\\\/\\\/meber2026.graphoservice.it\\\/es\\\/\"},{\"@type\":\"ListItem\",\"position\":2,\"name\":\"Artis 9220\"}]},{\"@type\":\"WebSite\",\"@id\":\"https:\\\/\\\/meber2026.graphoservice.it\\\/es\\\/#website\",\"url\":\"https:\\\/\\\/meber2026.graphoservice.it\\\/es\\\/\",\"name\":\"Me.Ber.\",\"description\":\"In Case of Emergerncy\",\"potentialAction\":[{\"@type\":\"SearchAction\",\"target\":{\"@type\":\"EntryPoint\",\"urlTemplate\":\"https:\\\/\\\/meber2026.graphoservice.it\\\/es\\\/?s={search_term_string}\"},\"query-input\":{\"@type\":\"PropertyValueSpecification\",\"valueRequired\":true,\"valueName\":\"search_term_string\"}}],\"inLanguage\":\"es\"}]}<\/script>\n<!-- \/ Yoast SEO plugin. -->","yoast_head_json":{"title":"Artis 9220","robots":{"index":"noindex","follow":"follow","max-snippet":"max-snippet:-1","max-image-preview":"max-image-preview:large","max-video-preview":"max-video-preview:-1"},"og_locale":"es_ES","og_type":"article","og_title":"Artis 9220","og_description":"Collar\u00edn cervical r\u00edgido de 1 pieza fabricado en polietileno estampado de color para distinguir los diversos tama\u00f1os cubiertos con E.V.A. lavable fijado con remaches de pl\u00e1stico. Equipado con cierres de velcro ajustables y provisto de orificio central para eventual traqueotom\u00eda. Disponible en 6 diferentes tama\u00f1os.","og_url":"https:\/\/meber2026.graphoservice.it\/es\/product\/artis-9220\/","og_site_name":"Me.Ber.","article_modified_time":"2026-04-28T16:00:40+00:00","og_image":[{"width":780,"height":780,"url":"https:\/\/meber2026.graphoservice.it\/wp-content\/uploads\/2026\/02\/9220_-_Collare_Artis_Rosa_Infant.jpg","type":"image\/jpeg"}],"twitter_card":"summary_large_image","schema":{"@context":"https:\/\/schema.org","@graph":[{"@type":"WebPage","@id":"https:\/\/meber2026.graphoservice.it\/es\/product\/artis-9220\/","url":"https:\/\/meber2026.graphoservice.it\/es\/product\/artis-9220\/","name":"Artis 9220","isPartOf":{"@id":"https:\/\/meber2026.graphoservice.it\/es\/#website"},"primaryImageOfPage":{"@id":"https:\/\/meber2026.graphoservice.it\/es\/product\/artis-9220\/#primaryimage"},"image":{"@id":"https:\/\/meber2026.graphoservice.it\/es\/product\/artis-9220\/#primaryimage"},"thumbnailUrl":"https:\/\/meber2026.graphoservice.it\/wp-content\/uploads\/2026\/02\/9220_-_Collare_Artis_Rosa_Infant.jpg","datePublished":"2026-02-10T09:25:51+00:00","dateModified":"2026-04-28T16:00:40+00:00","breadcrumb":{"@id":"https:\/\/meber2026.graphoservice.it\/es\/product\/artis-9220\/#breadcrumb"},"inLanguage":"es","potentialAction":[{"@type":"ReadAction","target":["https:\/\/meber2026.graphoservice.it\/es\/product\/artis-9220\/"]}]},{"@type":"ImageObject","inLanguage":"es","@id":"https:\/\/meber2026.graphoservice.it\/es\/product\/artis-9220\/#primaryimage","url":"https:\/\/meber2026.graphoservice.it\/wp-content\/uploads\/2026\/02\/9220_-_Collare_Artis_Rosa_Infant.jpg","contentUrl":"https:\/\/meber2026.graphoservice.it\/wp-content\/uploads\/2026\/02\/9220_-_Collare_Artis_Rosa_Infant.jpg","width":780,"height":780},{"@type":"BreadcrumbList","@id":"https:\/\/meber2026.graphoservice.it\/es\/product\/artis-9220\/#breadcrumb","itemListElement":[{"@type":"ListItem","position":1,"name":"Home","item":"https:\/\/meber2026.graphoservice.it\/es\/"},{"@type":"ListItem","position":2,"name":"Artis 9220"}]},{"@type":"WebSite","@id":"https:\/\/meber2026.graphoservice.it\/es\/#website","url":"https:\/\/meber2026.graphoservice.it\/es\/","name":"Me.Ber.","description":"In Case of Emergerncy","potentialAction":[{"@type":"SearchAction","target":{"@type":"EntryPoint","urlTemplate":"https:\/\/meber2026.graphoservice.it\/es\/?s={search_term_string}"},"query-input":{"@type":"PropertyValueSpecification","valueRequired":true,"valueName":"search_term_string"}}],"inLanguage":"es"}]}},"_links":{"self":[{"href":"https:\/\/meber2026.graphoservice.it\/es\/wp-json\/wp\/v2\/product\/18340","targetHints":{"allow":["GET"]}}],"collection":[{"href":"https:\/\/meber2026.graphoservice.it\/es\/wp-json\/wp\/v2\/product"}],"about":[{"href":"https:\/\/meber2026.graphoservice.it\/es\/wp-json\/wp\/v2\/types\/product"}],"author":[{"embeddable":true,"href":"https:\/\/meber2026.graphoservice.it\/es\/wp-json\/wp\/v2\/users\/1"}],"version-history":[{"count":1,"href":"https:\/\/meber2026.graphoservice.it\/es\/wp-json\/wp\/v2\/product\/18340\/revisions"}],"predecessor-version":[{"id":30478,"href":"https:\/\/meber2026.graphoservice.it\/es\/wp-json\/wp\/v2\/product\/18340\/revisions\/30478"}],"wp:featuredmedia":[{"embeddable":true,"href":"https:\/\/meber2026.graphoservice.it\/es\/wp-json\/wp\/v2\/media\/14571"}],"wp:attachment":[{"href":"https:\/\/meber2026.graphoservice.it\/es\/wp-json\/wp\/v2\/media?parent=18340"}],"wp:term":[{"taxonomy":"application-tag","embeddable":true,"href":"https:\/\/meber2026.graphoservice.it\/es\/wp-json\/wp\/v2\/application-tag?post=18340"}],"curies":[{"name":"wp","href":"https:\/\/api.w.org\/{rel}","templated":true}]}}

<div style="">Collarín cervical rígido de 1 pieza fabricado en polietileno estampado de color para distinguir los diversos tamaños cubiertos con E.V.A. lavable fijado con remaches de plástico. Equipado con cierres de velcro ajustables y provisto de orificio central para eventual traqueotomía. Disponible en 6 diferentes tamaños.</div>

<p>Collarín cervical rígido de 1 pieza fabricado en polietileno estampado de color para distinguir los diversos tamaños cubiertos con E.V.A. lavable fijado con remaches de plástico. Equipado con cierres de velcro ajustables y provisto de orificio central para eventual traqueotomía. Disponible en 6 diferentes tamaños.</p>

<!-- This site is optimized with the Yoast SEO plugin v27.4 - https://yoast.com/product/yoast-seo-wordpress/ -->
<title>Artis 9220</title>
<meta name="robots" content="noindex, follow, max-snippet:-1, max-image-preview:large, max-video-preview:-1" />
<meta property="og:locale" content="es_ES" />
<meta property="og:type" content="article" />
<meta property="og:title" content="Artis 9220" />
<meta property="og:description" content="Collarín cervical rígido de 1 pieza fabricado en polietileno estampado de color para distinguir los diversos tamaños cubiertos con E.V.A. lavable fijado con remaches de plástico. Equipado con cierres de velcro ajustables y provisto de orificio central para eventual traqueotomía. Disponible en 6 diferentes tamaños." />
<meta property="og:url" content="https://meber2026.graphoservice.it/es/product/artis-9220/" />
<meta property="og:site_name" content="Me.Ber." />
<meta property="article:modified_time" content="2026-04-28T16:00:40+00:00" />
<meta property="og:image" content="https://meber2026.graphoservice.it/wp-content/uploads/2026/02/9220_-_Collare_Artis_Rosa_Infant.jpg" />
	<meta property="og:image:width" content="780" />
	<meta property="og:image:height" content="780" />
	<meta property="og:image:type" content="image/jpeg" />
<meta name="twitter:card" content="summary_large_image" />
<script type="application/ld+json" class="yoast-schema-graph">{"@context":"https:\/\/schema.org","@graph":[{"@type":"WebPage","@id":"https:\/\/meber2026.graphoservice.it\/es\/product\/artis-9220\/","url":"https:\/\/meber2026.graphoservice.it\/es\/product\/artis-9220\/","name":"Artis 9220","isPartOf":{"@id":"https:\/\/meber2026.graphoservice.it\/es\/#website"},"primaryImageOfPage":{"@id":"https:\/\/meber2026.graphoservice.it\/es\/product\/artis-9220\/#primaryimage"},"image":{"@id":"https:\/\/meber2026.graphoservice.it\/es\/product\/artis-9220\/#primaryimage"},"thumbnailUrl":"https:\/\/meber2026.graphoservice.it\/wp-content\/uploads\/2026\/02\/9220_-_Collare_Artis_Rosa_Infant.jpg","datePublished":"2026-02-10T09:25:51+00:00","dateModified":"2026-04-28T16:00:40+00:00","breadcrumb":{"@id":"https:\/\/meber2026.graphoservice.it\/es\/product\/artis-9220\/#breadcrumb"},"inLanguage":"es","potentialAction":[{"@type":"ReadAction","target":["https:\/\/meber2026.graphoservice.it\/es\/product\/artis-9220\/"]}]},{"@type":"ImageObject","inLanguage":"es","@id":"https:\/\/meber2026.graphoservice.it\/es\/product\/artis-9220\/#primaryimage","url":"https:\/\/meber2026.graphoservice.it\/wp-content\/uploads\/2026\/02\/9220_-_Collare_Artis_Rosa_Infant.jpg","contentUrl":"https:\/\/meber2026.graphoservice.it\/wp-content\/uploads\/2026\/02\/9220_-_Collare_Artis_Rosa_Infant.jpg","width":780,"height":780},{"@type":"BreadcrumbList","@id":"https:\/\/meber2026.graphoservice.it\/es\/product\/artis-9220\/#breadcrumb","itemListElement":[{"@type":"ListItem","position":1,"name":"Home","item":"https:\/\/meber2026.graphoservice.it\/es\/"},{"@type":"ListItem","position":2,"name":"Artis 9220"}]},{"@type":"WebSite","@id":"https:\/\/meber2026.graphoservice.it\/es\/#website","url":"https:\/\/meber2026.graphoservice.it\/es\/","name":"Me.Ber.","description":"In Case of Emergerncy","potentialAction":[{"@type":"SearchAction","target":{"@type":"EntryPoint","urlTemplate":"https:\/\/meber2026.graphoservice.it\/es\/?s={search_term_string}"},"query-input":{"@type":"PropertyValueSpecification","valueRequired":true,"valueName":"search_term_string"}}],"inLanguage":"es"}]}</script>
<!-- / Yoast SEO plugin. -->

Collarín cervical rígido de 1 pieza fabricado en polietileno estampado de color para distinguir los diversos tamaños cubiertos con E.V.A. lavable fijado con remaches de plástico. Equipado con cierres de velcro ajustables y provisto de orificio central para eventual traqueotomía. Disponible en 6 diferentes tamaños.
