{"id":18330,"date":"2026-02-10T09:25:50","date_gmt":"2026-02-10T09:25:50","guid":{"rendered":"https:\/\/meber2026.graphoservice.it\/product\/artis-9234\/"},"modified":"2026-02-10T09:25:50","modified_gmt":"2026-02-10T09:25:50","slug":"artis-9234","status":"publish","type":"product","link":"https:\/\/meber2026.graphoservice.it\/es\/product\/artis-9234\/","title":{"rendered":"Artis 9234"},"content":{"rendered":"<div style=\"\">Collar\u00edn cervical r\u00edgido de 1 pieza fabricado en polietileno estampado de color para distinguir los diversos tama\u00f1os cubiertos con E.V.A. lavable fijado con remaches de pl\u00e1stico. Equipado con cierres de velcro ajustables y provisto de orificio central para eventual traqueotom\u00eda. Disponible en 6 diferentes tama\u00f1os.<br \/> ART. 9220 &#8211; 9224 &#8211; 9226 &#8211; 9228<\/div>\n","protected":false},"excerpt":{"rendered":"<p>Collar\u00edn cervical r\u00edgido de 1 pieza fabricado en polietileno estampado de color para distinguir los diversos tama\u00f1os cubiertos con E.V.A. lavable fijado con remaches de pl\u00e1stico. Equipado con cierres de velcro ajustables y provisto de orificio central para eventual traqueotom\u00eda. Disponible en 6 diferentes tama\u00f1os. ART. 9220 &#8211; 9224 &#8211; 9226 &#8211; 9228<\/p>\n","protected":false},"author":1,"featured_media":14552,"parent":0,"menu_order":50006000,"template":"","meta":{"_acf_changed":false,"footnotes":""},"application-tag":[84],"class_list":["post-18330","product","type-product","status-publish","has-post-thumbnail","hentry","application-tag-inmovilizacion"],"acf":[],"dsm_author":{"name":"admeb26","avatar_url":"https:\/\/meber2026.graphoservice.it\/wp-content\/plugins\/ultimate-member\/assets\/img\/default_avatar.jpg","archive_link":"https:\/\/meber2026.graphoservice.it\/es\/author\/admeb26\/","biodata":""},"dsm_categories":[],"dsm_attachment_categories":[],"dsm_featured_image":{"thumbnail":"https:\/\/meber2026.graphoservice.it\/wp-content\/uploads\/2026\/02\/9236_-_Set_collari_Artis_6pz_con_custodia_nuovo_logo-150x150.jpg","medium":"https:\/\/meber2026.graphoservice.it\/wp-content\/uploads\/2026\/02\/9236_-_Set_collari_Artis_6pz_con_custodia_nuovo_logo-300x88.jpg","medium_large":"https:\/\/meber2026.graphoservice.it\/wp-content\/uploads\/2026\/02\/9236_-_Set_collari_Artis_6pz_con_custodia_nuovo_logo-768x226.jpg","large":"https:\/\/meber2026.graphoservice.it\/wp-content\/uploads\/2026\/02\/9236_-_Set_collari_Artis_6pz_con_custodia_nuovo_logo.jpg","1536x1536":"https:\/\/meber2026.graphoservice.it\/wp-content\/uploads\/2026\/02\/9236_-_Set_collari_Artis_6pz_con_custodia_nuovo_logo.jpg","2048x2048":"https:\/\/meber2026.graphoservice.it\/wp-content\/uploads\/2026\/02\/9236_-_Set_collari_Artis_6pz_con_custodia_nuovo_logo.jpg","et-pb-post-main-image":"https:\/\/meber2026.graphoservice.it\/wp-content\/uploads\/2026\/02\/9236_-_Set_collari_Artis_6pz_con_custodia_nuovo_logo-400x230.jpg","et-pb-post-main-image-fullwidth":"https:\/\/meber2026.graphoservice.it\/wp-content\/uploads\/2026\/02\/9236_-_Set_collari_Artis_6pz_con_custodia_nuovo_logo.jpg","et-pb-portfolio-image":"https:\/\/meber2026.graphoservice.it\/wp-content\/uploads\/2026\/02\/9236_-_Set_collari_Artis_6pz_con_custodia_nuovo_logo-400x230.jpg","et-pb-portfolio-module-image":"https:\/\/meber2026.graphoservice.it\/wp-content\/uploads\/2026\/02\/9236_-_Set_collari_Artis_6pz_con_custodia_nuovo_logo-510x230.jpg","et-pb-portfolio-image-single":"https:\/\/meber2026.graphoservice.it\/wp-content\/uploads\/2026\/02\/9236_-_Set_collari_Artis_6pz_con_custodia_nuovo_logo.jpg","et-pb-gallery-module-image-portrait":"https:\/\/meber2026.graphoservice.it\/wp-content\/uploads\/2026\/02\/9236_-_Set_collari_Artis_6pz_con_custodia_nuovo_logo-400x230.jpg","et-pb-post-main-image-fullwidth-large":"https:\/\/meber2026.graphoservice.it\/wp-content\/uploads\/2026\/02\/9236_-_Set_collari_Artis_6pz_con_custodia_nuovo_logo.jpg","et-pb-image--responsive--desktop":"https:\/\/meber2026.graphoservice.it\/wp-content\/uploads\/2026\/02\/9236_-_Set_collari_Artis_6pz_con_custodia_nuovo_logo.jpg","et-pb-image--responsive--tablet":"https:\/\/meber2026.graphoservice.it\/wp-content\/uploads\/2026\/02\/9236_-_Set_collari_Artis_6pz_con_custodia_nuovo_logo.jpg","et-pb-image--responsive--phone":"https:\/\/meber2026.graphoservice.it\/wp-content\/uploads\/2026\/02\/9236_-_Set_collari_Artis_6pz_con_custodia_nuovo_logo-480x142.jpg","full":"https:\/\/meber2026.graphoservice.it\/wp-content\/uploads\/2026\/02\/9236_-_Set_collari_Artis_6pz_con_custodia_nuovo_logo.jpg"},"yoast_head":"<!-- This site is optimized with the Yoast SEO plugin v27.4 - https:\/\/yoast.com\/product\/yoast-seo-wordpress\/ -->\n<title>Artis 9234<\/title>\n<meta name=\"robots\" content=\"noindex, follow, max-snippet:-1, max-image-preview:large, max-video-preview:-1\" \/>\n<meta property=\"og:locale\" content=\"es_ES\" \/>\n<meta property=\"og:type\" content=\"article\" \/>\n<meta property=\"og:title\" content=\"Artis 9234\" \/>\n<meta property=\"og:description\" content=\"Collar\u00edn cervical r\u00edgido de 1 pieza fabricado en polietileno estampado de color para distinguir los diversos tama\u00f1os cubiertos con E.V.A. lavable fijado con remaches de pl\u00e1stico. Equipado con cierres de velcro ajustables y provisto de orificio central para eventual traqueotom\u00eda. Disponible en 6 diferentes tama\u00f1os. ART. 9220 &#8211; 9224 &#8211; 9226 &#8211; 9228\" \/>\n<meta property=\"og:url\" content=\"https:\/\/meber2026.graphoservice.it\/es\/product\/artis-9234\/\" \/>\n<meta property=\"og:site_name\" content=\"Me.Ber.\" \/>\n<meta name=\"twitter:card\" content=\"summary_large_image\" \/>\n<script type=\"application\/ld+json\" class=\"yoast-schema-graph\">{\"@context\":\"https:\\\/\\\/schema.org\",\"@graph\":[{\"@type\":\"WebPage\",\"@id\":\"https:\\\/\\\/meber2026.graphoservice.it\\\/es\\\/product\\\/artis-9234\\\/\",\"url\":\"https:\\\/\\\/meber2026.graphoservice.it\\\/es\\\/product\\\/artis-9234\\\/\",\"name\":\"Artis 9234\",\"isPartOf\":{\"@id\":\"https:\\\/\\\/meber2026.graphoservice.it\\\/es\\\/#website\"},\"primaryImageOfPage\":{\"@id\":\"https:\\\/\\\/meber2026.graphoservice.it\\\/es\\\/product\\\/artis-9234\\\/#primaryimage\"},\"image\":{\"@id\":\"https:\\\/\\\/meber2026.graphoservice.it\\\/es\\\/product\\\/artis-9234\\\/#primaryimage\"},\"thumbnailUrl\":\"https:\\\/\\\/meber2026.graphoservice.it\\\/wp-content\\\/uploads\\\/2026\\\/02\\\/9236_-_Set_collari_Artis_6pz_con_custodia_nuovo_logo.jpg\",\"datePublished\":\"2026-02-10T09:25:50+00:00\",\"breadcrumb\":{\"@id\":\"https:\\\/\\\/meber2026.graphoservice.it\\\/es\\\/product\\\/artis-9234\\\/#breadcrumb\"},\"inLanguage\":\"es\",\"potentialAction\":[{\"@type\":\"ReadAction\",\"target\":[\"https:\\\/\\\/meber2026.graphoservice.it\\\/es\\\/product\\\/artis-9234\\\/\"]}]},{\"@type\":\"ImageObject\",\"inLanguage\":\"es\",\"@id\":\"https:\\\/\\\/meber2026.graphoservice.it\\\/es\\\/product\\\/artis-9234\\\/#primaryimage\",\"url\":\"https:\\\/\\\/meber2026.graphoservice.it\\\/wp-content\\\/uploads\\\/2026\\\/02\\\/9236_-_Set_collari_Artis_6pz_con_custodia_nuovo_logo.jpg\",\"contentUrl\":\"https:\\\/\\\/meber2026.graphoservice.it\\\/wp-content\\\/uploads\\\/2026\\\/02\\\/9236_-_Set_collari_Artis_6pz_con_custodia_nuovo_logo.jpg\",\"width\":780,\"height\":230},{\"@type\":\"BreadcrumbList\",\"@id\":\"https:\\\/\\\/meber2026.graphoservice.it\\\/es\\\/product\\\/artis-9234\\\/#breadcrumb\",\"itemListElement\":[{\"@type\":\"ListItem\",\"position\":1,\"name\":\"Home\",\"item\":\"https:\\\/\\\/meber2026.graphoservice.it\\\/es\\\/\"},{\"@type\":\"ListItem\",\"position\":2,\"name\":\"Artis 9234\"}]},{\"@type\":\"WebSite\",\"@id\":\"https:\\\/\\\/meber2026.graphoservice.it\\\/es\\\/#website\",\"url\":\"https:\\\/\\\/meber2026.graphoservice.it\\\/es\\\/\",\"name\":\"Me.Ber.\",\"description\":\"In Case of Emergerncy\",\"potentialAction\":[{\"@type\":\"SearchAction\",\"target\":{\"@type\":\"EntryPoint\",\"urlTemplate\":\"https:\\\/\\\/meber2026.graphoservice.it\\\/es\\\/?s={search_term_string}\"},\"query-input\":{\"@type\":\"PropertyValueSpecification\",\"valueRequired\":true,\"valueName\":\"search_term_string\"}}],\"inLanguage\":\"es\"}]}<\/script>\n<!-- \/ Yoast SEO plugin. -->","yoast_head_json":{"title":"Artis 9234","robots":{"index":"noindex","follow":"follow","max-snippet":"max-snippet:-1","max-image-preview":"max-image-preview:large","max-video-preview":"max-video-preview:-1"},"og_locale":"es_ES","og_type":"article","og_title":"Artis 9234","og_description":"Collar\u00edn cervical r\u00edgido de 1 pieza fabricado en polietileno estampado de color para distinguir los diversos tama\u00f1os cubiertos con E.V.A. lavable fijado con remaches de pl\u00e1stico. Equipado con cierres de velcro ajustables y provisto de orificio central para eventual traqueotom\u00eda. Disponible en 6 diferentes tama\u00f1os. ART. 9220 &#8211; 9224 &#8211; 9226 &#8211; 9228","og_url":"https:\/\/meber2026.graphoservice.it\/es\/product\/artis-9234\/","og_site_name":"Me.Ber.","twitter_card":"summary_large_image","schema":{"@context":"https:\/\/schema.org","@graph":[{"@type":"WebPage","@id":"https:\/\/meber2026.graphoservice.it\/es\/product\/artis-9234\/","url":"https:\/\/meber2026.graphoservice.it\/es\/product\/artis-9234\/","name":"Artis 9234","isPartOf":{"@id":"https:\/\/meber2026.graphoservice.it\/es\/#website"},"primaryImageOfPage":{"@id":"https:\/\/meber2026.graphoservice.it\/es\/product\/artis-9234\/#primaryimage"},"image":{"@id":"https:\/\/meber2026.graphoservice.it\/es\/product\/artis-9234\/#primaryimage"},"thumbnailUrl":"https:\/\/meber2026.graphoservice.it\/wp-content\/uploads\/2026\/02\/9236_-_Set_collari_Artis_6pz_con_custodia_nuovo_logo.jpg","datePublished":"2026-02-10T09:25:50+00:00","breadcrumb":{"@id":"https:\/\/meber2026.graphoservice.it\/es\/product\/artis-9234\/#breadcrumb"},"inLanguage":"es","potentialAction":[{"@type":"ReadAction","target":["https:\/\/meber2026.graphoservice.it\/es\/product\/artis-9234\/"]}]},{"@type":"ImageObject","inLanguage":"es","@id":"https:\/\/meber2026.graphoservice.it\/es\/product\/artis-9234\/#primaryimage","url":"https:\/\/meber2026.graphoservice.it\/wp-content\/uploads\/2026\/02\/9236_-_Set_collari_Artis_6pz_con_custodia_nuovo_logo.jpg","contentUrl":"https:\/\/meber2026.graphoservice.it\/wp-content\/uploads\/2026\/02\/9236_-_Set_collari_Artis_6pz_con_custodia_nuovo_logo.jpg","width":780,"height":230},{"@type":"BreadcrumbList","@id":"https:\/\/meber2026.graphoservice.it\/es\/product\/artis-9234\/#breadcrumb","itemListElement":[{"@type":"ListItem","position":1,"name":"Home","item":"https:\/\/meber2026.graphoservice.it\/es\/"},{"@type":"ListItem","position":2,"name":"Artis 9234"}]},{"@type":"WebSite","@id":"https:\/\/meber2026.graphoservice.it\/es\/#website","url":"https:\/\/meber2026.graphoservice.it\/es\/","name":"Me.Ber.","description":"In Case of Emergerncy","potentialAction":[{"@type":"SearchAction","target":{"@type":"EntryPoint","urlTemplate":"https:\/\/meber2026.graphoservice.it\/es\/?s={search_term_string}"},"query-input":{"@type":"PropertyValueSpecification","valueRequired":true,"valueName":"search_term_string"}}],"inLanguage":"es"}]}},"_links":{"self":[{"href":"https:\/\/meber2026.graphoservice.it\/es\/wp-json\/wp\/v2\/product\/18330","targetHints":{"allow":["GET"]}}],"collection":[{"href":"https:\/\/meber2026.graphoservice.it\/es\/wp-json\/wp\/v2\/product"}],"about":[{"href":"https:\/\/meber2026.graphoservice.it\/es\/wp-json\/wp\/v2\/types\/product"}],"author":[{"embeddable":true,"href":"https:\/\/meber2026.graphoservice.it\/es\/wp-json\/wp\/v2\/users\/1"}],"version-history":[{"count":0,"href":"https:\/\/meber2026.graphoservice.it\/es\/wp-json\/wp\/v2\/product\/18330\/revisions"}],"wp:featuredmedia":[{"embeddable":true,"href":"https:\/\/meber2026.graphoservice.it\/es\/wp-json\/wp\/v2\/media\/14552"}],"wp:attachment":[{"href":"https:\/\/meber2026.graphoservice.it\/es\/wp-json\/wp\/v2\/media?parent=18330"}],"wp:term":[{"taxonomy":"application-tag","embeddable":true,"href":"https:\/\/meber2026.graphoservice.it\/es\/wp-json\/wp\/v2\/application-tag?post=18330"}],"curies":[{"name":"wp","href":"https:\/\/api.w.org\/{rel}","templated":true}]}}

<div style="">Collarín cervical rígido de 1 pieza fabricado en polietileno estampado de color para distinguir los diversos tamaños cubiertos con E.V.A. lavable fijado con remaches de plástico. Equipado con cierres de velcro ajustables y provisto de orificio central para eventual traqueotomía. Disponible en 6 diferentes tamaños.<br /> ART. 9220 &#8211; 9224 &#8211; 9226 &#8211; 9228</div>

<p>Collarín cervical rígido de 1 pieza fabricado en polietileno estampado de color para distinguir los diversos tamaños cubiertos con E.V.A. lavable fijado con remaches de plástico. Equipado con cierres de velcro ajustables y provisto de orificio central para eventual traqueotomía. Disponible en 6 diferentes tamaños. ART. 9220 &#8211; 9224 &#8211; 9226 &#8211; 9228</p>

<!-- This site is optimized with the Yoast SEO plugin v27.4 - https://yoast.com/product/yoast-seo-wordpress/ -->
<title>Artis 9234</title>
<meta name="robots" content="noindex, follow, max-snippet:-1, max-image-preview:large, max-video-preview:-1" />
<meta property="og:locale" content="es_ES" />
<meta property="og:type" content="article" />
<meta property="og:title" content="Artis 9234" />
<meta property="og:description" content="Collarín cervical rígido de 1 pieza fabricado en polietileno estampado de color para distinguir los diversos tamaños cubiertos con E.V.A. lavable fijado con remaches de plástico. Equipado con cierres de velcro ajustables y provisto de orificio central para eventual traqueotomía. Disponible en 6 diferentes tamaños. ART. 9220 &#8211; 9224 &#8211; 9226 &#8211; 9228" />
<meta property="og:url" content="https://meber2026.graphoservice.it/es/product/artis-9234/" />
<meta property="og:site_name" content="Me.Ber." />
<meta name="twitter:card" content="summary_large_image" />
<script type="application/ld+json" class="yoast-schema-graph">{"@context":"https:\/\/schema.org","@graph":[{"@type":"WebPage","@id":"https:\/\/meber2026.graphoservice.it\/es\/product\/artis-9234\/","url":"https:\/\/meber2026.graphoservice.it\/es\/product\/artis-9234\/","name":"Artis 9234","isPartOf":{"@id":"https:\/\/meber2026.graphoservice.it\/es\/#website"},"primaryImageOfPage":{"@id":"https:\/\/meber2026.graphoservice.it\/es\/product\/artis-9234\/#primaryimage"},"image":{"@id":"https:\/\/meber2026.graphoservice.it\/es\/product\/artis-9234\/#primaryimage"},"thumbnailUrl":"https:\/\/meber2026.graphoservice.it\/wp-content\/uploads\/2026\/02\/9236_-_Set_collari_Artis_6pz_con_custodia_nuovo_logo.jpg","datePublished":"2026-02-10T09:25:50+00:00","breadcrumb":{"@id":"https:\/\/meber2026.graphoservice.it\/es\/product\/artis-9234\/#breadcrumb"},"inLanguage":"es","potentialAction":[{"@type":"ReadAction","target":["https:\/\/meber2026.graphoservice.it\/es\/product\/artis-9234\/"]}]},{"@type":"ImageObject","inLanguage":"es","@id":"https:\/\/meber2026.graphoservice.it\/es\/product\/artis-9234\/#primaryimage","url":"https:\/\/meber2026.graphoservice.it\/wp-content\/uploads\/2026\/02\/9236_-_Set_collari_Artis_6pz_con_custodia_nuovo_logo.jpg","contentUrl":"https:\/\/meber2026.graphoservice.it\/wp-content\/uploads\/2026\/02\/9236_-_Set_collari_Artis_6pz_con_custodia_nuovo_logo.jpg","width":780,"height":230},{"@type":"BreadcrumbList","@id":"https:\/\/meber2026.graphoservice.it\/es\/product\/artis-9234\/#breadcrumb","itemListElement":[{"@type":"ListItem","position":1,"name":"Home","item":"https:\/\/meber2026.graphoservice.it\/es\/"},{"@type":"ListItem","position":2,"name":"Artis 9234"}]},{"@type":"WebSite","@id":"https:\/\/meber2026.graphoservice.it\/es\/#website","url":"https:\/\/meber2026.graphoservice.it\/es\/","name":"Me.Ber.","description":"In Case of Emergerncy","potentialAction":[{"@type":"SearchAction","target":{"@type":"EntryPoint","urlTemplate":"https:\/\/meber2026.graphoservice.it\/es\/?s={search_term_string}"},"query-input":{"@type":"PropertyValueSpecification","valueRequired":true,"valueName":"search_term_string"}}],"inLanguage":"es"}]}</script>
<!-- / Yoast SEO plugin. -->

Collarín cervical rígido de 1 pieza fabricado en polietileno estampado de color para distinguir los diversos tamaños cubiertos con E.V.A. lavable fijado con remaches de plástico. Equipado con cierres de velcro ajustables y provisto de orificio central para eventual traqueotomía. Disponible en 6 diferentes tamaños. ART. 9220 &#8211; 9224 &#8211; 9226 &#8211; 9228
