{"id":17765,"date":"2026-02-10T09:24:58","date_gmt":"2026-02-10T09:24:58","guid":{"rendered":"https:\/\/meber2026.graphoservice.it\/product\/camilla-de-rescate-638\/"},"modified":"2026-02-10T09:24:58","modified_gmt":"2026-02-10T09:24:58","slug":"camilla-de-rescate-638","status":"publish","type":"product","link":"https:\/\/meber2026.graphoservice.it\/es\/product\/camilla-de-rescate-638\/","title":{"rendered":"Camilla de rescate 638"},"content":{"rendered":"<div style=\"\"><span style=\"font-size: small;\">Gracias a sus particulares caracter\u00edsticas, la camilla de rescate art. 638 es adecuada para usos auxiliares como camilla secundaria dentro de la ambulancia. <\/span><\/div>\n<ul>\n<li style=\"\"><span style=\"font-size: small;\"><span style=\"font-family: Arial;\">Respaldo ajustable accionado por un resorte de gas, seguro y bloqueable en cualquier posici\u00f3n.<\/span><\/span><\/li>\n<li style=\"\"><span style=\"font-size: small;\">Marco de aluminio ligero y resistente.<\/span><\/li>\n<li style=\"\"><span style=\"font-size: small;\">Bolsa con dos cinturones de liberaci\u00f3n r\u00e1pida para la inmovilizaci\u00f3n del paciente. (art. 604\/MEB)<\/span><\/li>\n<li style=\"\"><span style=\"font-size: small;\">Plegable en dos para facilitar la colocaci\u00f3n.<\/span><\/li>\n<li style=\"\"><span style=\"font-size: small;\">Ruedas y pies desplazados hacia adentro para reducir las dimensiones de apoyo.<\/span><\/li>\n<li style=\"\"><span style=\"font-size: small;\">Lona de color naranja en nylon recubierto de PVC ign\u00edfugo, impermeable y resistente a la rotura, f\u00e1cil de limpiar.<\/span><\/li>\n<\/ul>\n","protected":false},"excerpt":{"rendered":"<p>Gracias a sus particulares caracter\u00edsticas, la camilla de rescate art. 638 es adecuada para usos auxiliares como camilla secundaria dentro de la ambulancia. Respaldo ajustable accionado por un resorte de gas, seguro y bloqueable en cualquier posici\u00f3n. Marco de aluminio ligero y resistente. Bolsa con dos cinturones de liberaci\u00f3n r\u00e1pida para la inmovilizaci\u00f3n del paciente. [&hellip;]<\/p>\n","protected":false},"author":1,"featured_media":13632,"parent":0,"menu_order":10001300,"template":"","meta":{"_acf_changed":false,"footnotes":""},"application-tag":[],"class_list":["post-17765","product","type-product","status-publish","has-post-thumbnail","hentry"],"acf":[],"dsm_author":{"name":"admeb26","avatar_url":"https:\/\/meber2026.graphoservice.it\/wp-content\/plugins\/ultimate-member\/assets\/img\/default_avatar.jpg","archive_link":"https:\/\/meber2026.graphoservice.it\/es\/author\/admeb26\/","biodata":""},"dsm_categories":[],"dsm_attachment_categories":[],"dsm_featured_image":{"thumbnail":"https:\/\/meber2026.graphoservice.it\/wp-content\/uploads\/2026\/02\/638_agg1-150x150.jpg","medium":"https:\/\/meber2026.graphoservice.it\/wp-content\/uploads\/2026\/02\/638_agg1-300x147.jpg","medium_large":"https:\/\/meber2026.graphoservice.it\/wp-content\/uploads\/2026\/02\/638_agg1-768x375.jpg","large":"https:\/\/meber2026.graphoservice.it\/wp-content\/uploads\/2026\/02\/638_agg1.jpg","1536x1536":"https:\/\/meber2026.graphoservice.it\/wp-content\/uploads\/2026\/02\/638_agg1.jpg","2048x2048":"https:\/\/meber2026.graphoservice.it\/wp-content\/uploads\/2026\/02\/638_agg1.jpg","et-pb-post-main-image":"https:\/\/meber2026.graphoservice.it\/wp-content\/uploads\/2026\/02\/638_agg1-400x250.jpg","et-pb-post-main-image-fullwidth":"https:\/\/meber2026.graphoservice.it\/wp-content\/uploads\/2026\/02\/638_agg1.jpg","et-pb-portfolio-image":"https:\/\/meber2026.graphoservice.it\/wp-content\/uploads\/2026\/02\/638_agg1-400x284.jpg","et-pb-portfolio-module-image":"https:\/\/meber2026.graphoservice.it\/wp-content\/uploads\/2026\/02\/638_agg1-510x381.jpg","et-pb-portfolio-image-single":"https:\/\/meber2026.graphoservice.it\/wp-content\/uploads\/2026\/02\/638_agg1.jpg","et-pb-gallery-module-image-portrait":"https:\/\/meber2026.graphoservice.it\/wp-content\/uploads\/2026\/02\/638_agg1-400x381.jpg","et-pb-post-main-image-fullwidth-large":"https:\/\/meber2026.graphoservice.it\/wp-content\/uploads\/2026\/02\/638_agg1.jpg","et-pb-image--responsive--desktop":"https:\/\/meber2026.graphoservice.it\/wp-content\/uploads\/2026\/02\/638_agg1.jpg","et-pb-image--responsive--tablet":"https:\/\/meber2026.graphoservice.it\/wp-content\/uploads\/2026\/02\/638_agg1.jpg","et-pb-image--responsive--phone":"https:\/\/meber2026.graphoservice.it\/wp-content\/uploads\/2026\/02\/638_agg1-480x234.jpg","full":"https:\/\/meber2026.graphoservice.it\/wp-content\/uploads\/2026\/02\/638_agg1.jpg"},"yoast_head":"<!-- This site is optimized with the Yoast SEO plugin v27.4 - https:\/\/yoast.com\/product\/yoast-seo-wordpress\/ -->\n<title>Camilla de rescate plegable con respaldo 638 Meber<\/title>\n<meta name=\"description\" content=\"La a camilla de rescate art. 638 es adecuada para usos auxiliares como camilla secundaria dentro de la ambulancia.\" \/>\n<meta name=\"robots\" content=\"noindex, follow, max-snippet:-1, max-image-preview:large, max-video-preview:-1\" \/>\n<meta property=\"og:locale\" content=\"es_ES\" \/>\n<meta property=\"og:type\" content=\"article\" \/>\n<meta property=\"og:title\" content=\"Camilla de rescate plegable con respaldo 638 Meber\" \/>\n<meta property=\"og:description\" content=\"La a camilla de rescate art. 638 es adecuada para usos auxiliares como camilla secundaria dentro de la ambulancia.\" \/>\n<meta property=\"og:url\" content=\"https:\/\/meber2026.graphoservice.it\/es\/product\/camilla-de-rescate-638\/\" \/>\n<meta property=\"og:site_name\" content=\"Me.Ber.\" \/>\n<meta name=\"twitter:card\" content=\"summary_large_image\" \/>\n<meta name=\"twitter:label1\" content=\"Tiempo de lectura\" \/>\n\t<meta name=\"twitter:data1\" content=\"1 minuto\" \/>\n<script type=\"application\/ld+json\" class=\"yoast-schema-graph\">{\"@context\":\"https:\\\/\\\/schema.org\",\"@graph\":[{\"@type\":\"WebPage\",\"@id\":\"https:\\\/\\\/meber2026.graphoservice.it\\\/es\\\/product\\\/camilla-de-rescate-638\\\/\",\"url\":\"https:\\\/\\\/meber2026.graphoservice.it\\\/es\\\/product\\\/camilla-de-rescate-638\\\/\",\"name\":\"Camilla de rescate plegable con respaldo 638 Meber\",\"isPartOf\":{\"@id\":\"https:\\\/\\\/meber2026.graphoservice.it\\\/es\\\/#website\"},\"primaryImageOfPage\":{\"@id\":\"https:\\\/\\\/meber2026.graphoservice.it\\\/es\\\/product\\\/camilla-de-rescate-638\\\/#primaryimage\"},\"image\":{\"@id\":\"https:\\\/\\\/meber2026.graphoservice.it\\\/es\\\/product\\\/camilla-de-rescate-638\\\/#primaryimage\"},\"thumbnailUrl\":\"https:\\\/\\\/meber2026.graphoservice.it\\\/wp-content\\\/uploads\\\/2026\\\/02\\\/638_agg1.jpg\",\"datePublished\":\"2026-02-10T09:24:58+00:00\",\"description\":\"La a camilla de rescate art. 638 es adecuada para usos auxiliares como camilla secundaria dentro de la ambulancia.\",\"breadcrumb\":{\"@id\":\"https:\\\/\\\/meber2026.graphoservice.it\\\/es\\\/product\\\/camilla-de-rescate-638\\\/#breadcrumb\"},\"inLanguage\":\"es\",\"potentialAction\":[{\"@type\":\"ReadAction\",\"target\":[\"https:\\\/\\\/meber2026.graphoservice.it\\\/es\\\/product\\\/camilla-de-rescate-638\\\/\"]}]},{\"@type\":\"ImageObject\",\"inLanguage\":\"es\",\"@id\":\"https:\\\/\\\/meber2026.graphoservice.it\\\/es\\\/product\\\/camilla-de-rescate-638\\\/#primaryimage\",\"url\":\"https:\\\/\\\/meber2026.graphoservice.it\\\/wp-content\\\/uploads\\\/2026\\\/02\\\/638_agg1.jpg\",\"contentUrl\":\"https:\\\/\\\/meber2026.graphoservice.it\\\/wp-content\\\/uploads\\\/2026\\\/02\\\/638_agg1.jpg\",\"width\":780,\"height\":381},{\"@type\":\"BreadcrumbList\",\"@id\":\"https:\\\/\\\/meber2026.graphoservice.it\\\/es\\\/product\\\/camilla-de-rescate-638\\\/#breadcrumb\",\"itemListElement\":[{\"@type\":\"ListItem\",\"position\":1,\"name\":\"Home\",\"item\":\"https:\\\/\\\/meber2026.graphoservice.it\\\/es\\\/\"},{\"@type\":\"ListItem\",\"position\":2,\"name\":\"Camilla de rescate 638\"}]},{\"@type\":\"WebSite\",\"@id\":\"https:\\\/\\\/meber2026.graphoservice.it\\\/es\\\/#website\",\"url\":\"https:\\\/\\\/meber2026.graphoservice.it\\\/es\\\/\",\"name\":\"Me.Ber.\",\"description\":\"In Case of Emergerncy\",\"potentialAction\":[{\"@type\":\"SearchAction\",\"target\":{\"@type\":\"EntryPoint\",\"urlTemplate\":\"https:\\\/\\\/meber2026.graphoservice.it\\\/es\\\/?s={search_term_string}\"},\"query-input\":{\"@type\":\"PropertyValueSpecification\",\"valueRequired\":true,\"valueName\":\"search_term_string\"}}],\"inLanguage\":\"es\"}]}<\/script>\n<!-- \/ Yoast SEO plugin. -->","yoast_head_json":{"title":"Camilla de rescate plegable con respaldo 638 Meber","description":"La a camilla de rescate art. 638 es adecuada para usos auxiliares como camilla secundaria dentro de la ambulancia.","robots":{"index":"noindex","follow":"follow","max-snippet":"max-snippet:-1","max-image-preview":"max-image-preview:large","max-video-preview":"max-video-preview:-1"},"og_locale":"es_ES","og_type":"article","og_title":"Camilla de rescate plegable con respaldo 638 Meber","og_description":"La a camilla de rescate art. 638 es adecuada para usos auxiliares como camilla secundaria dentro de la ambulancia.","og_url":"https:\/\/meber2026.graphoservice.it\/es\/product\/camilla-de-rescate-638\/","og_site_name":"Me.Ber.","twitter_card":"summary_large_image","twitter_misc":{"Tiempo de lectura":"1 minuto"},"schema":{"@context":"https:\/\/schema.org","@graph":[{"@type":"WebPage","@id":"https:\/\/meber2026.graphoservice.it\/es\/product\/camilla-de-rescate-638\/","url":"https:\/\/meber2026.graphoservice.it\/es\/product\/camilla-de-rescate-638\/","name":"Camilla de rescate plegable con respaldo 638 Meber","isPartOf":{"@id":"https:\/\/meber2026.graphoservice.it\/es\/#website"},"primaryImageOfPage":{"@id":"https:\/\/meber2026.graphoservice.it\/es\/product\/camilla-de-rescate-638\/#primaryimage"},"image":{"@id":"https:\/\/meber2026.graphoservice.it\/es\/product\/camilla-de-rescate-638\/#primaryimage"},"thumbnailUrl":"https:\/\/meber2026.graphoservice.it\/wp-content\/uploads\/2026\/02\/638_agg1.jpg","datePublished":"2026-02-10T09:24:58+00:00","description":"La a camilla de rescate art. 638 es adecuada para usos auxiliares como camilla secundaria dentro de la ambulancia.","breadcrumb":{"@id":"https:\/\/meber2026.graphoservice.it\/es\/product\/camilla-de-rescate-638\/#breadcrumb"},"inLanguage":"es","potentialAction":[{"@type":"ReadAction","target":["https:\/\/meber2026.graphoservice.it\/es\/product\/camilla-de-rescate-638\/"]}]},{"@type":"ImageObject","inLanguage":"es","@id":"https:\/\/meber2026.graphoservice.it\/es\/product\/camilla-de-rescate-638\/#primaryimage","url":"https:\/\/meber2026.graphoservice.it\/wp-content\/uploads\/2026\/02\/638_agg1.jpg","contentUrl":"https:\/\/meber2026.graphoservice.it\/wp-content\/uploads\/2026\/02\/638_agg1.jpg","width":780,"height":381},{"@type":"BreadcrumbList","@id":"https:\/\/meber2026.graphoservice.it\/es\/product\/camilla-de-rescate-638\/#breadcrumb","itemListElement":[{"@type":"ListItem","position":1,"name":"Home","item":"https:\/\/meber2026.graphoservice.it\/es\/"},{"@type":"ListItem","position":2,"name":"Camilla de rescate 638"}]},{"@type":"WebSite","@id":"https:\/\/meber2026.graphoservice.it\/es\/#website","url":"https:\/\/meber2026.graphoservice.it\/es\/","name":"Me.Ber.","description":"In Case of Emergerncy","potentialAction":[{"@type":"SearchAction","target":{"@type":"EntryPoint","urlTemplate":"https:\/\/meber2026.graphoservice.it\/es\/?s={search_term_string}"},"query-input":{"@type":"PropertyValueSpecification","valueRequired":true,"valueName":"search_term_string"}}],"inLanguage":"es"}]}},"_links":{"self":[{"href":"https:\/\/meber2026.graphoservice.it\/es\/wp-json\/wp\/v2\/product\/17765","targetHints":{"allow":["GET"]}}],"collection":[{"href":"https:\/\/meber2026.graphoservice.it\/es\/wp-json\/wp\/v2\/product"}],"about":[{"href":"https:\/\/meber2026.graphoservice.it\/es\/wp-json\/wp\/v2\/types\/product"}],"author":[{"embeddable":true,"href":"https:\/\/meber2026.graphoservice.it\/es\/wp-json\/wp\/v2\/users\/1"}],"version-history":[{"count":0,"href":"https:\/\/meber2026.graphoservice.it\/es\/wp-json\/wp\/v2\/product\/17765\/revisions"}],"wp:featuredmedia":[{"embeddable":true,"href":"https:\/\/meber2026.graphoservice.it\/es\/wp-json\/wp\/v2\/media\/13632"}],"wp:attachment":[{"href":"https:\/\/meber2026.graphoservice.it\/es\/wp-json\/wp\/v2\/media?parent=17765"}],"wp:term":[{"taxonomy":"application-tag","embeddable":true,"href":"https:\/\/meber2026.graphoservice.it\/es\/wp-json\/wp\/v2\/application-tag?post=17765"}],"curies":[{"name":"wp","href":"https:\/\/api.w.org\/{rel}","templated":true}]}}

<div style=""><span style="font-size: small;">Gracias a sus particulares características, la camilla de rescate art. 638 es adecuada para usos auxiliares como camilla secundaria dentro de la ambulancia. </span></div>
<ul>
<li style=""><span style="font-size: small;"><span style="font-family: Arial;">Respaldo ajustable accionado por un resorte de gas, seguro y bloqueable en cualquier posición.</span></span></li>
<li style=""><span style="font-size: small;">Marco de aluminio ligero y resistente.</span></li>
<li style=""><span style="font-size: small;">Bolsa con dos cinturones de liberación rápida para la inmovilización del paciente. (art. 604/MEB)</span></li>
<li style=""><span style="font-size: small;">Plegable en dos para facilitar la colocación.</span></li>
<li style=""><span style="font-size: small;">Ruedas y pies desplazados hacia adentro para reducir las dimensiones de apoyo.</span></li>
<li style=""><span style="font-size: small;">Lona de color naranja en nylon recubierto de PVC ignífugo, impermeable y resistente a la rotura, fácil de limpiar.</span></li>
</ul>

<p>Gracias a sus particulares características, la camilla de rescate art. 638 es adecuada para usos auxiliares como camilla secundaria dentro de la ambulancia. Respaldo ajustable accionado por un resorte de gas, seguro y bloqueable en cualquier posición. Marco de aluminio ligero y resistente. Bolsa con dos cinturones de liberación rápida para la inmovilización del paciente. [&hellip;]</p>
